{"id":31,"date":"2025-07-09T20:09:37","date_gmt":"2025-07-09T18:09:37","guid":{"rendered":"https:\/\/migracion.ffmm.mil.py\/armadaparaguaya\/?page_id=31"},"modified":"2025-07-09T20:58:23","modified_gmt":"2025-07-09T18:58:23","slug":"jefe-del-estado-mayor","status":"publish","type":"page","link":"https:\/\/ffmm.mil.py\/armadaparaguaya\/jefe-del-estado-mayor\/","title":{"rendered":"Jefe del Estado Mayor"},"content":{"rendered":"<div class=\"wp-block-image\">\n<figure class=\"aligncenter size-full\"><img fetchpriority=\"high\" decoding=\"async\" width=\"225\" height=\"300\" src=\"https:\/\/cimefor.mil.py\/armadaparaguaya\/wp-content\/uploads\/sites\/6\/2025\/07\/Captura-de-pantalla-2024-06-18-133936-225x300-1.png\" alt=\"\" class=\"wp-image-94\"\/><\/figure>\n<\/div>\n\n\n<h2 class=\"wp-block-heading has-text-align-center has-mitic-blue-color has-text-color has-link-color wp-elements-5d79ba9f71ca40ef6d62c747a8e0cca0\">VICEALMIRANTE CRISTHIAN JOS\u00c9 ROTELA VALDEZ<br>JEFE DEL ESTADO MAYOR<\/h2>\n\n\n\n<div style=\"height:50px\" aria-hidden=\"true\" class=\"wp-block-spacer\"><\/div>\n\n\n\n<p class=\"fs-5\"><strong><u>DATOS PERSONALES&nbsp;&nbsp;<\/u><\/strong>&nbsp; &nbsp; &nbsp; &nbsp;&nbsp;<\/p>\n\n\n\n<p class=\"fs-5\">Por Decreto N\u00b0 15.517 de fecha 16 de noviembre de 1992, es ascendido al grado<br>de Guardiamarina del arma Combatiente.<br>Por Orden General del Comando en Jefe N\u00b0 121 de fecha 06 de Junio de 2024, es nombrado como<br>Jefe Interino del Estado Mayor de la Armada.<\/p>\n\n\n\n<p class=\"fs-5\"><strong><u>T\u00cdTULOS ACAD\u00c9MICOS<\/u><\/strong><br>\u2013 Licenciado en Ciencias Militares<br>\u2013 M\u00e1ster en Operaciones Navales (concedido por la Escuela de Perfeccionamiento<br>de Oficiales de la Armada).<br>\u2013 Mag\u00edster en Planificaci\u00f3n, Administraci\u00f3n y Comando Naval (concedido por la<br>Escuela de Comando y Estado Mayor de la Armada).<br>\u2013 Mag\u00edster en Planificaci\u00f3n y Conducci\u00f3n Estrat\u00e9gica Nacional (otorgado por el<br>Instituto de Altos Estudios Estrat\u00e9gicos).<\/p>\n\n\n\n<p class=\"fs-5\"><strong><u>CURSOS DE CAPACITACI\u00d3N Y ACTUALIZACI\u00d3N<\/u><\/strong><br>\u2013 Viaje de Instrucci\u00f3n.<br>\u2013 Piloto Aviador Naval.<br>\u2013 Artiller\u00eda Antia\u00e9rea.<br>\u2013 Operaciones Especiales.<br>\u2013 Comando y Estado Mayor.<br>\u2013 Curso B\u00e1sico de Pilotaje de Aeronaves de ala Rotativa Uh-50.<br>\u2013 Protecci\u00f3n a los Buques e Instalaciones Portuarias (PBIP).<br>\u2013 Viaje de Instrucci\u00f3n.<br>\u2013 Seminario de Capacitaci\u00f3n sobre Derechos Humanos.<br>\u2013 Auditor del Sistema de Gesti\u00f3n de la Seguridad.<\/p>\n\n\n\n<p class=\"fs-5\"><strong><u>CARGOS RELEVANTES<\/u><\/strong><br>\u2013 Comandante de las Tropas del Cuartel General del COMAVAN.<br>\u2013 Jefe del Departamento de Inform\u00e1tica de la PGN.<br>\u2013 Comandante del p-07 \u00abTTE ROBLES\u00bb.<br>\u2013 Jefe de Estado Mayor del Comando de la Aviaci\u00f3n Naval.<br>\u2013 Comandante de la Escuela de Comando y Estado Mayor de la Armada.<br>\u2013 Comandante del \u00c1rea Naval y Prefecto de Zona del Este.<br>\u2013 Comandante del Comando de la Aviaci\u00f3n Naval.<br>\u2013 Comandante del Comando de Institutos Navales de Ense\u00f1anza.<\/p>\n\n\n\n<p class=\"fs-5\"><strong><u>MEDALLAS, DISTINTIVOS Y MENCIONES<\/u><\/strong><br>\u2013 Distintivo Curso B\u00e1sico Pilotaje Aeronave ala Rotativa Uh-50.<br>\u2013 Distintivo de Comando y Estado Mayor.<br>\u2013 Distintivo Tiempo de Servicio Prestados (2 Estrellas).<br>\u2013 Medalla de Honor al M\u00e9rito Acad\u00e9mico de la Armada.<br>\u2013 Medalla de Honor del Comando en Jefe.<br>\u2013 Medalla Honorifica y Distintivo Tiempo Servicio (3 Estrellas).<br>\u2013 Premio \u00abMarinha Do Brasil\u00bb (Brasil).<br>-Premio Armada Rep\u00fablica Oriental del Uruguay (Uruguay)-Distintivo \u00abCurso Magister en Planificacion y Conduccion Estrategica Nacional\u00bb.<\/p>\n\n\n\n<p><\/p>\n","protected":false},"excerpt":{"rendered":"<p>VICEALMIRANTE CRISTHIAN JOS\u00c9 ROTELA VALDEZJEFE DEL ESTADO MAYOR DATOS PERSONALES&nbsp;&nbsp;&nbsp; &nbsp; &nbsp; &nbsp;&nbsp; Por Decreto N\u00b0 15.517 de fecha 16 de noviembre de 1992, es ascendido al gradode Guardiamarina del arma Combatiente.Por Orden General del Comando en Jefe N\u00b0 121 de fecha 06 de Junio de 2024, es nombrado comoJefe Interino del Estado Mayor de [&hellip;]<\/p>\n","protected":false},"author":1,"featured_media":0,"parent":0,"menu_order":0,"comment_status":"closed","ping_status":"closed","template":"page-nosidebar.php","meta":{"footnotes":""},"class_list":["post-31","page","type-page","status-publish","hentry"],"_links":{"self":[{"href":"https:\/\/ffmm.mil.py\/armadaparaguaya\/wp-json\/wp\/v2\/pages\/31","targetHints":{"allow":["GET"]}}],"collection":[{"href":"https:\/\/ffmm.mil.py\/armadaparaguaya\/wp-json\/wp\/v2\/pages"}],"about":[{"href":"https:\/\/ffmm.mil.py\/armadaparaguaya\/wp-json\/wp\/v2\/types\/page"}],"author":[{"embeddable":true,"href":"https:\/\/ffmm.mil.py\/armadaparaguaya\/wp-json\/wp\/v2\/users\/1"}],"replies":[{"embeddable":true,"href":"https:\/\/ffmm.mil.py\/armadaparaguaya\/wp-json\/wp\/v2\/comments?post=31"}],"version-history":[{"count":5,"href":"https:\/\/ffmm.mil.py\/armadaparaguaya\/wp-json\/wp\/v2\/pages\/31\/revisions"}],"predecessor-version":[{"id":98,"href":"https:\/\/ffmm.mil.py\/armadaparaguaya\/wp-json\/wp\/v2\/pages\/31\/revisions\/98"}],"wp:attachment":[{"href":"https:\/\/ffmm.mil.py\/armadaparaguaya\/wp-json\/wp\/v2\/media?parent=31"}],"curies":[{"name":"wp","href":"https:\/\/api.w.org\/{rel}","templated":true}]}}

<div class="wp-block-image">
<figure class="aligncenter size-full"><img fetchpriority="high" decoding="async" width="225" height="300" src="https://cimefor.mil.py/armadaparaguaya/wp-content/uploads/sites/6/2025/07/Captura-de-pantalla-2024-06-18-133936-225x300-1.png" alt="" class="wp-image-94"/></figure>
</div>


<h2 class="wp-block-heading has-text-align-center has-mitic-blue-color has-text-color has-link-color wp-elements-5d79ba9f71ca40ef6d62c747a8e0cca0">VICEALMIRANTE CRISTHIAN JOSÉ ROTELA VALDEZ<br>JEFE DEL ESTADO MAYOR</h2>



<div style="height:50px" aria-hidden="true" class="wp-block-spacer"></div>



<p class="fs-5"><strong><u>DATOS PERSONALES&nbsp;&nbsp;</u></strong>&nbsp; &nbsp; &nbsp; &nbsp;&nbsp;</p>



<p class="fs-5">Por Decreto N° 15.517 de fecha 16 de noviembre de 1992, es ascendido al grado<br>de Guardiamarina del arma Combatiente.<br>Por Orden General del Comando en Jefe N° 121 de fecha 06 de Junio de 2024, es nombrado como<br>Jefe Interino del Estado Mayor de la Armada.</p>



<p class="fs-5"><strong><u>TÍTULOS ACADÉMICOS</u></strong><br>– Licenciado en Ciencias Militares<br>– Máster en Operaciones Navales (concedido por la Escuela de Perfeccionamiento<br>de Oficiales de la Armada).<br>– Magíster en Planificación, Administración y Comando Naval (concedido por la<br>Escuela de Comando y Estado Mayor de la Armada).<br>– Magíster en Planificación y Conducción Estratégica Nacional (otorgado por el<br>Instituto de Altos Estudios Estratégicos).</p>



<p class="fs-5"><strong><u>CURSOS DE CAPACITACIÓN Y ACTUALIZACIÓN</u></strong><br>– Viaje de Instrucción.<br>– Piloto Aviador Naval.<br>– Artillería Antiaérea.<br>– Operaciones Especiales.<br>– Comando y Estado Mayor.<br>– Curso Básico de Pilotaje de Aeronaves de ala Rotativa Uh-50.<br>– Protección a los Buques e Instalaciones Portuarias (PBIP).<br>– Viaje de Instrucción.<br>– Seminario de Capacitación sobre Derechos Humanos.<br>– Auditor del Sistema de Gestión de la Seguridad.</p>



<p class="fs-5"><strong><u>CARGOS RELEVANTES</u></strong><br>– Comandante de las Tropas del Cuartel General del COMAVAN.<br>– Jefe del Departamento de Informática de la PGN.<br>– Comandante del p-07 «TTE ROBLES».<br>– Jefe de Estado Mayor del Comando de la Aviación Naval.<br>– Comandante de la Escuela de Comando y Estado Mayor de la Armada.<br>– Comandante del Área Naval y Prefecto de Zona del Este.<br>– Comandante del Comando de la Aviación Naval.<br>– Comandante del Comando de Institutos Navales de Enseñanza.</p>



<p class="fs-5"><strong><u>MEDALLAS, DISTINTIVOS Y MENCIONES</u></strong><br>– Distintivo Curso Básico Pilotaje Aeronave ala Rotativa Uh-50.<br>– Distintivo de Comando y Estado Mayor.<br>– Distintivo Tiempo de Servicio Prestados (2 Estrellas).<br>– Medalla de Honor al Mérito Académico de la Armada.<br>– Medalla de Honor del Comando en Jefe.<br>– Medalla Honorifica y Distintivo Tiempo Servicio (3 Estrellas).<br>– Premio «Marinha Do Brasil» (Brasil).<br>-Premio Armada República Oriental del Uruguay (Uruguay)-Distintivo «Curso Magister en Planificacion y Conduccion Estrategica Nacional».</p>



<p></p>

<p>VICEALMIRANTE CRISTHIAN JOSÉ ROTELA VALDEZJEFE DEL ESTADO MAYOR DATOS PERSONALES&nbsp;&nbsp;&nbsp; &nbsp; &nbsp; &nbsp;&nbsp; Por Decreto N° 15.517 de fecha 16 de noviembre de 1992, es ascendido al gradode Guardiamarina del arma Combatiente.Por Orden General del Comando en Jefe N° 121 de fecha 06 de Junio de 2024, es nombrado comoJefe Interino del Estado Mayor de [&hellip;]</p>
