{"id":527,"date":"2025-07-10T20:53:26","date_gmt":"2025-07-10T18:53:26","guid":{"rendered":"https:\/\/migracion.ffmm.mil.py\/armadaparaguaya\/?page_id=527"},"modified":"2025-07-10T21:56:16","modified_gmt":"2025-07-10T19:56:16","slug":"comando-de-infanteria-de-marina","status":"publish","type":"page","link":"https:\/\/ffmm.mil.py\/armadaparaguaya\/comando-de-infanteria-de-marina\/","title":{"rendered":"COMANDO DE INFANTER\u00cdA DE MARINA"},"content":{"rendered":"\n<h3 class=\"wp-block-heading has-text-align-center has-mitic-blue-color has-text-color has-link-color wp-elements-3573f90b76ddaf484e81d0e6b7403542\">CONTRALMIRANTE WALTER FERNANDO DIAZ AGUILERA<br>COMANDANTE<\/h3>\n\n\n\n<p class=\"fs-5\"><strong><u>DATOSPERSONALES<\/u><\/strong><\/p>\n\n\n\n<p class=\"fs-5\">Naci\u00f3 en la ciudad de la Plata, Argentina, en fecha 28 de febrero de 1970,<br>casado con dos hijos.<br>Por Decreto N\u00b0 1.327 de fecha 29 de noviembre de 1993, ascendido al grado de<br>Guardiamarina del arma Combatiente.<br>Por Orden General del Comando en Jefe N\u00b0 120 de fecha 06 de Junio de 2024, es<br>nombrado como Comandante del Comando de Infanter\u00eda de Marina.<\/p>\n\n\n\n<p class=\"fs-5\"><strong><u>T\u00cdTULOS ACAD\u00c9MICOS<\/u><\/strong><\/p>\n\n\n\n<p class=\"fs-5\">\u2013 Licenciado en Ciencias Militares (concedido por la Academia Militar \u201cMcal<br>Francisco Solano L\u00f3pez\u201d).<br>\u2013 Mag\u00edster en Planificaci\u00f3n, Administraci\u00f3n y Comando Naval (concedido por la<br>Escuela de Comando y Estado Mayor de la Armada)<br>-.Magister en Planificaci\u00f3n y Conducci\u00f3n Estrat\u00e9gica Nacional<br>\u2013 Abogado.<\/p>\n\n\n\n<p class=\"fs-5\"><strong><u>CURSOS DE CAPACITACI\u00d3N Y ACTUALIZACI\u00d3N<\/u><\/strong><br>\u2013 Piloto Aviador Militar.<br>\u2013 Ingenieros Anfibios.<br>\u2013&nbsp;Seguridad de<br>vuelo (te\u00f3rico\/practico) para pilotos de helic\u00f3pteros<br>\u2013 Comando y Estado Mayor.<br>\u2013 Conferencia sobre Misi\u00f3n y Func. Centro Operaciones Ribere\u00f1as EE.UU.<br>\u2013 Desarrollo docente en poblaci\u00f3n, desarrollo y salud reproductiva.<br>\u2013 Licenciado en Ciencias Militares.<br>\u2013 Piloto instructor de helic\u00f3pteros UH -50&nbsp;&nbsp;&nbsp;&nbsp;&nbsp;&nbsp;&nbsp;&nbsp;&nbsp;&nbsp;&nbsp;&nbsp;&nbsp;&nbsp;&nbsp;&nbsp;&nbsp;&nbsp;&nbsp;&nbsp;&nbsp;&nbsp;&nbsp;&nbsp;&nbsp;<br>\u2013 Programa de Maestr\u00eda en Planificaci\u00f3n y Conducci\u00f3n Estrat\u00e9gica Nacional.<br>\u2013 Conferencia Naval Interamericana sobre operaciones de helic\u00f3pteros.<br>\u2013 Formaci\u00f3n de instructores \u00abmodelo OMI 6.09\u00bb&nbsp;&nbsp; &nbsp; &nbsp; &nbsp; &nbsp; &nbsp; &nbsp; &nbsp; &nbsp; &nbsp; &nbsp;&nbsp;.<\/p>\n\n\n\n<p class=\"fs-5\"><strong><u>CARGOS RELEVANTES<\/u><\/strong><br>\u2013 Jefe Navegaci\u00f3n y Comunicaci\u00f3n del Patrullero \u201cITAIPU\u201d<br>\u2013 Jefe de la Comisi\u00f3n Fiscalizadora y recepci\u00f3n de materiales de la Armada<br>(Helic\u00f3pteros H-501 \u2013 H-502).<br>\u2013 Comandante del ESAN 01 Instrucci\u00f3n del GAEN<br>\u2013 Jefe del Estado Mayor del Comando de la Aviaci\u00f3n Naval.<br>\u2013 Comandante del \u00c1rea Naval y Prefecto de zona Confluencia.<br>\u2013 Comandante de la Escuela de Formaci\u00f3n de Sub Oficiales de la Armada.<br>\u2013 Comandante del Grupo Aeronaval de Helic\u00f3pteros.<br>\u2013 Comandante del \u00c1rea Naval y Prefecto de zona del Este.<br>\u2013 Comandante del Comando de la Aviaci\u00f3n Naval.<br>\u2013 Director General Interino de la Direcci\u00f3n de Tecnolog\u00edas de la Informaci\u00f3n y<br>Comunicaci\u00f3n.<\/p>\n\n\n\n<p class=\"fs-5\"><strong><u>MEDALLAS,DISTINTIVOS Y MENCIONES<\/u><\/strong><br>\u2013 Distintivo de \u00abComando y Estado Mayor de la Armada\u00bb.<br>\u2013 Distintivo de Piloto Comandante de Helic\u00f3pteros UH \u2013 50.<br>\u2013 Medalla Honorifica y distintivo (2 estrellas).<br>\u2013 Distintivo de Piloto Instructor de Helic\u00f3pteros UH \u2013 50.<br>\u2013 Medalla Honorifica y distintivo tiempo de Servicio (20 a\u00f1os).<br>\u2013 Medalla de Honor de la Prefectura General Naval.<br>\u2013 Medalla de Honor de la Direcci\u00f3n del Material.<br>\u2013 Medalla de Honor del Comando de Infanter\u00eda de Marina<br>\u2013 Medalla de Honor del Comando de la Aviaci\u00f3n Naval.<br>\u2013 Medalla de Honor del Centro Financiero N\u00ba 3.<br>\u2013 Medalla de Honor de la Armada Paraguaya.<br>\u2013 Medalla de Honor del Comando de Apoyo de Combate.<br>\u2013 Medalla de Honor del Comando de Institutos Navales de Ense\u00f1anza.<br>\u2013 Medalla de Honor de la Direcci\u00f3n de Apoyo de Servicio.<\/p>\n\n\n\n<h3 class=\"wp-block-heading has-text-align-center fs-5 has-mitic-blue-color has-text-color has-link-color wp-elements-e30ff499c826c072a9d8c4242a49d34d\">MISI\u00d3N DEL COMANDO DE INFATERIA DE MARINA<\/h3>\n\n\n\n<p class=\"fs-5\">Conducir Unidades de Infanter\u00eda de Marina y de sus apoyos respectivos, prepararlas para la realizaci\u00f3n de operaciones militares fluviales, ribere\u00f1as y terrestres, ejercer la custodia y defensa de las \u00e1reas navales bajo su responsabilidad; cooperar en tareas de defensa civil y restablecimiento del orden interno, a fin de contribuir al cumplimiento de la misi\u00f3n de la Armada Paraguaya.<\/p>\n\n\n\n<p class=\"fs-5\">La visi\u00f3n estrat\u00e9gica del Comando de Infanter\u00eda de Marina, es constituirse en una instituci\u00f3n formalizada, instruida y moderna, con-sustanciada con los adelantos cient\u00edficos tecnol\u00f3gicos, dotada de recursos humanos altamente profesionalizados, para lograr la interacci\u00f3n de todos sus miembros, orientados a acrecentar la capacidad operativa a fin de garantizar y obtener resultados operacionales que permitan la defensa de los Intereses de la Naci\u00f3n.<\/p>\n\n\n\n<h3 class=\"wp-block-heading has-text-align-center has-mitic-blue-color has-text-color has-link-color wp-elements-77145def7382de2de38efe2731412c26\">HISTORIA<\/h3>\n\n\n\n<p class=\"fs-5\">La Infanter\u00eda de Marina remonta sus antecedentes a la Guerra contra la Triple Alianza, cuando en diciembre de 1864 fuerzas expedicionarias al mando del Cnel Vicente Barrios, desembarcan en los bajos del Fuerte Co\u00edmbra-Brasil, considerado la primera acci\u00f3n de desembarco en operaciones b\u00e9licas en el Paraguay independiente.<\/p>\n\n\n\n<p class=\"fs-5\">En febrero de 1869, el Mcal Francisco Solano L\u00f3pez ordena la constituci\u00f3n del Batall\u00f3n N\u00ba 1 de Marinos \u201cBogavantes\u201d.<\/p>\n\n\n\n<p class=\"fs-5\">En mayo de 1935, durante la Guerra del Chaco, por Orden General del Comando en Jefe del Ej\u00e9rcito en el Chaco, se constituye el Regimiento de Infanter\u00eda de Marina \u201cRiachuelo\u201d, a fin de guarnecer el sector norte del teatro de operaciones, con asiento en Bah\u00eda Negra.<\/p>\n\n\n\n<p class=\"fs-5\">Por Decreto Ley de la Organizaci\u00f3n General de las Fuerzas Armadas de la Naci\u00f3n, en setiembre de 1942, se establece como Unidad de Infanter\u00eda de Marina al Cuerpo de Defensa Fluvial, dependiente del Comando de la Armada, en mayo de 1.989 por Orden General del Comando en Jefe de las Fuerzas Armadas de la Naci\u00f3n, pasa a denominarse Comando de Infanter\u00eda de Marina.<\/p>\n\n\n\n<p class=\"fs-5\">La Infanter\u00eda de Marina a trav\u00e9s de sus unidades componentes de combate se encuentra constantemente en la b\u00fasqueda de la excelencia en el adiestramiento de sus miembros para el buen cumplimiento profesional de sus funciones, paralelamente a la Instrucci\u00f3n B\u00e1sica de Infanter\u00eda de Marina, y de los servicios operativos a los que est\u00e1 siendo asignado.<\/p>\n\n\n\n<div style=\"height:100px\" aria-hidden=\"true\" class=\"wp-block-spacer\"><\/div>\n\n\n\n<h2 class=\"wp-block-heading has-text-align-center has-mitic-blue-color has-text-color has-link-color wp-elements-50ce92a0a31d72a726988c59b5903077\">ORGANIGRAMA<\/h2>\n\n\n<div class=\"wp-block-image\">\n<figure class=\"aligncenter size-full\"><img fetchpriority=\"high\" decoding=\"async\" width=\"850\" height=\"428\" src=\"https:\/\/cimefor.mil.py\/armadaparaguaya\/wp-content\/uploads\/sites\/6\/2025\/07\/organi_comim.png\" alt=\"\" class=\"wp-image-528\" srcset=\"https:\/\/ffmm.mil.py\/armadaparaguaya\/wp-content\/uploads\/sites\/6\/2025\/07\/organi_comim.png 850w, https:\/\/ffmm.mil.py\/armadaparaguaya\/wp-content\/uploads\/sites\/6\/2025\/07\/organi_comim-300x151.png 300w, https:\/\/ffmm.mil.py\/armadaparaguaya\/wp-content\/uploads\/sites\/6\/2025\/07\/organi_comim-768x387.png 768w\" sizes=\"(max-width: 850px) 100vw, 850px\" \/><\/figure>\n<\/div>\n\n\n<div style=\"height:100px\" aria-hidden=\"true\" class=\"wp-block-spacer\"><\/div>\n\n\n\n<h3 class=\"wp-block-heading has-text-align-center has-mitic-blue-color has-text-color has-link-color wp-elements-a000ab9d0b385792a08c9bac6822e1dd\">CURSOS REALIZADOS<br>COMANDOS ANFIBIOS (COMANFI)<\/h3>\n\n\n<div class=\"wp-block-image\">\n<figure class=\"aligncenter size-full\"><img decoding=\"async\" width=\"300\" height=\"300\" src=\"https:\/\/cimefor.mil.py\/armadaparaguaya\/wp-content\/uploads\/sites\/6\/2025\/07\/comanfi-300x300-1.jpg\" alt=\"\" class=\"wp-image-529\" srcset=\"https:\/\/ffmm.mil.py\/armadaparaguaya\/wp-content\/uploads\/sites\/6\/2025\/07\/comanfi-300x300-1.jpg 300w, https:\/\/ffmm.mil.py\/armadaparaguaya\/wp-content\/uploads\/sites\/6\/2025\/07\/comanfi-300x300-1-150x150.jpg 150w\" sizes=\"(max-width: 300px) 100vw, 300px\" \/><\/figure>\n<\/div>\n\n\n<div style=\"height:100px\" aria-hidden=\"true\" class=\"wp-block-spacer\"><\/div>\n\n\n\n<h3 class=\"wp-block-heading has-text-align-center has-mitic-blue-color has-text-color has-link-color wp-elements-8f46dfe4760d213ee1bc2c13496114df\">CURSO AVANZADO DE INFANTERIA DE MARINA (CAVIM)<\/h3>\n\n\n<div class=\"wp-block-image\">\n<figure class=\"aligncenter size-full\"><img decoding=\"async\" width=\"300\" height=\"300\" src=\"https:\/\/cimefor.mil.py\/armadaparaguaya\/wp-content\/uploads\/sites\/6\/2025\/07\/cavim-300x300-1.jpg\" alt=\"\" class=\"wp-image-530\" srcset=\"https:\/\/ffmm.mil.py\/armadaparaguaya\/wp-content\/uploads\/sites\/6\/2025\/07\/cavim-300x300-1.jpg 300w, https:\/\/ffmm.mil.py\/armadaparaguaya\/wp-content\/uploads\/sites\/6\/2025\/07\/cavim-300x300-1-150x150.jpg 150w\" sizes=\"(max-width: 300px) 100vw, 300px\" \/><\/figure>\n<\/div>\n\n\n<div style=\"height:100px\" aria-hidden=\"true\" class=\"wp-block-spacer\"><\/div>\n\n\n\n<h3 class=\"wp-block-heading has-text-align-center has-mitic-blue-color has-text-color has-link-color wp-elements-58c34a9aa2c356fc7b389eb3cf99ecee\">CURSO DE NATACION DE COMBATE<\/h3>\n\n\n<div class=\"wp-block-image\">\n<figure class=\"aligncenter size-full\"><img loading=\"lazy\" decoding=\"async\" width=\"240\" height=\"283\" src=\"https:\/\/cimefor.mil.py\/armadaparaguaya\/wp-content\/uploads\/sites\/6\/2025\/07\/natac.png\" alt=\"\" class=\"wp-image-531\"\/><\/figure>\n<\/div>\n\n\n<p><\/p>\n","protected":false},"excerpt":{"rendered":"<p>CONTRALMIRANTE WALTER FERNANDO DIAZ AGUILERACOMANDANTE DATOSPERSONALES Naci\u00f3 en la ciudad de la Plata, Argentina, en fecha 28 de febrero de 1970,casado con dos hijos.Por Decreto N\u00b0 1.327 de fecha 29 de noviembre de 1993, ascendido al grado deGuardiamarina del arma Combatiente.Por Orden General del Comando en Jefe N\u00b0 120 de fecha 06 de Junio de [&hellip;]<\/p>\n","protected":false},"author":1,"featured_media":0,"parent":0,"menu_order":0,"comment_status":"closed","ping_status":"closed","template":"page-nosidebar.php","meta":{"footnotes":""},"class_list":["post-527","page","type-page","status-publish","hentry"],"_links":{"self":[{"href":"https:\/\/ffmm.mil.py\/armadaparaguaya\/wp-json\/wp\/v2\/pages\/527","targetHints":{"allow":["GET"]}}],"collection":[{"href":"https:\/\/ffmm.mil.py\/armadaparaguaya\/wp-json\/wp\/v2\/pages"}],"about":[{"href":"https:\/\/ffmm.mil.py\/armadaparaguaya\/wp-json\/wp\/v2\/types\/page"}],"author":[{"embeddable":true,"href":"https:\/\/ffmm.mil.py\/armadaparaguaya\/wp-json\/wp\/v2\/users\/1"}],"replies":[{"embeddable":true,"href":"https:\/\/ffmm.mil.py\/armadaparaguaya\/wp-json\/wp\/v2\/comments?post=527"}],"version-history":[{"count":1,"href":"https:\/\/ffmm.mil.py\/armadaparaguaya\/wp-json\/wp\/v2\/pages\/527\/revisions"}],"predecessor-version":[{"id":532,"href":"https:\/\/ffmm.mil.py\/armadaparaguaya\/wp-json\/wp\/v2\/pages\/527\/revisions\/532"}],"wp:attachment":[{"href":"https:\/\/ffmm.mil.py\/armadaparaguaya\/wp-json\/wp\/v2\/media?parent=527"}],"curies":[{"name":"wp","href":"https:\/\/api.w.org\/{rel}","templated":true}]}}

COMANDO DE INFANTERÍA DE MARINA

<h3 class="wp-block-heading has-text-align-center has-mitic-blue-color has-text-color has-link-color wp-elements-3573f90b76ddaf484e81d0e6b7403542">CONTRALMIRANTE WALTER FERNANDO DIAZ AGUILERA<br>COMANDANTE</h3>



<p class="fs-5"><strong><u>DATOSPERSONALES</u></strong></p>



<p class="fs-5">Nació en la ciudad de la Plata, Argentina, en fecha 28 de febrero de 1970,<br>casado con dos hijos.<br>Por Decreto N° 1.327 de fecha 29 de noviembre de 1993, ascendido al grado de<br>Guardiamarina del arma Combatiente.<br>Por Orden General del Comando en Jefe N° 120 de fecha 06 de Junio de 2024, es<br>nombrado como Comandante del Comando de Infantería de Marina.</p>



<p class="fs-5"><strong><u>TÍTULOS ACADÉMICOS</u></strong></p>



<p class="fs-5">– Licenciado en Ciencias Militares (concedido por la Academia Militar “Mcal<br>Francisco Solano López”).<br>– Magíster en Planificación, Administración y Comando Naval (concedido por la<br>Escuela de Comando y Estado Mayor de la Armada)<br>-.Magister en Planificación y Conducción Estratégica Nacional<br>– Abogado.</p>



<p class="fs-5"><strong><u>CURSOS DE CAPACITACIÓN Y ACTUALIZACIÓN</u></strong><br>– Piloto Aviador Militar.<br>– Ingenieros Anfibios.<br>–&nbsp;Seguridad de<br>vuelo (teórico/practico) para pilotos de helicópteros<br>– Comando y Estado Mayor.<br>– Conferencia sobre Misión y Func. Centro Operaciones Ribereñas EE.UU.<br>– Desarrollo docente en población, desarrollo y salud reproductiva.<br>– Licenciado en Ciencias Militares.<br>– Piloto instructor de helicópteros UH -50&nbsp;&nbsp;&nbsp;&nbsp;&nbsp;&nbsp;&nbsp;&nbsp;&nbsp;&nbsp;&nbsp;&nbsp;&nbsp;&nbsp;&nbsp;&nbsp;&nbsp;&nbsp;&nbsp;&nbsp;&nbsp;&nbsp;&nbsp;&nbsp;&nbsp;<br>– Programa de Maestría en Planificación y Conducción Estratégica Nacional.<br>– Conferencia Naval Interamericana sobre operaciones de helicópteros.<br>– Formación de instructores «modelo OMI 6.09»&nbsp;&nbsp; &nbsp; &nbsp; &nbsp; &nbsp; &nbsp; &nbsp; &nbsp; &nbsp; &nbsp; &nbsp;&nbsp;.</p>



<p class="fs-5"><strong><u>CARGOS RELEVANTES</u></strong><br>– Jefe Navegación y Comunicación del Patrullero “ITAIPU”<br>– Jefe de la Comisión Fiscalizadora y recepción de materiales de la Armada<br>(Helicópteros H-501 – H-502).<br>– Comandante del ESAN 01 Instrucción del GAEN<br>– Jefe del Estado Mayor del Comando de la Aviación Naval.<br>– Comandante del Área Naval y Prefecto de zona Confluencia.<br>– Comandante de la Escuela de Formación de Sub Oficiales de la Armada.<br>– Comandante del Grupo Aeronaval de Helicópteros.<br>– Comandante del Área Naval y Prefecto de zona del Este.<br>– Comandante del Comando de la Aviación Naval.<br>– Director General Interino de la Dirección de Tecnologías de la Información y<br>Comunicación.</p>



<p class="fs-5"><strong><u>MEDALLAS,DISTINTIVOS Y MENCIONES</u></strong><br>– Distintivo de «Comando y Estado Mayor de la Armada».<br>– Distintivo de Piloto Comandante de Helicópteros UH – 50.<br>– Medalla Honorifica y distintivo (2 estrellas).<br>– Distintivo de Piloto Instructor de Helicópteros UH – 50.<br>– Medalla Honorifica y distintivo tiempo de Servicio (20 años).<br>– Medalla de Honor de la Prefectura General Naval.<br>– Medalla de Honor de la Dirección del Material.<br>– Medalla de Honor del Comando de Infantería de Marina<br>– Medalla de Honor del Comando de la Aviación Naval.<br>– Medalla de Honor del Centro Financiero Nº 3.<br>– Medalla de Honor de la Armada Paraguaya.<br>– Medalla de Honor del Comando de Apoyo de Combate.<br>– Medalla de Honor del Comando de Institutos Navales de Enseñanza.<br>– Medalla de Honor de la Dirección de Apoyo de Servicio.</p>



<h3 class="wp-block-heading has-text-align-center fs-5 has-mitic-blue-color has-text-color has-link-color wp-elements-e30ff499c826c072a9d8c4242a49d34d">MISIÓN DEL COMANDO DE INFATERIA DE MARINA</h3>



<p class="fs-5">Conducir Unidades de Infantería de Marina y de sus apoyos respectivos, prepararlas para la realización de operaciones militares fluviales, ribereñas y terrestres, ejercer la custodia y defensa de las áreas navales bajo su responsabilidad; cooperar en tareas de defensa civil y restablecimiento del orden interno, a fin de contribuir al cumplimiento de la misión de la Armada Paraguaya.</p>



<p class="fs-5">La visión estratégica del Comando de Infantería de Marina, es constituirse en una institución formalizada, instruida y moderna, con-sustanciada con los adelantos científicos tecnológicos, dotada de recursos humanos altamente profesionalizados, para lograr la interacción de todos sus miembros, orientados a acrecentar la capacidad operativa a fin de garantizar y obtener resultados operacionales que permitan la defensa de los Intereses de la Nación.</p>



<h3 class="wp-block-heading has-text-align-center has-mitic-blue-color has-text-color has-link-color wp-elements-77145def7382de2de38efe2731412c26">HISTORIA</h3>



<p class="fs-5">La Infantería de Marina remonta sus antecedentes a la Guerra contra la Triple Alianza, cuando en diciembre de 1864 fuerzas expedicionarias al mando del Cnel Vicente Barrios, desembarcan en los bajos del Fuerte Coímbra-Brasil, considerado la primera acción de desembarco en operaciones bélicas en el Paraguay independiente.</p>



<p class="fs-5">En febrero de 1869, el Mcal Francisco Solano López ordena la constitución del Batallón Nº 1 de Marinos “Bogavantes”.</p>



<p class="fs-5">En mayo de 1935, durante la Guerra del Chaco, por Orden General del Comando en Jefe del Ejército en el Chaco, se constituye el Regimiento de Infantería de Marina “Riachuelo”, a fin de guarnecer el sector norte del teatro de operaciones, con asiento en Bahía Negra.</p>



<p class="fs-5">Por Decreto Ley de la Organización General de las Fuerzas Armadas de la Nación, en setiembre de 1942, se establece como Unidad de Infantería de Marina al Cuerpo de Defensa Fluvial, dependiente del Comando de la Armada, en mayo de 1.989 por Orden General del Comando en Jefe de las Fuerzas Armadas de la Nación, pasa a denominarse Comando de Infantería de Marina.</p>



<p class="fs-5">La Infantería de Marina a través de sus unidades componentes de combate se encuentra constantemente en la búsqueda de la excelencia en el adiestramiento de sus miembros para el buen cumplimiento profesional de sus funciones, paralelamente a la Instrucción Básica de Infantería de Marina, y de los servicios operativos a los que está siendo asignado.</p>



<div style="height:100px" aria-hidden="true" class="wp-block-spacer"></div>



<h2 class="wp-block-heading has-text-align-center has-mitic-blue-color has-text-color has-link-color wp-elements-50ce92a0a31d72a726988c59b5903077">ORGANIGRAMA</h2>


<div class="wp-block-image">
<figure class="aligncenter size-full"><img fetchpriority="high" decoding="async" width="850" height="428" src="https://cimefor.mil.py/armadaparaguaya/wp-content/uploads/sites/6/2025/07/organi_comim.png" alt="" class="wp-image-528" srcset="https://ffmm.mil.py/armadaparaguaya/wp-content/uploads/sites/6/2025/07/organi_comim.png 850w, https://ffmm.mil.py/armadaparaguaya/wp-content/uploads/sites/6/2025/07/organi_comim-300x151.png 300w, https://ffmm.mil.py/armadaparaguaya/wp-content/uploads/sites/6/2025/07/organi_comim-768x387.png 768w" sizes="(max-width: 850px) 100vw, 850px" /></figure>
</div>


<div style="height:100px" aria-hidden="true" class="wp-block-spacer"></div>



<h3 class="wp-block-heading has-text-align-center has-mitic-blue-color has-text-color has-link-color wp-elements-a000ab9d0b385792a08c9bac6822e1dd">CURSOS REALIZADOS<br>COMANDOS ANFIBIOS (COMANFI)</h3>


<div class="wp-block-image">
<figure class="aligncenter size-full"><img decoding="async" width="300" height="300" src="https://cimefor.mil.py/armadaparaguaya/wp-content/uploads/sites/6/2025/07/comanfi-300x300-1.jpg" alt="" class="wp-image-529" srcset="https://ffmm.mil.py/armadaparaguaya/wp-content/uploads/sites/6/2025/07/comanfi-300x300-1.jpg 300w, https://ffmm.mil.py/armadaparaguaya/wp-content/uploads/sites/6/2025/07/comanfi-300x300-1-150x150.jpg 150w" sizes="(max-width: 300px) 100vw, 300px" /></figure>
</div>


<div style="height:100px" aria-hidden="true" class="wp-block-spacer"></div>



<h3 class="wp-block-heading has-text-align-center has-mitic-blue-color has-text-color has-link-color wp-elements-8f46dfe4760d213ee1bc2c13496114df">CURSO AVANZADO DE INFANTERIA DE MARINA (CAVIM)</h3>


<div class="wp-block-image">
<figure class="aligncenter size-full"><img decoding="async" width="300" height="300" src="https://cimefor.mil.py/armadaparaguaya/wp-content/uploads/sites/6/2025/07/cavim-300x300-1.jpg" alt="" class="wp-image-530" srcset="https://ffmm.mil.py/armadaparaguaya/wp-content/uploads/sites/6/2025/07/cavim-300x300-1.jpg 300w, https://ffmm.mil.py/armadaparaguaya/wp-content/uploads/sites/6/2025/07/cavim-300x300-1-150x150.jpg 150w" sizes="(max-width: 300px) 100vw, 300px" /></figure>
</div>


<div style="height:100px" aria-hidden="true" class="wp-block-spacer"></div>



<h3 class="wp-block-heading has-text-align-center has-mitic-blue-color has-text-color has-link-color wp-elements-58c34a9aa2c356fc7b389eb3cf99ecee">CURSO DE NATACION DE COMBATE</h3>


<div class="wp-block-image">
<figure class="aligncenter size-full"><img loading="lazy" decoding="async" width="240" height="283" src="https://cimefor.mil.py/armadaparaguaya/wp-content/uploads/sites/6/2025/07/natac.png" alt="" class="wp-image-531"/></figure>
</div>


<p></p>

<p>CONTRALMIRANTE WALTER FERNANDO DIAZ AGUILERACOMANDANTE DATOSPERSONALES Nació en la ciudad de la Plata, Argentina, en fecha 28 de febrero de 1970,casado con dos hijos.Por Decreto N° 1.327 de fecha 29 de noviembre de 1993, ascendido al grado deGuardiamarina del arma Combatiente.Por Orden General del Comando en Jefe N° 120 de fecha 06 de Junio de [&hellip;]</p>
