{"id":533,"date":"2025-07-10T20:56:12","date_gmt":"2025-07-10T18:56:12","guid":{"rendered":"https:\/\/migracion.ffmm.mil.py\/armadaparaguaya\/?page_id=533"},"modified":"2025-07-10T21:56:12","modified_gmt":"2025-07-10T19:56:12","slug":"comando-de-aviacion-naval","status":"publish","type":"page","link":"https:\/\/ffmm.mil.py\/armadaparaguaya\/comando-de-aviacion-naval\/","title":{"rendered":"COMANDO DE AVIACI\u00d3N NAVAL"},"content":{"rendered":"\n<h3 class=\"wp-block-heading has-text-align-center has-mitic-blue-color has-text-color has-link-color wp-elements-c0d5c4c1ef2c1b7355d7f81903b04657\">CAP N DEM EMETERIO MIRANDA RODRIGUEZ<br>COMANDANTE<\/h3>\n\n\n\n<p><strong>DATOS PERSONALES<\/strong><\/p>\n\n\n\n<p>Naci\u00f3 en la ciudad de Encarnaci\u00f3n, Paraguay, en fecha 28 de junio de 1973, casado con una hija.<br>Por Decreto N\u00b0 11.273 de fecha 14 de diciembre de 1995, ascendido al grado de Guardiamarina del arma Combatiente.<br>Por Orden General del Comando en Jefe N\u00b0 135 de fecha 20 de junio de 2024, es nombrado como Comandante del Comando de la Aviaci\u00f3n Naval.<\/p>\n\n\n\n<p><strong>T\u00cdTULOS ACAD\u00c9MICOS<\/strong><br>\u2013 Licenciado en Ciencias Militares (concedido por la Academia Militar \u201cMcal Francisco Solano L\u00f3pez\u201d).<br>\u2013 Mag\u00edster en Planificaci\u00f3n, Administraci\u00f3n y Comando Naval (concedido por la Escuela de Comando y Estado Mayor de la Armada).<\/p>\n\n\n\n<p>\u2013 Magister en Planificaci\u00f3n y Conducci\u00f3n Estrat\u00e9gica Nacional.<\/p>\n\n\n\n<p><strong>CURSOS DE CAPACITACI\u00d3N Y ACTUALIZACI\u00d3N<\/strong><br>\u2013 Escuela de Perfeccionamiento de Oficiales de la Armada.<br>\u2013 Piloto Aviador Naval.<br>\u2013 Comando y Estado Mayor.<br>\u2013 Capacitaci\u00f3n en Buce\u00f3 de Borda.&nbsp;&nbsp;&nbsp;&nbsp;&nbsp;&nbsp;&nbsp;&nbsp;<br>\u2013 B\u00e1sico de Piloto de Helic\u00f3pteros.&nbsp;&nbsp;&nbsp;&nbsp;<br>\u2013 Licenciado en Ciencias Militares.<br>\u2013 B\u00e1sico de Pilotaje en Aeronave de Ala Rotativa UH-50.&nbsp;&nbsp;&nbsp;&nbsp;&nbsp;&nbsp;&nbsp;&nbsp;&nbsp;&nbsp;&nbsp;&nbsp;&nbsp;&nbsp;&nbsp;&nbsp;&nbsp; &nbsp;&nbsp;&nbsp;&nbsp;&nbsp;&nbsp;&nbsp;&nbsp;&nbsp;&nbsp;&nbsp;&nbsp;&nbsp;&nbsp;&nbsp;&nbsp;&nbsp;&nbsp;&nbsp;&nbsp;&nbsp;&nbsp;&nbsp;&nbsp;&nbsp;&nbsp;<br>\u2013 Did\u00e1ctica Superior.<br>\u2013 Maestr\u00eda en Planificaci\u00f3n y Conducci\u00f3n Estrat\u00e9gica Nacional.&nbsp;&nbsp;&nbsp;&nbsp;&nbsp;&nbsp;&nbsp;&nbsp;&nbsp;&nbsp;<\/p>\n\n\n\n<p>&nbsp;&nbsp;&nbsp;&nbsp;&nbsp;&nbsp;&nbsp;&nbsp;&nbsp;&nbsp;&nbsp; .<br><strong>CARGOS RELEVANTES<\/strong><br>\u2013 Ayudante del Comandante del Comando de la Aviaci\u00f3n Naval<br>\u2013 Instructor del GAEN.<br>\u2013 Segundo Comandante del \u00c1rea Naval de Itapu\u00e1.<br>\u2013 Segundo Comandante del \u00c1rea Naval de Pozo Hondo.<br>\u2013 Segundo Comandante del \u00c1rea Naval de Ciudad del Este.<br>\u2013 Jefe de Estado Mayor del Comando de Infanter\u00eda de Marina<br>\u2013 Comandante del Grupo de Tarea Terrestre (GTI).<br>\u2013 Prefecto zona Ayolas.<br>\u2013 Comandante del \u00c1rea Naval y Prefectura zona del Este.<\/p>\n\n\n\n<p>\u2013 Jefe del Estado Mayor del Comando de la Aviaci\u00f3n Naval.<\/p>\n\n\n\n<p><strong>MEDALLAS, DISTINTIVOS Y MENCIONES<\/strong><br>\u2013 Distintivo de \u00abComando y Estado Mayor de la Armada\u00bb (Paraguay).<br>\u2013 Distintivo de Curso B\u00e1sico de Pilotaje Aeronave Ala Rotativa UH-50 (Paraguay).<br>\u2013 Distintivo tiempo de Servicio (1 estrellas) (Paraguay).<br>\u2013 Distintivo tiempo de Servicio (2 estrellas) (Paraguay).<br>\u2013 Medalla Honorifica y tiempo de Servicio (3 estrellas) (Paraguay).<\/p>\n\n\n\n<p>\u2013 Medalla Honorifica y tiempo de Servicio (4 estrellas \u2013 25 a\u00f1os) (Paraguay).<\/p>\n\n\n\n<p>\u2013 Medalla de Honor del Comando de la Aviaci\u00f3n Naval de la ARPAR.<\/p>\n\n\n\n<h3 class=\"wp-block-heading has-text-align-center has-mitic-blue-color has-text-color has-link-color wp-elements-379c009be2af445b83de86b2ce01cf9d\">MISI\u00d3N DEL COMANDO DE LA AVICION NAVAL<\/h3>\n\n\n\n<p>Ejecutar operaciones aeronavales en \u00e1reas de responsabilidad de la Armada Nacional en forma independiente, conjunta y\/o combinada a fin de contribuir al cumplimiento de la misi\u00f3n del Escal\u00f3n Superior.<\/p>\n\n\n\n<p>El Comando de la Aviaci\u00f3n Naval pretende mantenerse en el contexto del Poder Naval de la Rep\u00fablica, en una Gran Unidad operativa de la Armada Paraguaya, con recursos materiales de infraestructura \u00f3ptima, unidades a\u00e9reas modernas y altamente operativas y recursos humanos especializados altamente profesionales y competentes, que contribuyan eficiente y eficazmente al cumplimiento de la misi\u00f3n del Escal\u00f3n Superior.<\/p>\n\n\n\n<h3 class=\"wp-block-heading has-text-align-center has-mitic-blue-color has-text-color has-link-color wp-elements-77145def7382de2de38efe2731412c26\">HISTORIA<\/h3>\n\n\n<div class=\"wp-block-image\">\n<figure class=\"aligncenter size-full\"><img fetchpriority=\"high\" decoding=\"async\" width=\"300\" height=\"187\" src=\"https:\/\/cimefor.mil.py\/armadaparaguaya\/wp-content\/uploads\/sites\/6\/2025\/07\/avion-300x187-1.png\" alt=\"\" class=\"wp-image-534\"\/><\/figure>\n<\/div>\n\n\n<h3 class=\"wp-block-heading has-text-align-center has-mitic-blue-color has-text-color has-link-color wp-elements-0100967d50ccf332b3c05123d9834f31\">ORGANIGRAMA<\/h3>\n\n\n<div class=\"wp-block-image\">\n<figure class=\"aligncenter size-full\"><img decoding=\"async\" width=\"300\" height=\"99\" src=\"https:\/\/cimefor.mil.py\/armadaparaguaya\/wp-content\/uploads\/sites\/6\/2025\/07\/Captura-de-pantalla-2023-11-29-205250-300x99-1.png\" alt=\"\" class=\"wp-image-535\"\/><\/figure>\n<\/div>","protected":false},"excerpt":{"rendered":"<p>CAP N DEM EMETERIO MIRANDA RODRIGUEZCOMANDANTE DATOS PERSONALES Naci\u00f3 en la ciudad de Encarnaci\u00f3n, Paraguay, en fecha 28 de junio de 1973, casado con una hija.Por Decreto N\u00b0 11.273 de fecha 14 de diciembre de 1995, ascendido al grado de Guardiamarina del arma Combatiente.Por Orden General del Comando en Jefe N\u00b0 135 de fecha 20 [&hellip;]<\/p>\n","protected":false},"author":1,"featured_media":0,"parent":0,"menu_order":0,"comment_status":"closed","ping_status":"closed","template":"page-nosidebar.php","meta":{"footnotes":""},"class_list":["post-533","page","type-page","status-publish","hentry"],"_links":{"self":[{"href":"https:\/\/ffmm.mil.py\/armadaparaguaya\/wp-json\/wp\/v2\/pages\/533","targetHints":{"allow":["GET"]}}],"collection":[{"href":"https:\/\/ffmm.mil.py\/armadaparaguaya\/wp-json\/wp\/v2\/pages"}],"about":[{"href":"https:\/\/ffmm.mil.py\/armadaparaguaya\/wp-json\/wp\/v2\/types\/page"}],"author":[{"embeddable":true,"href":"https:\/\/ffmm.mil.py\/armadaparaguaya\/wp-json\/wp\/v2\/users\/1"}],"replies":[{"embeddable":true,"href":"https:\/\/ffmm.mil.py\/armadaparaguaya\/wp-json\/wp\/v2\/comments?post=533"}],"version-history":[{"count":1,"href":"https:\/\/ffmm.mil.py\/armadaparaguaya\/wp-json\/wp\/v2\/pages\/533\/revisions"}],"predecessor-version":[{"id":536,"href":"https:\/\/ffmm.mil.py\/armadaparaguaya\/wp-json\/wp\/v2\/pages\/533\/revisions\/536"}],"wp:attachment":[{"href":"https:\/\/ffmm.mil.py\/armadaparaguaya\/wp-json\/wp\/v2\/media?parent=533"}],"curies":[{"name":"wp","href":"https:\/\/api.w.org\/{rel}","templated":true}]}}

COMANDO DE AVIACIÓN NAVAL

<h3 class="wp-block-heading has-text-align-center has-mitic-blue-color has-text-color has-link-color wp-elements-c0d5c4c1ef2c1b7355d7f81903b04657">CAP N DEM EMETERIO MIRANDA RODRIGUEZ<br>COMANDANTE</h3>



<p><strong>DATOS PERSONALES</strong></p>



<p>Nació en la ciudad de Encarnación, Paraguay, en fecha 28 de junio de 1973, casado con una hija.<br>Por Decreto N° 11.273 de fecha 14 de diciembre de 1995, ascendido al grado de Guardiamarina del arma Combatiente.<br>Por Orden General del Comando en Jefe N° 135 de fecha 20 de junio de 2024, es nombrado como Comandante del Comando de la Aviación Naval.</p>



<p><strong>TÍTULOS ACADÉMICOS</strong><br>– Licenciado en Ciencias Militares (concedido por la Academia Militar “Mcal Francisco Solano López”).<br>– Magíster en Planificación, Administración y Comando Naval (concedido por la Escuela de Comando y Estado Mayor de la Armada).</p>



<p>– Magister en Planificación y Conducción Estratégica Nacional.</p>



<p><strong>CURSOS DE CAPACITACIÓN Y ACTUALIZACIÓN</strong><br>– Escuela de Perfeccionamiento de Oficiales de la Armada.<br>– Piloto Aviador Naval.<br>– Comando y Estado Mayor.<br>– Capacitación en Buceó de Borda.&nbsp;&nbsp;&nbsp;&nbsp;&nbsp;&nbsp;&nbsp;&nbsp;<br>– Básico de Piloto de Helicópteros.&nbsp;&nbsp;&nbsp;&nbsp;<br>– Licenciado en Ciencias Militares.<br>– Básico de Pilotaje en Aeronave de Ala Rotativa UH-50.&nbsp;&nbsp;&nbsp;&nbsp;&nbsp;&nbsp;&nbsp;&nbsp;&nbsp;&nbsp;&nbsp;&nbsp;&nbsp;&nbsp;&nbsp;&nbsp;&nbsp; &nbsp;&nbsp;&nbsp;&nbsp;&nbsp;&nbsp;&nbsp;&nbsp;&nbsp;&nbsp;&nbsp;&nbsp;&nbsp;&nbsp;&nbsp;&nbsp;&nbsp;&nbsp;&nbsp;&nbsp;&nbsp;&nbsp;&nbsp;&nbsp;&nbsp;&nbsp;<br>– Didáctica Superior.<br>– Maestría en Planificación y Conducción Estratégica Nacional.&nbsp;&nbsp;&nbsp;&nbsp;&nbsp;&nbsp;&nbsp;&nbsp;&nbsp;&nbsp;</p>



<p>&nbsp;&nbsp;&nbsp;&nbsp;&nbsp;&nbsp;&nbsp;&nbsp;&nbsp;&nbsp;&nbsp; .<br><strong>CARGOS RELEVANTES</strong><br>– Ayudante del Comandante del Comando de la Aviación Naval<br>– Instructor del GAEN.<br>– Segundo Comandante del Área Naval de Itapuá.<br>– Segundo Comandante del Área Naval de Pozo Hondo.<br>– Segundo Comandante del Área Naval de Ciudad del Este.<br>– Jefe de Estado Mayor del Comando de Infantería de Marina<br>– Comandante del Grupo de Tarea Terrestre (GTI).<br>– Prefecto zona Ayolas.<br>– Comandante del Área Naval y Prefectura zona del Este.</p>



<p>– Jefe del Estado Mayor del Comando de la Aviación Naval.</p>



<p><strong>MEDALLAS, DISTINTIVOS Y MENCIONES</strong><br>– Distintivo de «Comando y Estado Mayor de la Armada» (Paraguay).<br>– Distintivo de Curso Básico de Pilotaje Aeronave Ala Rotativa UH-50 (Paraguay).<br>– Distintivo tiempo de Servicio (1 estrellas) (Paraguay).<br>– Distintivo tiempo de Servicio (2 estrellas) (Paraguay).<br>– Medalla Honorifica y tiempo de Servicio (3 estrellas) (Paraguay).</p>



<p>– Medalla Honorifica y tiempo de Servicio (4 estrellas – 25 años) (Paraguay).</p>



<p>– Medalla de Honor del Comando de la Aviación Naval de la ARPAR.</p>



<h3 class="wp-block-heading has-text-align-center has-mitic-blue-color has-text-color has-link-color wp-elements-379c009be2af445b83de86b2ce01cf9d">MISIÓN DEL COMANDO DE LA AVICION NAVAL</h3>



<p>Ejecutar operaciones aeronavales en áreas de responsabilidad de la Armada Nacional en forma independiente, conjunta y/o combinada a fin de contribuir al cumplimiento de la misión del Escalón Superior.</p>



<p>El Comando de la Aviación Naval pretende mantenerse en el contexto del Poder Naval de la República, en una Gran Unidad operativa de la Armada Paraguaya, con recursos materiales de infraestructura óptima, unidades aéreas modernas y altamente operativas y recursos humanos especializados altamente profesionales y competentes, que contribuyan eficiente y eficazmente al cumplimiento de la misión del Escalón Superior.</p>



<h3 class="wp-block-heading has-text-align-center has-mitic-blue-color has-text-color has-link-color wp-elements-77145def7382de2de38efe2731412c26">HISTORIA</h3>


<div class="wp-block-image">
<figure class="aligncenter size-full"><img fetchpriority="high" decoding="async" width="300" height="187" src="https://cimefor.mil.py/armadaparaguaya/wp-content/uploads/sites/6/2025/07/avion-300x187-1.png" alt="" class="wp-image-534"/></figure>
</div>


<h3 class="wp-block-heading has-text-align-center has-mitic-blue-color has-text-color has-link-color wp-elements-0100967d50ccf332b3c05123d9834f31">ORGANIGRAMA</h3>


<div class="wp-block-image">
<figure class="aligncenter size-full"><img decoding="async" width="300" height="99" src="https://cimefor.mil.py/armadaparaguaya/wp-content/uploads/sites/6/2025/07/Captura-de-pantalla-2023-11-29-205250-300x99-1.png" alt="" class="wp-image-535"/></figure>
</div>

<p>CAP N DEM EMETERIO MIRANDA RODRIGUEZCOMANDANTE DATOS PERSONALES Nació en la ciudad de Encarnación, Paraguay, en fecha 28 de junio de 1973, casado con una hija.Por Decreto N° 11.273 de fecha 14 de diciembre de 1995, ascendido al grado de Guardiamarina del arma Combatiente.Por Orden General del Comando en Jefe N° 135 de fecha 20 [&hellip;]</p>
