{"id":15,"date":"2025-07-14T18:27:07","date_gmt":"2025-07-14T16:27:07","guid":{"rendered":"https:\/\/migracion.ffmm.mil.py\/disergemil\/?page_id=15"},"modified":"2025-07-14T19:48:13","modified_gmt":"2025-07-14T17:48:13","slug":"mision","status":"publish","type":"page","link":"https:\/\/ffmm.mil.py\/disergemil\/mision\/","title":{"rendered":"Misi\u00f3n"},"content":{"rendered":"\n<p class=\"fs-5\">Ejecutar los trabajos astron\u00f3micos, geod\u00e9sicos, topogr\u00e1ficos, fotogram\u00e9tricos y cartogr\u00e1ficos para la confecci\u00f3n de la carta general del territorio de la Rep\u00fablica del Paraguay.<\/p>\n\n\n\n<p class=\"fs-5\">Dotar a las FF.AA de una buena cartograf\u00eda necesaria para la seguridad Nacional.<\/p>\n\n\n\n<p class=\"fs-5\">Adoptar las medidas pertinentes para que el trabajo topogr\u00e1fico y cartogr\u00e1fico realizado por&nbsp;Instituciones oficiales sean ejecutadas con criterio uniforme y conforme a las especificaciones&nbsp; t\u00e9cnicas adoptadas por esta Direcci\u00f3n.<\/p>\n","protected":false},"excerpt":{"rendered":"<p>Ejecutar los trabajos astron\u00f3micos, geod\u00e9sicos, topogr\u00e1ficos, fotogram\u00e9tricos y cartogr\u00e1ficos para la confecci\u00f3n de la carta general del territorio de la Rep\u00fablica del Paraguay. Dotar a las FF.AA de una buena cartograf\u00eda necesaria para la seguridad Nacional. Adoptar las medidas pertinentes para que el trabajo topogr\u00e1fico y cartogr\u00e1fico realizado por&nbsp;Instituciones oficiales sean ejecutadas con criterio uniforme [&hellip;]<\/p>\n","protected":false},"author":1,"featured_media":0,"parent":0,"menu_order":0,"comment_status":"closed","ping_status":"closed","template":"page-nosidebar.php","meta":{"footnotes":""},"class_list":["post-15","page","type-page","status-publish","hentry"],"_links":{"self":[{"href":"https:\/\/ffmm.mil.py\/disergemil\/wp-json\/wp\/v2\/pages\/15","targetHints":{"allow":["GET"]}}],"collection":[{"href":"https:\/\/ffmm.mil.py\/disergemil\/wp-json\/wp\/v2\/pages"}],"about":[{"href":"https:\/\/ffmm.mil.py\/disergemil\/wp-json\/wp\/v2\/types\/page"}],"author":[{"embeddable":true,"href":"https:\/\/ffmm.mil.py\/disergemil\/wp-json\/wp\/v2\/users\/1"}],"replies":[{"embeddable":true,"href":"https:\/\/ffmm.mil.py\/disergemil\/wp-json\/wp\/v2\/comments?post=15"}],"version-history":[{"count":2,"href":"https:\/\/ffmm.mil.py\/disergemil\/wp-json\/wp\/v2\/pages\/15\/revisions"}],"predecessor-version":[{"id":56,"href":"https:\/\/ffmm.mil.py\/disergemil\/wp-json\/wp\/v2\/pages\/15\/revisions\/56"}],"wp:attachment":[{"href":"https:\/\/ffmm.mil.py\/disergemil\/wp-json\/wp\/v2\/media?parent=15"}],"curies":[{"name":"wp","href":"https:\/\/api.w.org\/{rel}","templated":true}]}}