{"id":9,"date":"2025-07-11T01:48:47","date_gmt":"2025-07-10T23:48:47","guid":{"rendered":"https:\/\/migracion.ffmm.mil.py\/disergemil\/?page_id=9"},"modified":"2025-07-18T20:29:28","modified_gmt":"2025-07-18T18:29:28","slug":"inicio","status":"publish","type":"page","link":"https:\/\/ffmm.mil.py\/disergemil\/","title":{"rendered":"Inicio"},"content":{"rendered":"\n<div class=\"wp-block-columns is-layout-flex wp-container-core-columns-is-layout-28f84493 wp-block-columns-is-layout-flex\">\n<div class=\"wp-block-column contentsidebar has-mitic-gray-200-background-color has-background is-layout-flow wp-container-core-column-is-layout-e62f6290 wp-block-column-is-layout-flow\" style=\"border-radius:0px;flex-basis:25%\">\n<div class=\"wp-block-group is-vertical is-layout-flex wp-container-core-group-is-layout-fe9cc265 wp-block-group-is-layout-flex\">\n<h5 class=\"wp-block-heading mb-3\">Buscar en el sitio<\/h5>\n<\/div>\n\n\n<form role=\"search\" method=\"get\" action=\"https:\/\/ffmm.mil.py\/disergemil\/\" class=\"wp-block-search__button-outside wp-block-search__text-button wp-block-search\"    ><label class=\"wp-block-search__label\" for=\"wp-block-search__input-1\" >Buscar<\/label><div class=\"wp-block-search__inside-wrapper\" ><input class=\"wp-block-search__input\" id=\"wp-block-search__input-1\" placeholder=\"\" value=\"\" type=\"search\" name=\"s\" required \/><button aria-label=\"Buscar\" class=\"wp-block-search__button wp-element-button\" type=\"submit\" >Buscar<\/button><\/div><\/form>\n\n\n<p><\/p>\n\n\n\n<h5 class=\"wp-block-heading mt-5\">Principales secciones<\/h5>\n\n\n<nav class=\"is-responsive items-justified-left is-vertical mt-2 wp-block-navigation is-content-justification-left is-layout-flex wp-container-core-navigation-is-layout-810fbbe0 wp-block-navigation-is-layout-flex\" aria-label=\"Men\u00fa\" \n\t\t data-wp-interactive=\"core\/navigation\" data-wp-context='{\"overlayOpenedBy\":{\"click\":false,\"hover\":false,\"focus\":false},\"type\":\"overlay\",\"roleAttribute\":\"\",\"ariaLabel\":\"Men\\u00fa\"}'><button aria-haspopup=\"dialog\" aria-label=\"Abrir el men\u00fa\" class=\"wp-block-navigation__responsive-container-open\" \n\t\t\t\tdata-wp-on--click=\"actions.openMenuOnClick\"\n\t\t\t\tdata-wp-on--keydown=\"actions.handleMenuKeydown\"\n\t\t\t><svg width=\"24\" height=\"24\" xmlns=\"http:\/\/www.w3.org\/2000\/svg\" viewBox=\"0 0 24 24\" aria-hidden=\"true\" focusable=\"false\"><path d=\"M4 7.5h16v1.5H4z\"><\/path><path d=\"M4 15h16v1.5H4z\"><\/path><\/svg><\/button>\n\t\t\t\t<div class=\"wp-block-navigation__responsive-container\"  id=\"modal-2\" \n\t\t\t\tdata-wp-class--has-modal-open=\"state.isMenuOpen\"\n\t\t\t\tdata-wp-class--is-menu-open=\"state.isMenuOpen\"\n\t\t\t\tdata-wp-watch=\"callbacks.initMenu\"\n\t\t\t\tdata-wp-on--keydown=\"actions.handleMenuKeydown\"\n\t\t\t\tdata-wp-on--focusout=\"actions.handleMenuFocusout\"\n\t\t\t\ttabindex=\"-1\"\n\t\t\t>\n\t\t\t\t\t<div class=\"wp-block-navigation__responsive-close\" tabindex=\"-1\">\n\t\t\t\t\t\t<div class=\"wp-block-navigation__responsive-dialog\" \n\t\t\t\tdata-wp-bind--aria-modal=\"state.ariaModal\"\n\t\t\t\tdata-wp-bind--aria-label=\"state.ariaLabel\"\n\t\t\t\tdata-wp-bind--role=\"state.roleAttribute\"\n\t\t\t>\n\t\t\t\t\t\t\t<button aria-label=\"Cerrar el men\u00fa\" class=\"wp-block-navigation__responsive-container-close\" \n\t\t\t\tdata-wp-on--click=\"actions.closeMenuOnClick\"\n\t\t\t><svg xmlns=\"http:\/\/www.w3.org\/2000\/svg\" viewBox=\"0 0 24 24\" width=\"24\" height=\"24\" aria-hidden=\"true\" focusable=\"false\"><path d=\"m13.06 12 6.47-6.47-1.06-1.06L12 10.94 5.53 4.47 4.47 5.53 10.94 12l-6.47 6.47 1.06 1.06L12 13.06l6.47 6.47 1.06-1.06L13.06 12Z\"><\/path><\/svg><\/button>\n\t\t\t\t\t\t\t<div class=\"wp-block-navigation__responsive-container-content\" \n\t\t\t\tdata-wp-watch=\"callbacks.focusFirstElement\"\n\t\t\t id=\"modal-2-content\">\n\t\t\t\t\t\t\t\t<ul class=\"wp-block-navigation__container is-responsive items-justified-left is-vertical mt-2 wp-block-navigation\"><li class=\" wp-block-navigation-item wp-block-navigation-link\"><a class=\"wp-block-navigation-item__content\"  href=\"https:\/\/ffmm.mil.py\/disergemil\/mision\/\"><span class=\"wp-block-navigation-item__label\">Misi\u00f3n<\/span><\/a><\/li><li class=\" wp-block-navigation-item wp-block-navigation-link\"><a class=\"wp-block-navigation-item__content\"  href=\"https:\/\/ffmm.mil.py\/disergemil\/vision\/\"><span class=\"wp-block-navigation-item__label\">Visi\u00f3n<\/span><\/a><\/li><li class=\" wp-block-navigation-item wp-block-navigation-link\"><a class=\"wp-block-navigation-item__content\"  href=\"https:\/\/ffmm.mil.py\/disergemil\/historia\/\"><span class=\"wp-block-navigation-item__label\">Historia<\/span><\/a><\/li><li class=\" wp-block-navigation-item wp-block-navigation-link\"><a class=\"wp-block-navigation-item__content\"  href=\"https:\/\/ffmm.mil.py\/disergemil\/organigrama\/\"><span class=\"wp-block-navigation-item__label\">Organigrama<\/span><\/a><\/li><li class=\" wp-block-navigation-item wp-block-navigation-link\"><a class=\"wp-block-navigation-item__content\"  href=\"#\"><span class=\"wp-block-navigation-item__label\">Transparencia<\/span><\/a><\/li><li class=\" wp-block-navigation-item wp-block-navigation-link\"><a class=\"wp-block-navigation-item__content\"  href=\"#\"><span class=\"wp-block-navigation-item__label\">MECIP<\/span><\/a><\/li><\/ul>\n\t\t\t\t\t\t\t<\/div>\n\t\t\t\t\t\t<\/div>\n\t\t\t\t\t<\/div>\n\t\t\t\t<\/div><\/nav><\/div>\n\n\n\n<div class=\"wp-block-column is-layout-flow wp-block-column-is-layout-flow\" style=\"flex-basis:50%\">\n<div style=\"height:5px\" aria-hidden=\"true\" class=\"wp-block-spacer\"><\/div>\n\n\n\n<h5 class=\"wp-block-heading has-mitic-gray-700-color has-text-color has-link-color wp-elements-5c0305a6ffbce44943f27a9534c24eaa\">\u00daltimas noticias publicadas<\/h5>\n\n\n<div class=\"wp-block-query blog-home is-layout-flow wp-block-query-is-layout-flow\"><div class=\"wp-block-columns alignwide is-layout-flex news-item\"><div class=\"wp-block-column wp-block-post-featured-image\"><a href=\"https:\/\/ffmm.mil.py\/disergemil\/2024\/02\/09\/ceremonia-de-cambio-de-director-de-la-disergemil\/\"><img fetchpriority=\"high\" decoding=\"async\" width=\"768\" height=\"1024\" src=\"https:\/\/ffmm.mil.py\/disergemil\/wp-content\/uploads\/sites\/11\/2025\/07\/423315697_685775040391500_8006588702105291076_n.jpg\" class=\"attachment-large size-large wp-post-image wp-post-image\" alt=\"\" srcset=\"https:\/\/ffmm.mil.py\/disergemil\/wp-content\/uploads\/sites\/11\/2025\/07\/423315697_685775040391500_8006588702105291076_n.jpg 768w, https:\/\/ffmm.mil.py\/disergemil\/wp-content\/uploads\/sites\/11\/2025\/07\/423315697_685775040391500_8006588702105291076_n-225x300.jpg 225w\" sizes=\"(max-width: 768px) 100vw, 768px\" \/><\/a><\/div><div class=\"wp-block-column\"><h2 class=\"wp-block-post-title\"><a href=\"https:\/\/ffmm.mil.py\/disergemil\/2024\/02\/09\/ceremonia-de-cambio-de-director-de-la-disergemil\/\">Ceremonia de cambio de director de la DISERGEMIL.<\/a><\/h2><p class=\"post-date my-2\">9 de febrero de 2024<\/p><div class=\"wp-block-post-excerpt\">El d\u00eda martes 30 de enero del corriente a\u00f1o, en el salon de actos de la Direcci\u00f3n del Servicio Geogr\u00e1fico Militar, se...<\/div><\/div><\/div><div class=\"wp-block-columns alignwide is-layout-flex news-item\"><div class=\"wp-block-column wp-block-post-featured-image\"><a href=\"https:\/\/ffmm.mil.py\/disergemil\/2024\/02\/09\/examen-de-admision-de-aspirantes-2024\/\"><img decoding=\"async\" width=\"800\" height=\"360\" src=\"https:\/\/ffmm.mil.py\/disergemil\/wp-content\/uploads\/sites\/11\/2025\/07\/418455966_675267978108873_7765159911162501420_n-1024x461.jpg\" class=\"attachment-large size-large wp-post-image wp-post-image\" alt=\"\" srcset=\"https:\/\/ffmm.mil.py\/disergemil\/wp-content\/uploads\/sites\/11\/2025\/07\/418455966_675267978108873_7765159911162501420_n-1024x461.jpg 1024w, https:\/\/ffmm.mil.py\/disergemil\/wp-content\/uploads\/sites\/11\/2025\/07\/418455966_675267978108873_7765159911162501420_n-300x135.jpg 300w, https:\/\/ffmm.mil.py\/disergemil\/wp-content\/uploads\/sites\/11\/2025\/07\/418455966_675267978108873_7765159911162501420_n-768x346.jpg 768w, https:\/\/ffmm.mil.py\/disergemil\/wp-content\/uploads\/sites\/11\/2025\/07\/418455966_675267978108873_7765159911162501420_n.jpg 1280w\" sizes=\"(max-width: 800px) 100vw, 800px\" \/><\/a><\/div><div class=\"wp-block-column\"><h2 class=\"wp-block-post-title\"><a href=\"https:\/\/ffmm.mil.py\/disergemil\/2024\/02\/09\/examen-de-admision-de-aspirantes-2024\/\">Examen de admision de Aspirantes &#8211; 2024<\/a><\/h2><p class=\"post-date my-2\">9 de febrero de 2024<\/p><div class=\"wp-block-post-excerpt\">El dia viernes 12 de enero del corriente a\u00f1o, en el previo de la Universidad Nacional de Asunci\u00f3n UNA, se realiz\u00f3 el...<\/div><\/div><\/div><\/div>\n<\/div>\n\n\n\n<div class=\"wp-block-column is-layout-flow wp-block-column-is-layout-flow\">\n<div style=\"height:10px\" aria-hidden=\"true\" class=\"wp-block-spacer\"><\/div>\n\n\n\n<div class=\"wp-block-group is-vertical is-layout-flex wp-container-core-group-is-layout-fe9cc265 wp-block-group-is-layout-flex\">\n<figure class=\"wp-block-image size-full\"><img decoding=\"async\" src=\"https:\/\/cimefor.mil.py\/wp-content\/uploads\/2025\/06\/rendicion-al-ciudadano-300x196-1.jpg\" alt=\"\" class=\"wp-image-159\"\/><\/figure>\n<\/div>\n\n\n\n<figure class=\"wp-block-image size-full\"><img decoding=\"async\" src=\"https:\/\/cimefor.mil.py\/wp-content\/uploads\/2025\/06\/Transparencia-300x119-1.png\" alt=\"\" class=\"wp-image-160\"\/><\/figure>\n\n\n\n<figure class=\"wp-block-image size-full\"><img decoding=\"async\" src=\"https:\/\/cimefor.mil.py\/wp-content\/uploads\/2025\/06\/elegi-tu-tramite-en-linea-izquierda-300x119-1.gif\" alt=\"\" class=\"wp-image-161\"\/><\/figure>\n<\/div>\n<\/div>\n\n\n\n<p><\/p>\n","protected":false},"excerpt":{"rendered":"<p>Buscar en el sitio Principales secciones \u00daltimas noticias publicadas<\/p>\n","protected":false},"author":1,"featured_media":0,"parent":0,"menu_order":0,"comment_status":"closed","ping_status":"closed","template":"page-nosidebar.php","meta":{"footnotes":""},"class_list":["post-9","page","type-page","status-publish","hentry"],"_links":{"self":[{"href":"https:\/\/ffmm.mil.py\/disergemil\/wp-json\/wp\/v2\/pages\/9","targetHints":{"allow":["GET"]}}],"collection":[{"href":"https:\/\/ffmm.mil.py\/disergemil\/wp-json\/wp\/v2\/pages"}],"about":[{"href":"https:\/\/ffmm.mil.py\/disergemil\/wp-json\/wp\/v2\/types\/page"}],"author":[{"embeddable":true,"href":"https:\/\/ffmm.mil.py\/disergemil\/wp-json\/wp\/v2\/users\/1"}],"replies":[{"embeddable":true,"href":"https:\/\/ffmm.mil.py\/disergemil\/wp-json\/wp\/v2\/comments?post=9"}],"version-history":[{"count":3,"href":"https:\/\/ffmm.mil.py\/disergemil\/wp-json\/wp\/v2\/pages\/9\/revisions"}],"predecessor-version":[{"id":151,"href":"https:\/\/ffmm.mil.py\/disergemil\/wp-json\/wp\/v2\/pages\/9\/revisions\/151"}],"wp:attachment":[{"href":"https:\/\/ffmm.mil.py\/disergemil\/wp-json\/wp\/v2\/media?parent=9"}],"curies":[{"name":"wp","href":"https:\/\/api.w.org\/{rel}","templated":true}]}}