{"id":37,"date":"2025-07-10T16:51:12","date_gmt":"2025-07-10T14:51:12","guid":{"rendered":"https:\/\/migracion.ffmm.mil.py\/edefisfa\/?page_id=37"},"modified":"2025-07-10T17:00:13","modified_gmt":"2025-07-10T15:00:13","slug":"vision","status":"publish","type":"page","link":"https:\/\/ffmm.mil.py\/edefisfa\/vision\/","title":{"rendered":"VISI\u00d3N"},"content":{"rendered":"\n<p class=\"has-normal-font-size\">Ser una Instituci\u00f3n reconocida nacional e internacionalmente por proporcionar excelencia acad\u00e9mica, capaz de crear aptitudes que favorezcan a la salud, los deportes y las recreaciones, acompa\u00f1ados de adelantos tecnol\u00f3gicos y m\u00e9todos activos para una adecuada formaci\u00f3n y preparaci\u00f3n f\u00edsica y deportiva de los personales militares como as\u00ed tambi\u00e9n estar\u00e1n habilitados en la docencia en instituciones p\u00fablicas y privadas.<\/p>\n\n\n\n<p><\/p>\n","protected":false},"excerpt":{"rendered":"<p>Ser una Instituci\u00f3n reconocida nacional e internacionalmente por proporcionar excelencia acad\u00e9mica, capaz de crear aptitudes que favorezcan a la salud, los deportes y las recreaciones, acompa\u00f1ados de adelantos tecnol\u00f3gicos y m\u00e9todos activos para una adecuada formaci\u00f3n y preparaci\u00f3n f\u00edsica y deportiva de los personales militares como as\u00ed tambi\u00e9n estar\u00e1n habilitados en la docencia en instituciones [&hellip;]<\/p>\n","protected":false},"author":1,"featured_media":0,"parent":0,"menu_order":0,"comment_status":"closed","ping_status":"closed","template":"page-nosidebar.php","meta":{"footnotes":""},"class_list":["post-37","page","type-page","status-publish","hentry"],"_links":{"self":[{"href":"https:\/\/ffmm.mil.py\/edefisfa\/wp-json\/wp\/v2\/pages\/37","targetHints":{"allow":["GET"]}}],"collection":[{"href":"https:\/\/ffmm.mil.py\/edefisfa\/wp-json\/wp\/v2\/pages"}],"about":[{"href":"https:\/\/ffmm.mil.py\/edefisfa\/wp-json\/wp\/v2\/types\/page"}],"author":[{"embeddable":true,"href":"https:\/\/ffmm.mil.py\/edefisfa\/wp-json\/wp\/v2\/users\/1"}],"replies":[{"embeddable":true,"href":"https:\/\/ffmm.mil.py\/edefisfa\/wp-json\/wp\/v2\/comments?post=37"}],"version-history":[{"count":4,"href":"https:\/\/ffmm.mil.py\/edefisfa\/wp-json\/wp\/v2\/pages\/37\/revisions"}],"predecessor-version":[{"id":95,"href":"https:\/\/ffmm.mil.py\/edefisfa\/wp-json\/wp\/v2\/pages\/37\/revisions\/95"}],"wp:attachment":[{"href":"https:\/\/ffmm.mil.py\/edefisfa\/wp-json\/wp\/v2\/media?parent=37"}],"curies":[{"name":"wp","href":"https:\/\/api.w.org\/{rel}","templated":true}]}}