{"id":11,"date":"2025-07-09T20:31:33","date_gmt":"2025-07-09T18:31:33","guid":{"rendered":"https:\/\/migracion.ffmm.mil.py\/ejercito\/?page_id=11"},"modified":"2025-07-10T18:50:16","modified_gmt":"2025-07-10T16:50:16","slug":"mision-y-vision","status":"publish","type":"page","link":"https:\/\/ffmm.mil.py\/ejercito\/mision-y-vision\/","title":{"rendered":"Misi\u00f3n y Visi\u00f3n"},"content":{"rendered":"\n<div class=\"wp-block-columns is-layout-flex wp-container-core-columns-is-layout-28f84493 wp-block-columns-is-layout-flex\">\n<div class=\"wp-block-column is-layout-flow wp-block-column-is-layout-flow\"><div class=\"wp-block-image\">\n<figure class=\"aligncenter size-full\"><img decoding=\"async\" width=\"66\" height=\"52\" src=\"https:\/\/cimefor.mil.py\/ejercito\/wp-content\/uploads\/sites\/7\/2025\/07\/image-4.png\" alt=\"\" class=\"wp-image-159\"\/><\/figure>\n<\/div><\/div>\n\n\n\n<div class=\"wp-block-column is-layout-flow wp-block-column-is-layout-flow\"><div class=\"wp-block-image\">\n<figure class=\"aligncenter size-full\"><img decoding=\"async\" width=\"69\" height=\"61\" src=\"https:\/\/cimefor.mil.py\/ejercito\/wp-content\/uploads\/sites\/7\/2025\/07\/image-5.png\" alt=\"\" class=\"wp-image-160\"\/><\/figure>\n<\/div><\/div>\n\n\n\n<div class=\"wp-block-column is-layout-flow wp-block-column-is-layout-flow\"><div class=\"wp-block-image\">\n<figure class=\"aligncenter size-full\"><img decoding=\"async\" width=\"69\" height=\"63\" src=\"https:\/\/cimefor.mil.py\/ejercito\/wp-content\/uploads\/sites\/7\/2025\/07\/image-6.png\" alt=\"\" class=\"wp-image-161\"\/><\/figure>\n<\/div><\/div>\n<\/div>\n\n\n\n<div class=\"wp-block-columns is-layout-flex wp-container-core-columns-is-layout-28f84493 wp-block-columns-is-layout-flex\">\n<div class=\"wp-block-column is-layout-flow wp-block-column-is-layout-flow\">\n<h2 class=\"wp-block-heading has-text-align-center\">Misi\u00f3n<\/h2>\n\n\n\n<p class=\"has-text-align-center\">La misi\u00f3n del Ej\u00e9rcito, es la de mantener la inviolabilidad de las fronteras terrestres. Cooperar con el restablecimiento del orden interno, cuando asi lo dispone el Se\u00f1or presidente de la Rep\u00fablica, por Decreto fundado.<br>Organizar, equipar y adiestrar al personal para hacer frente a cualquier amenaza. Como Cuartel General, cooperar con el Se\u00f1or Comandante del Ej\u00e9rcito en el cumplimiento de la misi\u00f3n asignada en la Ley y las asignadas por el Escal\u00f3n Superior.<\/p>\n<\/div>\n\n\n\n<div class=\"wp-block-column is-layout-flow wp-block-column-is-layout-flow\">\n<h2 class=\"wp-block-heading has-text-align-center\">Visi\u00f3n<\/h2>\n\n\n\n<p class=\"has-text-align-center\">Ej\u00e9rcito institucionalizado y profesional, fortalecidas en su capacidad operativa, con roles adecuados a enfrentar las nuevas amenazas, cooperar con el Desarrollo Nacional y participar activamente en misiones internacionales.<br>Como Cuartel General, ser un \u00f3rgano asesor de primer nivel, altamente eficiente con recursos humanos reconocidos por su capacidad, honradez y vocaci\u00f3n de servicio y que garantice al Comandante, las acciones que le permitan cumplir con la misi\u00f3n.<\/p>\n<\/div>\n\n\n\n<div class=\"wp-block-column is-layout-flow wp-block-column-is-layout-flow\">\n<h2 class=\"wp-block-heading has-text-align-center\">Objetivos<\/h2>\n\n\n\n<ol class=\"wp-block-list\">\n<li>Contribuir a la democracia, la econom\u00eda, en el desarrollo social, la preservaci\u00f3n del medio ambiente y la cohesi\u00f3n nacional.<\/li>\n\n\n\n<li>Establecer un Sistema de seguridad para prevenir crisis y conflictos.<\/li>\n\n\n\n<li>Contribuir a la seguridad internacional.<\/li>\n\n\n\n<li>Establecer su dimensi\u00f3n, estructura y capacidades, para cumplir su rol Constitucional.<\/li>\n\n\n\n<li>Modernizaci\u00f3n de los medios y capacitaci\u00f3n de los recursos humanos.<\/li>\n\n\n\n<li>Fijar pol\u00edticas aut\u00f3nomas de armamentos y equipos.<\/li>\n\n\n\n<li>Apoyo a los esfuerzos para erradicar nuevas amenazas.<\/li>\n\n\n\n<li>Concientizar a la poblaci\u00f3n de su necesidad e importancia.<\/li>\n<\/ol>\n<\/div>\n<\/div>\n","protected":false},"excerpt":{"rendered":"<p>Misi\u00f3n La misi\u00f3n del Ej\u00e9rcito, es la de mantener la inviolabilidad de las fronteras terrestres. Cooperar con el restablecimiento del orden interno, cuando asi lo dispone el Se\u00f1or presidente de la Rep\u00fablica, por Decreto fundado.Organizar, equipar y adiestrar al personal para hacer frente a cualquier amenaza. Como Cuartel General, cooperar con el Se\u00f1or Comandante del [&hellip;]<\/p>\n","protected":false},"author":1,"featured_media":0,"parent":0,"menu_order":0,"comment_status":"closed","ping_status":"closed","template":"page-nosidebar.php","meta":{"footnotes":""},"class_list":["post-11","page","type-page","status-publish","hentry"],"_links":{"self":[{"href":"https:\/\/ffmm.mil.py\/ejercito\/wp-json\/wp\/v2\/pages\/11","targetHints":{"allow":["GET"]}}],"collection":[{"href":"https:\/\/ffmm.mil.py\/ejercito\/wp-json\/wp\/v2\/pages"}],"about":[{"href":"https:\/\/ffmm.mil.py\/ejercito\/wp-json\/wp\/v2\/types\/page"}],"author":[{"embeddable":true,"href":"https:\/\/ffmm.mil.py\/ejercito\/wp-json\/wp\/v2\/users\/1"}],"replies":[{"embeddable":true,"href":"https:\/\/ffmm.mil.py\/ejercito\/wp-json\/wp\/v2\/comments?post=11"}],"version-history":[{"count":4,"href":"https:\/\/ffmm.mil.py\/ejercito\/wp-json\/wp\/v2\/pages\/11\/revisions"}],"predecessor-version":[{"id":162,"href":"https:\/\/ffmm.mil.py\/ejercito\/wp-json\/wp\/v2\/pages\/11\/revisions\/162"}],"wp:attachment":[{"href":"https:\/\/ffmm.mil.py\/ejercito\/wp-json\/wp\/v2\/media?parent=11"}],"curies":[{"name":"wp","href":"https:\/\/api.w.org\/{rel}","templated":true}]}}