{"id":16,"date":"2025-07-09T20:31:33","date_gmt":"2025-07-09T18:31:33","guid":{"rendered":"https:\/\/migracion.ffmm.mil.py\/ejercito\/?page_id=16"},"modified":"2025-07-11T00:31:44","modified_gmt":"2025-07-10T22:31:44","slug":"historias","status":"publish","type":"page","link":"https:\/\/ffmm.mil.py\/ejercito\/historias\/","title":{"rendered":"Historia"},"content":{"rendered":"\n<div class=\"wp-block-columns is-layout-flex wp-container-core-columns-is-layout-28f84493 wp-block-columns-is-layout-flex\">\n<div class=\"wp-block-column is-layout-flow wp-block-column-is-layout-flow\" style=\"flex-basis:33.33%\">\n<figure class=\"wp-block-image size-full\"><img fetchpriority=\"high\" decoding=\"async\" width=\"873\" height=\"515\" src=\"https:\/\/cimefor.mil.py\/ejercito\/wp-content\/uploads\/sites\/7\/2025\/07\/independencia-del-paraguay.jpg\" alt=\"\" class=\"wp-image-107\" srcset=\"https:\/\/ffmm.mil.py\/ejercito\/wp-content\/uploads\/sites\/7\/2025\/07\/independencia-del-paraguay.jpg 873w, https:\/\/ffmm.mil.py\/ejercito\/wp-content\/uploads\/sites\/7\/2025\/07\/independencia-del-paraguay-300x177.jpg 300w, https:\/\/ffmm.mil.py\/ejercito\/wp-content\/uploads\/sites\/7\/2025\/07\/independencia-del-paraguay-768x453.jpg 768w\" sizes=\"(max-width: 873px) 100vw, 873px\" \/><\/figure>\n<\/div>\n\n\n\n<div class=\"wp-block-column is-vertically-aligned-center is-layout-flow wp-block-column-is-layout-flow\" style=\"flex-basis:66.66%\">\n<h5 class=\"wp-block-heading has-text-align-left\">La historia del Ej\u00e9rcito Paraguayo se remonta a un a\u00f1o antes de su independencia de Espa\u00f1a, cuando la junta de gobierno de Buenos Aires encomend\u00f3 al entonces Cnel Manuel Belgrano, ir con 950 hombres y 6 ca\u00f1ones al Paraguay para derrocar al Gobierno realista de Asunci\u00f3n. El Ej\u00e9rcito de la Gobernaci\u00f3n espa\u00f1ola del Paraguay derrot\u00f3 a las tropas comandadas por Belgrano en las Batallas de Tacuar\u00ed y Paraguar\u00ed.<\/h5>\n<\/div>\n<\/div>\n\n\n\n<div style=\"height:100px\" aria-hidden=\"true\" class=\"wp-block-spacer\"><\/div>\n\n\n\n<div class=\"wp-block-columns is-layout-flex wp-container-core-columns-is-layout-28f84493 wp-block-columns-is-layout-flex\">\n<div class=\"wp-block-column is-vertically-aligned-center is-layout-flow wp-block-column-is-layout-flow\" style=\"flex-basis:66.66%\">\n<h5 class=\"wp-block-heading has-text-align-left\">Esta victoria conseguida por los jefes militares nacidos en el Paraguay, cre\u00f3 la confianza necesaria para independizarse el 14 y 15 de mayo de 1811, siendo el primer pa\u00eds sudamericano en lugar su independencia permanente de Espa\u00f1a.<\/h5>\n<\/div>\n\n\n\n<div class=\"wp-block-column is-vertically-aligned-top is-layout-flow wp-block-column-is-layout-flow\"><\/div>\n\n\n\n<div class=\"wp-block-column is-layout-flow wp-block-column-is-layout-flow\" style=\"flex-basis:33.33%\">\n<figure class=\"wp-block-image size-full\"><img decoding=\"async\" width=\"434\" height=\"654\" src=\"https:\/\/cimefor.mil.py\/ejercito\/wp-content\/uploads\/sites\/7\/2025\/07\/0002960506.jpg\" alt=\"\" class=\"wp-image-109\" srcset=\"https:\/\/ffmm.mil.py\/ejercito\/wp-content\/uploads\/sites\/7\/2025\/07\/0002960506.jpg 434w, https:\/\/ffmm.mil.py\/ejercito\/wp-content\/uploads\/sites\/7\/2025\/07\/0002960506-199x300.jpg 199w\" sizes=\"(max-width: 434px) 100vw, 434px\" \/><\/figure>\n<\/div>\n<\/div>\n\n\n\n<div style=\"height:100px\" aria-hidden=\"true\" class=\"wp-block-spacer\"><\/div>\n\n\n\n<div class=\"wp-block-columns is-layout-flex wp-container-core-columns-is-layout-28f84493 wp-block-columns-is-layout-flex\">\n<div class=\"wp-block-column is-layout-flow wp-block-column-is-layout-flow\">\n<figure class=\"wp-block-image size-full\"><img decoding=\"async\" width=\"502\" height=\"381\" src=\"https:\/\/cimefor.mil.py\/ejercito\/wp-content\/uploads\/sites\/7\/2025\/07\/carlos.jpeg\" alt=\"\" class=\"wp-image-110\" srcset=\"https:\/\/ffmm.mil.py\/ejercito\/wp-content\/uploads\/sites\/7\/2025\/07\/carlos.jpeg 502w, https:\/\/ffmm.mil.py\/ejercito\/wp-content\/uploads\/sites\/7\/2025\/07\/carlos-300x228.jpeg 300w\" sizes=\"(max-width: 502px) 100vw, 502px\" \/><\/figure>\n<\/div>\n\n\n\n<div class=\"wp-block-column is-vertically-aligned-center is-layout-flow wp-block-column-is-layout-flow\">\n<h5 class=\"wp-block-heading\">Como Ej\u00e9rcito Nacional, la primera misi\u00f3n de combate que le cupo cumplir fue la recuperaci\u00f3n del Fuerte Borb\u00f3n en 1812, ocupado por los portugueses.<\/h5>\n\n\n\n<h5 class=\"wp-block-heading\">Don Carlos Antonio L\u00f3pez, primer presidente constitucional del Paraguay, reorganiza el Ej\u00e9rcito, creando el Ministerio de Guerra y Mina, a cargo del entonces Brigadier Francisco Solano L\u00f3pez. Ante la inminencia de la Guerra contra la Triple Alianza, el General L\u00f3pez organiz\u00f3 el Campamento de Cerro Le\u00f3n, con un efectivo de 38.000 soldados.<\/h5>\n<\/div>\n<\/div>\n\n\n\n<div style=\"height:100px\" aria-hidden=\"true\" class=\"wp-block-spacer\"><\/div>\n\n\n\n<div class=\"wp-block-columns is-layout-flex wp-container-core-columns-is-layout-28f84493 wp-block-columns-is-layout-flex\">\n<div class=\"wp-block-column is-vertically-aligned-center is-layout-flow wp-block-column-is-layout-flow\">\n<h5 class=\"wp-block-heading\">El Mariscal L\u00f3pez combati\u00f3 con una coalici\u00f3n de 140.000 hombres durante cinco a\u00f1os, desde Paso de Patria hasta las orillas del Aquidab\u00e1n, hasta caer finalmente el 1\u00ba de marzo de 1870, fiel a su juramento de \u00abVencer o Morir\u00bb, juramento que hasta hoy identifica al Ej\u00e9rcito Paraguayo.<\/h5>\n\n\n\n<h5 class=\"wp-block-heading\">Con la muerte del Le\u00f3nidas paraguayo se da el fin de la guerra.<\/h5>\n<\/div>\n\n\n\n<div class=\"wp-block-column is-layout-flow wp-block-column-is-layout-flow\">\n<figure class=\"wp-block-image size-full\"><img loading=\"lazy\" decoding=\"async\" width=\"575\" height=\"809\" src=\"https:\/\/cimefor.mil.py\/ejercito\/wp-content\/uploads\/sites\/7\/2025\/07\/Mariscal-Francisco-Solano-Lopez-1.jpg\" alt=\"\" class=\"wp-image-111\" srcset=\"https:\/\/ffmm.mil.py\/ejercito\/wp-content\/uploads\/sites\/7\/2025\/07\/Mariscal-Francisco-Solano-Lopez-1.jpg 575w, https:\/\/ffmm.mil.py\/ejercito\/wp-content\/uploads\/sites\/7\/2025\/07\/Mariscal-Francisco-Solano-Lopez-1-213x300.jpg 213w\" sizes=\"(max-width: 575px) 100vw, 575px\" \/><\/figure>\n<\/div>\n<\/div>\n\n\n\n<div style=\"height:100px\" aria-hidden=\"true\" class=\"wp-block-spacer\"><\/div>\n\n\n\n<div class=\"wp-block-columns are-vertically-aligned-center is-layout-flex wp-container-core-columns-is-layout-28f84493 wp-block-columns-is-layout-flex\">\n<div class=\"wp-block-column is-vertically-aligned-center is-layout-flow wp-block-column-is-layout-flow\"><div class=\"wp-block-image\">\n<figure class=\"aligncenter size-full\"><img loading=\"lazy\" decoding=\"async\" width=\"561\" height=\"382\" src=\"https:\/\/cimefor.mil.py\/ejercito\/wp-content\/uploads\/sites\/7\/2025\/07\/Diapositiva8.png\" alt=\"\" class=\"wp-image-112\" srcset=\"https:\/\/ffmm.mil.py\/ejercito\/wp-content\/uploads\/sites\/7\/2025\/07\/Diapositiva8.png 561w, https:\/\/ffmm.mil.py\/ejercito\/wp-content\/uploads\/sites\/7\/2025\/07\/Diapositiva8-300x204.png 300w\" sizes=\"(max-width: 561px) 100vw, 561px\" \/><\/figure>\n<\/div><\/div>\n\n\n\n<div class=\"wp-block-column is-vertically-aligned-center is-layout-flow wp-block-column-is-layout-flow\">\n<h5 class=\"wp-block-heading has-text-align-left\">En la d\u00e9cada de 1930 el pa\u00eds afront\u00f3 la guerra contra Bolivia en la cual el Ej\u00e9rcito supo honrar a nuestros antepasados ante un enemigo tenaz y una naturaleza hostil, bajo la insigne conducci\u00f3n del Mariscal Jos\u00e9 F\u00e9lix Estigarribia, quien organiz\u00f3 el Ej\u00e9rcito de la nada para llegar hasta el legendario r\u00edo Parapit\u00ed las mismas estribaciones andinas.<\/h5>\n<\/div>\n<\/div>\n\n\n\n<div style=\"height:100px\" aria-hidden=\"true\" class=\"wp-block-spacer\"><\/div>\n\n\n\n<div class=\"wp-block-columns is-layout-flex wp-container-core-columns-is-layout-28f84493 wp-block-columns-is-layout-flex\">\n<div class=\"wp-block-column is-vertically-aligned-center is-layout-flow wp-block-column-is-layout-flow\">\n<h5 class=\"wp-block-heading\">El Ej\u00e9rcito Paraguayo en la actualiza se constituye en un factor de integraci\u00f3n nacional agracias a su presencia en los rincones m\u00e1s alejados de la Rep\u00fablica, contribuyendo de esta forma en el desarrollo de las comunidades donde est\u00e1n asentadas y a las que se integra plenamente.<\/h5>\n\n\n\n<h5 class=\"wp-block-heading\">El Ej\u00e9rcito Paraguayo infundido de un gran sentido nacionalista y de un profundo esp\u00edritu de servicio ha contribuido con su acci\u00f3n c\u00edvico-social, con la construcci\u00f3n de caminos, escuelas, puestos de salud, atenci\u00f3n m\u00e9dica odontol\u00f3gica, ayuda con materiales y mano de obra, y, \u00faltimamente, colaborando con transporte y seguridad a la ciudadan\u00eda, devolviendo con esta forma de servicio social el apoyo moral y el aprecio del pueblo paraguayo.<\/h5>\n<\/div>\n\n\n\n<div class=\"wp-block-column is-layout-flow wp-block-column-is-layout-flow\">\n<figure class=\"wp-block-image size-full\"><img loading=\"lazy\" decoding=\"async\" width=\"751\" height=\"1024\" src=\"https:\/\/cimefor.mil.py\/ejercito\/wp-content\/uploads\/sites\/7\/2025\/07\/Mcal_Jose_Felix_Estigarribia.jpg\" alt=\"\" class=\"wp-image-211\" srcset=\"https:\/\/ffmm.mil.py\/ejercito\/wp-content\/uploads\/sites\/7\/2025\/07\/Mcal_Jose_Felix_Estigarribia.jpg 751w, https:\/\/ffmm.mil.py\/ejercito\/wp-content\/uploads\/sites\/7\/2025\/07\/Mcal_Jose_Felix_Estigarribia-220x300.jpg 220w\" sizes=\"(max-width: 751px) 100vw, 751px\" \/><\/figure>\n<\/div>\n<\/div>\n","protected":false},"excerpt":{"rendered":"<p>La historia del Ej\u00e9rcito Paraguayo se remonta a un a\u00f1o antes de su independencia de Espa\u00f1a, cuando la junta de gobierno de Buenos Aires encomend\u00f3 al entonces Cnel Manuel Belgrano, ir con 950 hombres y 6 ca\u00f1ones al Paraguay para derrocar al Gobierno realista de Asunci\u00f3n. El Ej\u00e9rcito de la Gobernaci\u00f3n espa\u00f1ola del Paraguay derrot\u00f3 [&hellip;]<\/p>\n","protected":false},"author":1,"featured_media":0,"parent":0,"menu_order":0,"comment_status":"closed","ping_status":"closed","template":"page-nosidebar.php","meta":{"footnotes":""},"class_list":["post-16","page","type-page","status-publish","hentry"],"_links":{"self":[{"href":"https:\/\/ffmm.mil.py\/ejercito\/wp-json\/wp\/v2\/pages\/16","targetHints":{"allow":["GET"]}}],"collection":[{"href":"https:\/\/ffmm.mil.py\/ejercito\/wp-json\/wp\/v2\/pages"}],"about":[{"href":"https:\/\/ffmm.mil.py\/ejercito\/wp-json\/wp\/v2\/types\/page"}],"author":[{"embeddable":true,"href":"https:\/\/ffmm.mil.py\/ejercito\/wp-json\/wp\/v2\/users\/1"}],"replies":[{"embeddable":true,"href":"https:\/\/ffmm.mil.py\/ejercito\/wp-json\/wp\/v2\/comments?post=16"}],"version-history":[{"count":8,"href":"https:\/\/ffmm.mil.py\/ejercito\/wp-json\/wp\/v2\/pages\/16\/revisions"}],"predecessor-version":[{"id":243,"href":"https:\/\/ffmm.mil.py\/ejercito\/wp-json\/wp\/v2\/pages\/16\/revisions\/243"}],"wp:attachment":[{"href":"https:\/\/ffmm.mil.py\/ejercito\/wp-json\/wp\/v2\/media?parent=16"}],"curies":[{"name":"wp","href":"https:\/\/api.w.org\/{rel}","templated":true}]}}

<div class="wp-block-columns is-layout-flex wp-container-core-columns-is-layout-28f84493 wp-block-columns-is-layout-flex">
<div class="wp-block-column is-layout-flow wp-block-column-is-layout-flow" style="flex-basis:33.33%">
<figure class="wp-block-image size-full"><img fetchpriority="high" decoding="async" width="873" height="515" src="https://cimefor.mil.py/ejercito/wp-content/uploads/sites/7/2025/07/independencia-del-paraguay.jpg" alt="" class="wp-image-107" srcset="https://ffmm.mil.py/ejercito/wp-content/uploads/sites/7/2025/07/independencia-del-paraguay.jpg 873w, https://ffmm.mil.py/ejercito/wp-content/uploads/sites/7/2025/07/independencia-del-paraguay-300x177.jpg 300w, https://ffmm.mil.py/ejercito/wp-content/uploads/sites/7/2025/07/independencia-del-paraguay-768x453.jpg 768w" sizes="(max-width: 873px) 100vw, 873px" /></figure>
</div>



<div class="wp-block-column is-vertically-aligned-center is-layout-flow wp-block-column-is-layout-flow" style="flex-basis:66.66%">
<h5 class="wp-block-heading has-text-align-left">La historia del Ejército Paraguayo se remonta a un año antes de su independencia de España, cuando la junta de gobierno de Buenos Aires encomendó al entonces Cnel Manuel Belgrano, ir con 950 hombres y 6 cañones al Paraguay para derrocar al Gobierno realista de Asunción. El Ejército de la Gobernación española del Paraguay derrotó a las tropas comandadas por Belgrano en las Batallas de Tacuarí y Paraguarí.</h5>
</div>
</div>



<div style="height:100px" aria-hidden="true" class="wp-block-spacer"></div>



<div class="wp-block-columns is-layout-flex wp-container-core-columns-is-layout-28f84493 wp-block-columns-is-layout-flex">
<div class="wp-block-column is-vertically-aligned-center is-layout-flow wp-block-column-is-layout-flow" style="flex-basis:66.66%">
<h5 class="wp-block-heading has-text-align-left">Esta victoria conseguida por los jefes militares nacidos en el Paraguay, creó la confianza necesaria para independizarse el 14 y 15 de mayo de 1811, siendo el primer país sudamericano en lugar su independencia permanente de España.</h5>
</div>



<div class="wp-block-column is-vertically-aligned-top is-layout-flow wp-block-column-is-layout-flow"></div>



<div class="wp-block-column is-layout-flow wp-block-column-is-layout-flow" style="flex-basis:33.33%">
<figure class="wp-block-image size-full"><img decoding="async" width="434" height="654" src="https://cimefor.mil.py/ejercito/wp-content/uploads/sites/7/2025/07/0002960506.jpg" alt="" class="wp-image-109" srcset="https://ffmm.mil.py/ejercito/wp-content/uploads/sites/7/2025/07/0002960506.jpg 434w, https://ffmm.mil.py/ejercito/wp-content/uploads/sites/7/2025/07/0002960506-199x300.jpg 199w" sizes="(max-width: 434px) 100vw, 434px" /></figure>
</div>
</div>



<div style="height:100px" aria-hidden="true" class="wp-block-spacer"></div>



<div class="wp-block-columns is-layout-flex wp-container-core-columns-is-layout-28f84493 wp-block-columns-is-layout-flex">
<div class="wp-block-column is-layout-flow wp-block-column-is-layout-flow">
<figure class="wp-block-image size-full"><img decoding="async" width="502" height="381" src="https://cimefor.mil.py/ejercito/wp-content/uploads/sites/7/2025/07/carlos.jpeg" alt="" class="wp-image-110" srcset="https://ffmm.mil.py/ejercito/wp-content/uploads/sites/7/2025/07/carlos.jpeg 502w, https://ffmm.mil.py/ejercito/wp-content/uploads/sites/7/2025/07/carlos-300x228.jpeg 300w" sizes="(max-width: 502px) 100vw, 502px" /></figure>
</div>



<div class="wp-block-column is-vertically-aligned-center is-layout-flow wp-block-column-is-layout-flow">
<h5 class="wp-block-heading">Como Ejército Nacional, la primera misión de combate que le cupo cumplir fue la recuperación del Fuerte Borbón en 1812, ocupado por los portugueses.</h5>



<h5 class="wp-block-heading">Don Carlos Antonio López, primer presidente constitucional del Paraguay, reorganiza el Ejército, creando el Ministerio de Guerra y Mina, a cargo del entonces Brigadier Francisco Solano López. Ante la inminencia de la Guerra contra la Triple Alianza, el General López organizó el Campamento de Cerro León, con un efectivo de 38.000 soldados.</h5>
</div>
</div>



<div style="height:100px" aria-hidden="true" class="wp-block-spacer"></div>



<div class="wp-block-columns is-layout-flex wp-container-core-columns-is-layout-28f84493 wp-block-columns-is-layout-flex">
<div class="wp-block-column is-vertically-aligned-center is-layout-flow wp-block-column-is-layout-flow">
<h5 class="wp-block-heading">El Mariscal López combatió con una coalición de 140.000 hombres durante cinco años, desde Paso de Patria hasta las orillas del Aquidabán, hasta caer finalmente el 1º de marzo de 1870, fiel a su juramento de «Vencer o Morir», juramento que hasta hoy identifica al Ejército Paraguayo.</h5>



<h5 class="wp-block-heading">Con la muerte del Leónidas paraguayo se da el fin de la guerra.</h5>
</div>



<div class="wp-block-column is-layout-flow wp-block-column-is-layout-flow">
<figure class="wp-block-image size-full"><img loading="lazy" decoding="async" width="575" height="809" src="https://cimefor.mil.py/ejercito/wp-content/uploads/sites/7/2025/07/Mariscal-Francisco-Solano-Lopez-1.jpg" alt="" class="wp-image-111" srcset="https://ffmm.mil.py/ejercito/wp-content/uploads/sites/7/2025/07/Mariscal-Francisco-Solano-Lopez-1.jpg 575w, https://ffmm.mil.py/ejercito/wp-content/uploads/sites/7/2025/07/Mariscal-Francisco-Solano-Lopez-1-213x300.jpg 213w" sizes="(max-width: 575px) 100vw, 575px" /></figure>
</div>
</div>



<div style="height:100px" aria-hidden="true" class="wp-block-spacer"></div>



<div class="wp-block-columns are-vertically-aligned-center is-layout-flex wp-container-core-columns-is-layout-28f84493 wp-block-columns-is-layout-flex">
<div class="wp-block-column is-vertically-aligned-center is-layout-flow wp-block-column-is-layout-flow"><div class="wp-block-image">
<figure class="aligncenter size-full"><img loading="lazy" decoding="async" width="561" height="382" src="https://cimefor.mil.py/ejercito/wp-content/uploads/sites/7/2025/07/Diapositiva8.png" alt="" class="wp-image-112" srcset="https://ffmm.mil.py/ejercito/wp-content/uploads/sites/7/2025/07/Diapositiva8.png 561w, https://ffmm.mil.py/ejercito/wp-content/uploads/sites/7/2025/07/Diapositiva8-300x204.png 300w" sizes="(max-width: 561px) 100vw, 561px" /></figure>
</div></div>



<div class="wp-block-column is-vertically-aligned-center is-layout-flow wp-block-column-is-layout-flow">
<h5 class="wp-block-heading has-text-align-left">En la década de 1930 el país afrontó la guerra contra Bolivia en la cual el Ejército supo honrar a nuestros antepasados ante un enemigo tenaz y una naturaleza hostil, bajo la insigne conducción del Mariscal José Félix Estigarribia, quien organizó el Ejército de la nada para llegar hasta el legendario río Parapití las mismas estribaciones andinas.</h5>
</div>
</div>



<div style="height:100px" aria-hidden="true" class="wp-block-spacer"></div>



<div class="wp-block-columns is-layout-flex wp-container-core-columns-is-layout-28f84493 wp-block-columns-is-layout-flex">
<div class="wp-block-column is-vertically-aligned-center is-layout-flow wp-block-column-is-layout-flow">
<h5 class="wp-block-heading">El Ejército Paraguayo en la actualiza se constituye en un factor de integración nacional agracias a su presencia en los rincones más alejados de la República, contribuyendo de esta forma en el desarrollo de las comunidades donde están asentadas y a las que se integra plenamente.</h5>



<h5 class="wp-block-heading">El Ejército Paraguayo infundido de un gran sentido nacionalista y de un profundo espíritu de servicio ha contribuido con su acción cívico-social, con la construcción de caminos, escuelas, puestos de salud, atención médica odontológica, ayuda con materiales y mano de obra, y, últimamente, colaborando con transporte y seguridad a la ciudadanía, devolviendo con esta forma de servicio social el apoyo moral y el aprecio del pueblo paraguayo.</h5>
</div>



<div class="wp-block-column is-layout-flow wp-block-column-is-layout-flow">
<figure class="wp-block-image size-full"><img loading="lazy" decoding="async" width="751" height="1024" src="https://cimefor.mil.py/ejercito/wp-content/uploads/sites/7/2025/07/Mcal_Jose_Felix_Estigarribia.jpg" alt="" class="wp-image-211" srcset="https://ffmm.mil.py/ejercito/wp-content/uploads/sites/7/2025/07/Mcal_Jose_Felix_Estigarribia.jpg 751w, https://ffmm.mil.py/ejercito/wp-content/uploads/sites/7/2025/07/Mcal_Jose_Felix_Estigarribia-220x300.jpg 220w" sizes="(max-width: 751px) 100vw, 751px" /></figure>
</div>
</div>

<p>La historia del Ejército Paraguayo se remonta a un año antes de su independencia de España, cuando la junta de gobierno de Buenos Aires encomendó al entonces Cnel Manuel Belgrano, ir con 950 hombres y 6 cañones al Paraguay para derrocar al Gobierno realista de Asunción. El Ejército de la Gobernación española del Paraguay derrotó [&hellip;]</p>
