{"id":32,"date":"2025-07-09T20:31:33","date_gmt":"2025-07-09T18:31:33","guid":{"rendered":"https:\/\/migracion.ffmm.mil.py\/ejercito\/?page_id=32"},"modified":"2026-01-30T15:12:18","modified_gmt":"2026-01-30T14:12:18","slug":"jefe-de-estado-mayor","status":"publish","type":"page","link":"https:\/\/ffmm.mil.py\/ejercito\/jefe-de-estado-mayor\/","title":{"rendered":"Jefe de Estado Mayor"},"content":{"rendered":"<div class=\"wp-block-image\">\n<figure class=\"aligncenter size-full is-resized\"><img fetchpriority=\"high\" decoding=\"async\" width=\"1181\" height=\"1574\" src=\"https:\/\/ffmm.mil.py\/ejercito\/wp-content\/uploads\/sites\/7\/2026\/01\/WhatsApp-Image-2025-12-19-at-11.26.30.jpeg\" alt=\"\" class=\"wp-image-310\" style=\"aspect-ratio:0.7503244985973286;width:690px;height:auto\" srcset=\"https:\/\/ffmm.mil.py\/ejercito\/wp-content\/uploads\/sites\/7\/2026\/01\/WhatsApp-Image-2025-12-19-at-11.26.30.jpeg 1181w, https:\/\/ffmm.mil.py\/ejercito\/wp-content\/uploads\/sites\/7\/2026\/01\/WhatsApp-Image-2025-12-19-at-11.26.30-225x300.jpeg 225w, https:\/\/ffmm.mil.py\/ejercito\/wp-content\/uploads\/sites\/7\/2026\/01\/WhatsApp-Image-2025-12-19-at-11.26.30-768x1024.jpeg 768w, https:\/\/ffmm.mil.py\/ejercito\/wp-content\/uploads\/sites\/7\/2026\/01\/WhatsApp-Image-2025-12-19-at-11.26.30-1152x1536.jpeg 1152w\" sizes=\"(max-width: 1181px) 100vw, 1181px\" \/><\/figure>\n<\/div>\n\n\n<h2 class=\"wp-block-heading has-text-align-center\">GRAL DIV JOSE ALEJANDRO SANTANDER DANS<\/h2>\n\n\n\n<h2 class=\"wp-block-heading has-text-align-center\">Jefe de Estado Mayor del Ej\u00e9rcito<\/h2>\n\n\n\n<h1 class=\"wp-block-heading\">CURRICULUM VITAE<\/h1>\n\n\n\n<blockquote class=\"wp-block-quote is-style-plain is-layout-flow wp-block-quote-is-layout-flow\">\n<ul class=\"wp-block-list\">\n<li><strong>NOMBRE Y APELLIDO:\u00a0<\/strong>JOSE ALEJANDRO SANTANDER DANS<\/li>\n\n\n\n<li><strong>GRADO:\u00a0<\/strong>GENERAL DE DIVISI\u00d3N<\/li>\n\n\n\n<li><strong>ARMA:\u00a0<\/strong>INFANTER\u00cdA<\/li>\n\n\n\n<li><strong>LUGAR Y FECHA DE NAC:<\/strong>\u00a0TEBICUARY-MI-PARAGUAY \u2013 05-MAR-68<\/li>\n\n\n\n<li><strong>ESTADO CIVIL:\u00a0<\/strong>CASADO<\/li>\n<\/ul>\n<\/blockquote>\n\n\n\n<h1 class=\"wp-block-heading\">CURSOS REALIZADOS<\/h1>\n\n\n\n<ul class=\"wp-block-list\">\n<li>En Colegio y Escuela del distrito de Tebicuary-mi<\/li>\n\n\n\n<li>Escuela de Armero DIMABEL<\/li>\n\n\n\n<li>De Formaci\u00f3n Colegio Militar \u201cMcal Francisco Solano L\u00f3pez\u201d<\/li>\n\n\n\n<li>De Perfeccionamiento de Oficiales del Ej\u00e9rcito<\/li>\n\n\n\n<li>De Comando y Estado Mayor del Ejercito\u00a0<\/li>\n\n\n\n<li>Maestr\u00eda en Planificaci\u00f3n y Conducci\u00f3n Estrat\u00e9gica Nacional. IAEE<\/li>\n\n\n\n<li>Centro de Capacitaci\u00f3n Pedag\u00f3gica del CIMEE<\/li>\n\n\n\n<li>Curso de Oficial de Estado Mayor del Ejercito Argentino (Escuela Superior de Guerra \u2013 Argentina)<\/li>\n\n\n\n<li>Curso Superior en Defensa Nacional Argentina(Escuela de Defensa Nacional \u2013 Argentina)<\/li>\n<\/ul>\n\n\n\n<h1 class=\"wp-block-heading\">MEDALLAS Y DISTINTIVOS<\/h1>\n\n\n\n<p><strong>NACIONALES<\/strong> <strong>Y EXTRANJEROS<\/strong><\/p>\n\n\n\n<ul class=\"wp-block-list\">\n<li>Medalla de Honor del EJERCITO<\/li>\n\n\n\n<li>Medalla de Honor del IAEE<\/li>\n\n\n\n<li>Medalla de Honor de la ECEME<\/li>\n\n\n\n<li>Medalla de Honor de la EPOE<\/li>\n\n\n\n<li>Medalla de Honor del CIMEE<\/li>\n\n\n\n<li>Medalla de Honor del COMISOE<\/li>\n\n\n\n<li>Medalla de Honor del LICEMIL<\/li>\n\n\n\n<li>Medalla de Honor de la INFANTERIA<\/li>\n\n\n\n<li>Medalla Mcal Tromposky del Ej\u00e9rcito de Brasil<\/li>\n\n\n\n<li>Distintivo de Ej\u00e9rcito Argentino<\/li>\n\n\n\n<li>Diploma de Amigo del Ej\u00e9rcito de Brasil<\/li>\n\n\n\n<li>Medalla del Ej\u00e9rcito de Brasil<\/li>\n<\/ul>\n\n\n\n<h1 class=\"wp-block-heading\">CARGOS OCUPADOS<\/h1>\n\n\n\n<ul class=\"wp-block-list\">\n<li>Comandante de Pelot\u00f3n<\/li>\n\n\n\n<li>Comandante de Compa\u00f1\u00eda<\/li>\n\n\n\n<li>Como Jefe de\u00a0 Seguridad\u00a0 del Sr Pdte. Rca. del PARAGUAY<\/li>\n\n\n\n<li>Comandante de Cuerpo de Cadete del LICEMIL<\/li>\n\n\n\n<li>Ayudante Personal del Comandante del Ejercito<\/li>\n\n\n\n<li>Coordinador General del Programa de Maestr\u00eda IAEE<\/li>\n\n\n\n<li>Comandante del COMISOE<\/li>\n\n\n\n<li>Comandante de la ECEME<\/li>\n\n\n\n<li>Comandante de la ACADEMIL<\/li>\n\n\n\n<li>Comandante del CIMEE<\/li>\n<\/ul>\n\n\n\n<h1 class=\"wp-block-heading\">CARGO ACTUAL<\/h1>\n\n\n\n<ul class=\"wp-block-list\">\n<li>Jefe de Estado Mayor del Comando del Ej\u00e9rcito.<\/li>\n<\/ul>\n","protected":false},"excerpt":{"rendered":"<p>GRAL DIV JOSE ALEJANDRO SANTANDER DANS Jefe de Estado Mayor del Ej\u00e9rcito CURRICULUM VITAE CURSOS REALIZADOS MEDALLAS Y DISTINTIVOS NACIONALES Y EXTRANJEROS CARGOS OCUPADOS CARGO ACTUAL<\/p>\n","protected":false},"author":1,"featured_media":310,"parent":0,"menu_order":0,"comment_status":"closed","ping_status":"closed","template":"page-nosidebar.php","meta":{"footnotes":""},"class_list":["post-32","page","type-page","status-publish","has-post-thumbnail","hentry"],"_links":{"self":[{"href":"https:\/\/ffmm.mil.py\/ejercito\/wp-json\/wp\/v2\/pages\/32","targetHints":{"allow":["GET"]}}],"collection":[{"href":"https:\/\/ffmm.mil.py\/ejercito\/wp-json\/wp\/v2\/pages"}],"about":[{"href":"https:\/\/ffmm.mil.py\/ejercito\/wp-json\/wp\/v2\/types\/page"}],"author":[{"embeddable":true,"href":"https:\/\/ffmm.mil.py\/ejercito\/wp-json\/wp\/v2\/users\/1"}],"replies":[{"embeddable":true,"href":"https:\/\/ffmm.mil.py\/ejercito\/wp-json\/wp\/v2\/comments?post=32"}],"version-history":[{"count":3,"href":"https:\/\/ffmm.mil.py\/ejercito\/wp-json\/wp\/v2\/pages\/32\/revisions"}],"predecessor-version":[{"id":311,"href":"https:\/\/ffmm.mil.py\/ejercito\/wp-json\/wp\/v2\/pages\/32\/revisions\/311"}],"wp:featuredmedia":[{"embeddable":true,"href":"https:\/\/ffmm.mil.py\/ejercito\/wp-json\/wp\/v2\/media\/310"}],"wp:attachment":[{"href":"https:\/\/ffmm.mil.py\/ejercito\/wp-json\/wp\/v2\/media?parent=32"}],"curies":[{"name":"wp","href":"https:\/\/api.w.org\/{rel}","templated":true}]}}

<div class="wp-block-image">
<figure class="aligncenter size-full is-resized"><img fetchpriority="high" decoding="async" width="1181" height="1574" src="https://ffmm.mil.py/ejercito/wp-content/uploads/sites/7/2026/01/WhatsApp-Image-2025-12-19-at-11.26.30.jpeg" alt="" class="wp-image-310" style="aspect-ratio:0.7503244985973286;width:690px;height:auto" srcset="https://ffmm.mil.py/ejercito/wp-content/uploads/sites/7/2026/01/WhatsApp-Image-2025-12-19-at-11.26.30.jpeg 1181w, https://ffmm.mil.py/ejercito/wp-content/uploads/sites/7/2026/01/WhatsApp-Image-2025-12-19-at-11.26.30-225x300.jpeg 225w, https://ffmm.mil.py/ejercito/wp-content/uploads/sites/7/2026/01/WhatsApp-Image-2025-12-19-at-11.26.30-768x1024.jpeg 768w, https://ffmm.mil.py/ejercito/wp-content/uploads/sites/7/2026/01/WhatsApp-Image-2025-12-19-at-11.26.30-1152x1536.jpeg 1152w" sizes="(max-width: 1181px) 100vw, 1181px" /></figure>
</div>


<h2 class="wp-block-heading has-text-align-center">GRAL DIV JOSE ALEJANDRO SANTANDER DANS</h2>



<h2 class="wp-block-heading has-text-align-center">Jefe de Estado Mayor del Ejército</h2>



<h1 class="wp-block-heading">CURRICULUM VITAE</h1>



<blockquote class="wp-block-quote is-style-plain is-layout-flow wp-block-quote-is-layout-flow">
<ul class="wp-block-list">
<li><strong>NOMBRE Y APELLIDO: </strong>JOSE ALEJANDRO SANTANDER DANS</li>



<li><strong>GRADO: </strong>GENERAL DE DIVISIÓN</li>



<li><strong>ARMA: </strong>INFANTERÍA</li>



<li><strong>LUGAR Y FECHA DE NAC:</strong> TEBICUARY-MI-PARAGUAY – 05-MAR-68</li>



<li><strong>ESTADO CIVIL: </strong>CASADO</li>
</ul>
</blockquote>



<h1 class="wp-block-heading">CURSOS REALIZADOS</h1>



<ul class="wp-block-list">
<li>En Colegio y Escuela del distrito de Tebicuary-mi</li>



<li>Escuela de Armero DIMABEL</li>



<li>De Formación Colegio Militar “Mcal Francisco Solano López”</li>



<li>De Perfeccionamiento de Oficiales del Ejército</li>



<li>De Comando y Estado Mayor del Ejercito </li>



<li>Maestría en Planificación y Conducción Estratégica Nacional. IAEE</li>



<li>Centro de Capacitación Pedagógica del CIMEE</li>



<li>Curso de Oficial de Estado Mayor del Ejercito Argentino (Escuela Superior de Guerra – Argentina)</li>



<li>Curso Superior en Defensa Nacional Argentina(Escuela de Defensa Nacional – Argentina)</li>
</ul>



<h1 class="wp-block-heading">MEDALLAS Y DISTINTIVOS</h1>



<p><strong>NACIONALES</strong> <strong>Y EXTRANJEROS</strong></p>



<ul class="wp-block-list">
<li>Medalla de Honor del EJERCITO</li>



<li>Medalla de Honor del IAEE</li>



<li>Medalla de Honor de la ECEME</li>



<li>Medalla de Honor de la EPOE</li>



<li>Medalla de Honor del CIMEE</li>



<li>Medalla de Honor del COMISOE</li>



<li>Medalla de Honor del LICEMIL</li>



<li>Medalla de Honor de la INFANTERIA</li>



<li>Medalla Mcal Tromposky del Ejército de Brasil</li>



<li>Distintivo de Ejército Argentino</li>



<li>Diploma de Amigo del Ejército de Brasil</li>



<li>Medalla del Ejército de Brasil</li>
</ul>



<h1 class="wp-block-heading">CARGOS OCUPADOS</h1>



<ul class="wp-block-list">
<li>Comandante de Pelotón</li>



<li>Comandante de Compañía</li>



<li>Como Jefe de  Seguridad  del Sr Pdte. Rca. del PARAGUAY</li>



<li>Comandante de Cuerpo de Cadete del LICEMIL</li>



<li>Ayudante Personal del Comandante del Ejercito</li>



<li>Coordinador General del Programa de Maestría IAEE</li>



<li>Comandante del COMISOE</li>



<li>Comandante de la ECEME</li>



<li>Comandante de la ACADEMIL</li>



<li>Comandante del CIMEE</li>
</ul>



<h1 class="wp-block-heading">CARGO ACTUAL</h1>



<ul class="wp-block-list">
<li>Jefe de Estado Mayor del Comando del Ejército.</li>
</ul>

<p>GRAL DIV JOSE ALEJANDRO SANTANDER DANS Jefe de Estado Mayor del Ejército CURRICULUM VITAE CURSOS REALIZADOS MEDALLAS Y DISTINTIVOS NACIONALES Y EXTRANJEROS CARGOS OCUPADOS CARGO ACTUAL</p>
