{"id":6,"date":"2025-07-09T20:31:33","date_gmt":"2025-07-09T18:31:33","guid":{"rendered":"https:\/\/migracion.ffmm.mil.py\/ejercito\/?page_id=6"},"modified":"2025-07-24T18:53:35","modified_gmt":"2025-07-24T16:53:35","slug":"inicio","status":"publish","type":"page","link":"https:\/\/ffmm.mil.py\/ejercito\/","title":{"rendered":"Inicio"},"content":{"rendered":"\n<div class=\"wp-block-columns is-layout-flex wp-container-core-columns-is-layout-28f84493 wp-block-columns-is-layout-flex\">\n<div class=\"wp-block-column contentsidebar has-mitic-gray-200-background-color has-background is-layout-flow wp-container-core-column-is-layout-e62f6290 wp-block-column-is-layout-flow\" style=\"border-radius:0px;flex-basis:25%\">\n<div class=\"wp-block-group is-vertical is-layout-flex wp-container-core-group-is-layout-fe9cc265 wp-block-group-is-layout-flex\">\n<h5 class=\"wp-block-heading mb-3\">Buscar en el sitio<\/h5>\n<\/div>\n\n\n<form role=\"search\" method=\"get\" action=\"https:\/\/ffmm.mil.py\/ejercito\/\" class=\"wp-block-search__button-outside wp-block-search__text-button wp-block-search\"    ><label class=\"wp-block-search__label\" for=\"wp-block-search__input-1\" >Buscar<\/label><div class=\"wp-block-search__inside-wrapper\" ><input class=\"wp-block-search__input\" id=\"wp-block-search__input-1\" placeholder=\"\" value=\"\" type=\"search\" name=\"s\" required \/><button aria-label=\"Buscar\" class=\"wp-block-search__button wp-element-button\" type=\"submit\" >Buscar<\/button><\/div><\/form>\n\n\n<p><\/p>\n\n\n\n<h5 class=\"wp-block-heading mt-5\">Principales secciones<\/h5>\n\n\n\n<ul class=\"wp-block-list\"><\/ul>\n\n\n<nav class=\"is-responsive items-justified-left is-vertical mt-2 wp-block-navigation is-content-justification-left is-layout-flex wp-container-core-navigation-is-layout-810fbbe0 wp-block-navigation-is-layout-flex\" aria-label=\"Men\u00fa\" \n\t\t data-wp-interactive=\"core\/navigation\" data-wp-context='{\"overlayOpenedBy\":{\"click\":false,\"hover\":false,\"focus\":false},\"type\":\"overlay\",\"roleAttribute\":\"\",\"ariaLabel\":\"Men\\u00fa\"}'><button aria-haspopup=\"dialog\" aria-label=\"Abrir el men\u00fa\" class=\"wp-block-navigation__responsive-container-open\" \n\t\t\t\tdata-wp-on--click=\"actions.openMenuOnClick\"\n\t\t\t\tdata-wp-on--keydown=\"actions.handleMenuKeydown\"\n\t\t\t><svg width=\"24\" height=\"24\" xmlns=\"http:\/\/www.w3.org\/2000\/svg\" viewBox=\"0 0 24 24\" aria-hidden=\"true\" focusable=\"false\"><path d=\"M4 7.5h16v1.5H4z\"><\/path><path d=\"M4 15h16v1.5H4z\"><\/path><\/svg><\/button>\n\t\t\t\t<div class=\"wp-block-navigation__responsive-container\"  id=\"modal-2\" \n\t\t\t\tdata-wp-class--has-modal-open=\"state.isMenuOpen\"\n\t\t\t\tdata-wp-class--is-menu-open=\"state.isMenuOpen\"\n\t\t\t\tdata-wp-watch=\"callbacks.initMenu\"\n\t\t\t\tdata-wp-on--keydown=\"actions.handleMenuKeydown\"\n\t\t\t\tdata-wp-on--focusout=\"actions.handleMenuFocusout\"\n\t\t\t\ttabindex=\"-1\"\n\t\t\t>\n\t\t\t\t\t<div class=\"wp-block-navigation__responsive-close\" tabindex=\"-1\">\n\t\t\t\t\t\t<div class=\"wp-block-navigation__responsive-dialog\" \n\t\t\t\tdata-wp-bind--aria-modal=\"state.ariaModal\"\n\t\t\t\tdata-wp-bind--aria-label=\"state.ariaLabel\"\n\t\t\t\tdata-wp-bind--role=\"state.roleAttribute\"\n\t\t\t>\n\t\t\t\t\t\t\t<button aria-label=\"Cerrar el men\u00fa\" class=\"wp-block-navigation__responsive-container-close\" \n\t\t\t\tdata-wp-on--click=\"actions.closeMenuOnClick\"\n\t\t\t><svg xmlns=\"http:\/\/www.w3.org\/2000\/svg\" viewBox=\"0 0 24 24\" width=\"24\" height=\"24\" aria-hidden=\"true\" focusable=\"false\"><path d=\"m13.06 12 6.47-6.47-1.06-1.06L12 10.94 5.53 4.47 4.47 5.53 10.94 12l-6.47 6.47 1.06 1.06L12 13.06l6.47 6.47 1.06-1.06L13.06 12Z\"><\/path><\/svg><\/button>\n\t\t\t\t\t\t\t<div class=\"wp-block-navigation__responsive-container-content\" \n\t\t\t\tdata-wp-watch=\"callbacks.focusFirstElement\"\n\t\t\t id=\"modal-2-content\">\n\t\t\t\t\t\t\t\t<ul class=\"wp-block-navigation__container is-responsive items-justified-left is-vertical mt-2 wp-block-navigation\"><li class=\" wp-block-navigation-item wp-block-navigation-link\"><a class=\"wp-block-navigation-item__content\"  href=\"https:\/\/ffmm.mil.py\/ejercito\/contacto\/\"><span class=\"wp-block-navigation-item__label\">Informaciones<\/span><\/a><\/li><li class=\" wp-block-navigation-item wp-block-navigation-link\"><a class=\"wp-block-navigation-item__content\"  href=\"https:\/\/ffmm.mil.py\/ejercito\/mision-y-vision\/\"><span class=\"wp-block-navigation-item__label\">Misi\u00f3n y Visi\u00f3n<\/span><\/a><\/li><li class=\" wp-block-navigation-item wp-block-navigation-link\"><a class=\"wp-block-navigation-item__content\"  href=\"https:\/\/ffmm.mil.py\/ejercito\/comandante\/\"><span class=\"wp-block-navigation-item__label\">Autoridades<\/span><\/a><\/li><li class=\" wp-block-navigation-item wp-block-navigation-link\"><a class=\"wp-block-navigation-item__content\"  href=\"https:\/\/ffmm.mil.py\/ejercito\/organigrama\/\"><span class=\"wp-block-navigation-item__label\">Organigrama<\/span><\/a><\/li><li class=\" wp-block-navigation-item wp-block-navigation-link\"><a class=\"wp-block-navigation-item__content\"  href=\"https:\/\/dgafmil.mitic.gov.py\/index.php\/transparencia\/centro-financiero-n-2\"><span class=\"wp-block-navigation-item__label\">Transparencia<\/span><\/a><\/li><li class=\" wp-block-navigation-item wp-block-navigation-link\"><a class=\"wp-block-navigation-item__content\"  href=\"https:\/\/ffmm.mil.py\/ejercito\/mecip\/\"><span class=\"wp-block-navigation-item__label\">MECIP<\/span><\/a><\/li><li class=\" wp-block-navigation-item wp-block-navigation-link\"><a class=\"wp-block-navigation-item__content\"  href=\"#\"><span class=\"wp-block-navigation-item__label\">Resoluciones<\/span><\/a><\/li><\/ul>\n\t\t\t\t\t\t\t<\/div>\n\t\t\t\t\t\t<\/div>\n\t\t\t\t\t<\/div>\n\t\t\t\t<\/div><\/nav><\/div>\n\n\n\n<div class=\"wp-block-column is-layout-flow wp-block-column-is-layout-flow\" style=\"flex-basis:50%\">\n<div style=\"height:5px\" aria-hidden=\"true\" class=\"wp-block-spacer\"><\/div>\n\n\n\n<h5 class=\"wp-block-heading has-mitic-gray-700-color has-text-color has-link-color wp-elements-5c0305a6ffbce44943f27a9534c24eaa\">\u00daltimas noticias publicadas<\/h5>\n\n\n<div class=\"wp-block-query blog-home is-layout-flow wp-block-query-is-layout-flow\"><div class=\"wp-block-columns alignwide is-layout-flex news-item\"><div class=\"wp-block-column wp-block-post-featured-image\"><a href=\"https:\/\/ffmm.mil.py\/ejercito\/2026\/01\/29\/%f0%9d%90%91%f0%9d%90%84%f0%9d%90%94%f0%9d%90%8d%f0%9d%90%88o%f0%9d%90%8d-%f0%9d%90%83%f0%9d%90%84-%f0%9d%90%82%f0%9d%90%8e%f0%9d%90%8e%f0%9d%90%91%f0%9d%90%83%f0%9d%90%88%f0%9d%90%8d%f0%9d%90%80\/\"><img fetchpriority=\"high\" decoding=\"async\" width=\"800\" height=\"482\" src=\"https:\/\/ffmm.mil.py\/ejercito\/wp-content\/uploads\/sites\/7\/2026\/01\/REUNION-CEA-1024x617.jpg\" class=\"attachment-large size-large wp-post-image wp-post-image\" alt=\"\" srcset=\"https:\/\/ffmm.mil.py\/ejercito\/wp-content\/uploads\/sites\/7\/2026\/01\/REUNION-CEA-1024x617.jpg 1024w, https:\/\/ffmm.mil.py\/ejercito\/wp-content\/uploads\/sites\/7\/2026\/01\/REUNION-CEA-300x181.jpg 300w, https:\/\/ffmm.mil.py\/ejercito\/wp-content\/uploads\/sites\/7\/2026\/01\/REUNION-CEA-768x462.jpg 768w, https:\/\/ffmm.mil.py\/ejercito\/wp-content\/uploads\/sites\/7\/2026\/01\/REUNION-CEA-1536x925.jpg 1536w, https:\/\/ffmm.mil.py\/ejercito\/wp-content\/uploads\/sites\/7\/2026\/01\/REUNION-CEA.jpg 2048w\" sizes=\"(max-width: 800px) 100vw, 800px\" \/><\/a><\/div><div class=\"wp-block-column\"><h2 class=\"wp-block-post-title\"><a href=\"https:\/\/ffmm.mil.py\/ejercito\/2026\/01\/29\/%f0%9d%90%91%f0%9d%90%84%f0%9d%90%94%f0%9d%90%8d%f0%9d%90%88o%f0%9d%90%8d-%f0%9d%90%83%f0%9d%90%84-%f0%9d%90%82%f0%9d%90%8e%f0%9d%90%8e%f0%9d%90%91%f0%9d%90%83%f0%9d%90%88%f0%9d%90%8d%f0%9d%90%80\/\">\ud835\udc11\ud835\udc04\ud835\udc14\ud835\udc0d\ud835\udc08\u00d3\ud835\udc0d \ud835\udc03\ud835\udc04 \ud835\udc02\ud835\udc0e\ud835\udc0e\ud835\udc11\ud835\udc03\ud835\udc08\ud835\udc0d\ud835\udc00\ud835\udc02\ud835\udc08\u00d3\ud835\udc0d \u2013 \ud835\udc02\ud835\udc04\ud835\udc00 \ud835\udc04\ud835\udc0d \ud835\udc0b\ud835\udc00 \ud835\udfcf\u00aa \ud835\udc03\ud835\udc08\ud835\udc15\ud835\udc08\ud835\udc12\ud835\udc08\u00d3\ud835\udc0d \ud835\udc03\ud835\udc04 \ud835\udc08\ud835\udc0d\ud835\udc05\ud835\udc00\ud835\udc0d\ud835\udc13\ud835\udc04\ud835\udc11\u00cd\ud835\udc00<\/a><\/h2><p class=\"post-date my-2\">29 de enero de 2026<\/p><div class=\"wp-block-post-excerpt\">En las instalaciones de la 1\u00aa Divisi\u00f3n de Infanter\u00eda, se llev\u00f3 a cabo una Reuni\u00f3n de Coordinaci\u00f3n de la CEA, con el...<\/div><\/div><\/div><div class=\"wp-block-columns alignwide is-layout-flex news-item\"><div class=\"wp-block-column wp-block-post-featured-image\"><a href=\"https:\/\/ffmm.mil.py\/ejercito\/2025\/07\/09\/%f0%9d%9f%97%f0%9d%9f%90-%f0%9d%90%80%f0%9d%90%8d%f0%9d%90%88%f0%9d%90%95%f0%9d%90%84%f0%9d%90%91%f0%9d%90%92%f0%9d%90%80%f0%9d%90%91%f0%9d%90%88%f0%9d%90%8e-%f0%9d%90%83%f0%9d%90%84\/\"><img decoding=\"async\" width=\"700\" height=\"450\" src=\"https:\/\/ffmm.mil.py\/ejercito\/wp-content\/uploads\/sites\/7\/2025\/07\/1-3.jpg\" class=\"attachment-large size-large wp-post-image wp-post-image\" alt=\"\" srcset=\"https:\/\/ffmm.mil.py\/ejercito\/wp-content\/uploads\/sites\/7\/2025\/07\/1-3.jpg 700w, https:\/\/ffmm.mil.py\/ejercito\/wp-content\/uploads\/sites\/7\/2025\/07\/1-3-300x193.jpg 300w\" sizes=\"(max-width: 700px) 100vw, 700px\" \/><\/a><\/div><div class=\"wp-block-column\"><h2 class=\"wp-block-post-title\"><a href=\"https:\/\/ffmm.mil.py\/ejercito\/2025\/07\/09\/%f0%9d%9f%97%f0%9d%9f%90-%f0%9d%90%80%f0%9d%90%8d%f0%9d%90%88%f0%9d%90%95%f0%9d%90%84%f0%9d%90%91%f0%9d%90%92%f0%9d%90%80%f0%9d%90%91%f0%9d%90%88%f0%9d%90%8e-%f0%9d%90%83%f0%9d%90%84\/\">\ud835\udfd7\ud835\udfd0\u00b0 \ud835\udc00\ud835\udc0d\ud835\udc08\ud835\udc15\ud835\udc04\ud835\udc11\ud835\udc12\ud835\udc00\ud835\udc11\ud835\udc08\ud835\udc0e \ud835\udc03\ud835\udc04 \ud835\udc0b\ud835\udc00 \ud835\udc12\ud835\udc04\ud835\udc06\ud835\udc14\ud835\udc0d\ud835\udc03\ud835\udc00 \ud835\udc01\ud835\udc00\ud835\udc13\ud835\udc00\ud835\udc0b\ud835\udc0b\ud835\udc00 \ud835\udc03\ud835\udc04 \ud835\udc0d\ud835\udc00\ud835\udc0d\ud835\udc00\ud835\udc16\ud835\udc00<\/a><\/h2><p class=\"post-date my-2\">9 de julio de 2025<\/p><div class=\"wp-block-post-excerpt\"><\/div><\/div><\/div><div class=\"wp-block-columns alignwide is-layout-flex news-item\"><div class=\"wp-block-column wp-block-post-featured-image\"><a href=\"https:\/\/ffmm.mil.py\/ejercito\/2025\/07\/09\/%f0%9d%9f%90%f0%9d%9f%92%f0%9d%9f%97-%f0%9d%90%80%f0%9d%90%8d%f0%9d%90%88%f0%9d%90%95%f0%9d%90%84%f0%9d%90%91%f0%9d%90%92%f0%9d%90%80%f0%9d%90%91%f0%9d%90%88%f0%9d%90%8e-%f0%9d%90%83%f0%9d%90%84\/\"><img decoding=\"async\" width=\"700\" height=\"450\" src=\"https:\/\/ffmm.mil.py\/ejercito\/wp-content\/uploads\/sites\/7\/2025\/07\/1-2.jpg\" class=\"attachment-large size-large wp-post-image wp-post-image\" alt=\"\" srcset=\"https:\/\/ffmm.mil.py\/ejercito\/wp-content\/uploads\/sites\/7\/2025\/07\/1-2.jpg 700w, https:\/\/ffmm.mil.py\/ejercito\/wp-content\/uploads\/sites\/7\/2025\/07\/1-2-300x193.jpg 300w\" sizes=\"(max-width: 700px) 100vw, 700px\" \/><\/a><\/div><div class=\"wp-block-column\"><h2 class=\"wp-block-post-title\"><a href=\"https:\/\/ffmm.mil.py\/ejercito\/2025\/07\/09\/%f0%9d%9f%90%f0%9d%9f%92%f0%9d%9f%97-%f0%9d%90%80%f0%9d%90%8d%f0%9d%90%88%f0%9d%90%95%f0%9d%90%84%f0%9d%90%91%f0%9d%90%92%f0%9d%90%80%f0%9d%90%91%f0%9d%90%88%f0%9d%90%8e-%f0%9d%90%83%f0%9d%90%84\/\">\ud835\udfd0\ud835\udfd2\ud835\udfd7\u00b0 \ud835\udc00\ud835\udc0d\ud835\udc08\ud835\udc15\ud835\udc04\ud835\udc11\ud835\udc12\ud835\udc00\ud835\udc11\ud835\udc08\ud835\udc0e \ud835\udc03\ud835\udc04 \ud835\udc08\ud835\udc0d\ud835\udc03\ud835\udc04\ud835\udc0f\ud835\udc04\ud835\udc0d\ud835\udc03\ud835\udc04\ud835\udc0d\ud835\udc02\ud835\udc08\ud835\udc00 \ud835\udc03\ud835\udc04 \ud835\udc0b\ud835\udc0e\ud835\udc12 \ud835\udc04\ud835\udc12\ud835\udc13\ud835\udc00\ud835\udc03\ud835\udc0e\ud835\udc12 \ud835\udc14\ud835\udc0d\ud835\udc08\ud835\udc03\ud835\udc0e\ud835\udc12 \ud835\udc03\ud835\udc04 \ud835\udc00\ud835\udc0c\ud835\udc04\u0301\ud835\udc11\ud835\udc08\ud835\udc02\ud835\udc00<\/a><\/h2><p class=\"post-date my-2\">9 de julio de 2025<\/p><div class=\"wp-block-post-excerpt\">El Glorioso Ej\u00e9rcito Paraguayo expresa sus m\u00e1s sinceras felicitaciones al pueblo y al Gobierno estadounidense en conmemoraci\u00f3n al 249\u00b0 Aniversario de la...<\/div><\/div><\/div><div class=\"wp-block-columns alignwide is-layout-flex news-item\"><div class=\"wp-block-column wp-block-post-featured-image\"><a href=\"https:\/\/ffmm.mil.py\/ejercito\/2025\/07\/09\/%f0%9d%90%93%f0%9d%90%8e%f0%9d%90%91%f0%9d%90%8d%f0%9d%90%84%f0%9d%90%8e-%f0%9d%90%83%f0%9d%90%84-%f0%9d%90%80%f0%9d%90%89%f0%9d%90%84%f0%9d%90%83%f0%9d%90%91%f0%9d%90%84%f0%9d%90%99-%f0%9d%90%84\/\"><img loading=\"lazy\" decoding=\"async\" width=\"700\" height=\"450\" src=\"https:\/\/ffmm.mil.py\/ejercito\/wp-content\/uploads\/sites\/7\/2025\/07\/1-1.jpg\" class=\"attachment-large size-large wp-post-image wp-post-image\" alt=\"\" srcset=\"https:\/\/ffmm.mil.py\/ejercito\/wp-content\/uploads\/sites\/7\/2025\/07\/1-1.jpg 700w, https:\/\/ffmm.mil.py\/ejercito\/wp-content\/uploads\/sites\/7\/2025\/07\/1-1-300x193.jpg 300w\" sizes=\"(max-width: 700px) 100vw, 700px\" \/><\/a><\/div><div class=\"wp-block-column\"><h2 class=\"wp-block-post-title\"><a href=\"https:\/\/ffmm.mil.py\/ejercito\/2025\/07\/09\/%f0%9d%90%93%f0%9d%90%8e%f0%9d%90%91%f0%9d%90%8d%f0%9d%90%84%f0%9d%90%8e-%f0%9d%90%83%f0%9d%90%84-%f0%9d%90%80%f0%9d%90%89%f0%9d%90%84%f0%9d%90%83%f0%9d%90%91%f0%9d%90%84%f0%9d%90%99-%f0%9d%90%84\/\">\ud835\udc13\ud835\udc0e\ud835\udc11\ud835\udc0d\ud835\udc04\ud835\udc0e \ud835\udc03\ud835\udc04 \ud835\udc00\ud835\udc09\ud835\udc04\ud835\udc03\ud835\udc11\ud835\udc04\ud835\udc19 \ud835\udc04\ud835\udc0d \ud835\udc04\ud835\udc0b \ud835\udc02\ud835\udc08\ud835\udc0c\ud835\udc04\ud835\udc04<\/a><\/h2><p class=\"post-date my-2\">9 de julio de 2025<\/p><div class=\"wp-block-post-excerpt\">En la fecha, en el Comando de Institutos Militares de Ense\u00f1anza del Ej\u00e9rcito CIMEE, en homenaje al Glorioso Ej\u00e9rcito Paraguayo, se llev\u00f3...<\/div><\/div><\/div><div class=\"wp-block-columns alignwide is-layout-flex news-item\"><div class=\"wp-block-column wp-block-post-featured-image\"><a href=\"https:\/\/ffmm.mil.py\/ejercito\/2025\/07\/09\/%f0%9d%90%83%f0%9d%90%88%f0%9d%90%80-%f0%9d%90%83%f0%9d%90%84-%f0%9d%90%8b%f0%9d%90%80-%f0%9d%90%80%f0%9d%90%91%f0%9d%90%93%f0%9d%90%88%f0%9d%90%8b%f0%9d%90%8b%f0%9d%90%84%f0%9d%90%91%f0%9d%90%88\/\"><img loading=\"lazy\" decoding=\"async\" width=\"700\" height=\"450\" src=\"https:\/\/ffmm.mil.py\/ejercito\/wp-content\/uploads\/sites\/7\/2025\/07\/1.jpg\" class=\"attachment-large size-large wp-post-image wp-post-image\" alt=\"\" srcset=\"https:\/\/ffmm.mil.py\/ejercito\/wp-content\/uploads\/sites\/7\/2025\/07\/1.jpg 700w, https:\/\/ffmm.mil.py\/ejercito\/wp-content\/uploads\/sites\/7\/2025\/07\/1-300x193.jpg 300w\" sizes=\"(max-width: 700px) 100vw, 700px\" \/><\/a><\/div><div class=\"wp-block-column\"><h2 class=\"wp-block-post-title\"><a href=\"https:\/\/ffmm.mil.py\/ejercito\/2025\/07\/09\/%f0%9d%90%83%f0%9d%90%88%f0%9d%90%80-%f0%9d%90%83%f0%9d%90%84-%f0%9d%90%8b%f0%9d%90%80-%f0%9d%90%80%f0%9d%90%91%f0%9d%90%93%f0%9d%90%88%f0%9d%90%8b%f0%9d%90%8b%f0%9d%90%84%f0%9d%90%91%f0%9d%90%88\/\">\ud835\udc03\ud835\udc08\ud835\udc00 \ud835\udc03\ud835\udc04 \ud835\udc0b\ud835\udc00 \ud835\udc00\ud835\udc11\ud835\udc13\ud835\udc08\ud835\udc0b\ud835\udc0b\ud835\udc04\ud835\udc11\ud835\udc08\ud835\udc00 \ud835\udc0f\ud835\udc00\ud835\udc11\ud835\udc00\ud835\udc06\ud835\udc14\ud835\udc00\ud835\udc18\ud835\udc00<\/a><\/h2><p class=\"post-date my-2\">9 de julio de 2025<\/p><div class=\"wp-block-post-excerpt\">En el Comando de Artiller\u00eda del Ej\u00e9rcito, se celebr\u00f3 la ceremonia conmemorativa del D\u00eda de la Artiller\u00eda Paraguaya, la ceremonia fue presidida...<\/div><\/div><\/div><\/div>\n<\/div>\n\n\n\n<div class=\"wp-block-column is-layout-flow wp-block-column-is-layout-flow\">\n<div style=\"height:10px\" aria-hidden=\"true\" class=\"wp-block-spacer\"><\/div>\n\n\n\n<div class=\"wp-block-group is-vertical is-layout-flex wp-container-core-group-is-layout-fe9cc265 wp-block-group-is-layout-flex\">\n<figure class=\"wp-block-image size-full\"><a href=\"https:\/\/ffmm.mil.py\/rendicion-de-cuentas-al-ciudadano\/\"><img decoding=\"async\" src=\"https:\/\/cimefor.mil.py\/wp-content\/uploads\/2025\/06\/rendicion-al-ciudadano-300x196-1.jpg\" alt=\"\" class=\"wp-image-159\"\/><\/a><\/figure>\n<\/div>\n\n\n\n<figure class=\"wp-block-image size-full\"><a href=\"https:\/\/dgafmil.mil.py\/index.php\/transparencia\"><img decoding=\"async\" src=\"https:\/\/cimefor.mil.py\/wp-content\/uploads\/2025\/06\/Transparencia-300x119-1.png\" alt=\"\" class=\"wp-image-160\"\/><\/a><\/figure>\n\n\n\n<figure class=\"wp-block-image size-full\"><a href=\"https:\/\/dgafmil.mil.py\/index.php\/transparencia\"><img decoding=\"async\" src=\"https:\/\/cimefor.mil.py\/wp-content\/uploads\/2025\/06\/elegi-tu-tramite-en-linea-izquierda-300x119-1.gif\" alt=\"\" class=\"wp-image-161\"\/><\/a><\/figure>\n<\/div>\n<\/div>\n\n\n\n<p><\/p>\n","protected":false},"excerpt":{"rendered":"<p>Buscar en el sitio Principales secciones \u00daltimas noticias publicadas<\/p>\n","protected":false},"author":1,"featured_media":0,"parent":0,"menu_order":0,"comment_status":"closed","ping_status":"closed","template":"page-nosidebar.php","meta":{"footnotes":""},"class_list":["post-6","page","type-page","status-publish","hentry"],"_links":{"self":[{"href":"https:\/\/ffmm.mil.py\/ejercito\/wp-json\/wp\/v2\/pages\/6","targetHints":{"allow":["GET"]}}],"collection":[{"href":"https:\/\/ffmm.mil.py\/ejercito\/wp-json\/wp\/v2\/pages"}],"about":[{"href":"https:\/\/ffmm.mil.py\/ejercito\/wp-json\/wp\/v2\/types\/page"}],"author":[{"embeddable":true,"href":"https:\/\/ffmm.mil.py\/ejercito\/wp-json\/wp\/v2\/users\/1"}],"replies":[{"embeddable":true,"href":"https:\/\/ffmm.mil.py\/ejercito\/wp-json\/wp\/v2\/comments?post=6"}],"version-history":[{"count":5,"href":"https:\/\/ffmm.mil.py\/ejercito\/wp-json\/wp\/v2\/pages\/6\/revisions"}],"predecessor-version":[{"id":302,"href":"https:\/\/ffmm.mil.py\/ejercito\/wp-json\/wp\/v2\/pages\/6\/revisions\/302"}],"wp:attachment":[{"href":"https:\/\/ffmm.mil.py\/ejercito\/wp-json\/wp\/v2\/media?parent=6"}],"curies":[{"name":"wp","href":"https:\/\/api.w.org\/{rel}","templated":true}]}}