{"id":65,"date":"2025-07-09T20:44:00","date_gmt":"2025-07-09T18:44:00","guid":{"rendered":"https:\/\/migracion.ffmm.mil.py\/ejercito\/?page_id=65"},"modified":"2025-07-10T19:40:16","modified_gmt":"2025-07-10T17:40:16","slug":"academil-oficiales","status":"publish","type":"page","link":"https:\/\/ffmm.mil.py\/ejercito\/academil-oficiales\/","title":{"rendered":"Academil (oficiales)"},"content":{"rendered":"<div class=\"wp-block-image\">\n<figure class=\"aligncenter size-full\"><img fetchpriority=\"high\" decoding=\"async\" width=\"600\" height=\"396\" src=\"https:\/\/cimefor.mil.py\/ejercito\/wp-content\/uploads\/sites\/7\/2025\/07\/Escudo_Academil-600x396-1.png\" alt=\"\" class=\"wp-image-163\" srcset=\"https:\/\/ffmm.mil.py\/ejercito\/wp-content\/uploads\/sites\/7\/2025\/07\/Escudo_Academil-600x396-1.png 600w, https:\/\/ffmm.mil.py\/ejercito\/wp-content\/uploads\/sites\/7\/2025\/07\/Escudo_Academil-600x396-1-300x198.png 300w\" sizes=\"(max-width: 600px) 100vw, 600px\" \/><\/figure>\n<\/div>\n\n\n<h2 class=\"wp-block-heading\">REQUISITOS PARA SER OFICIAL DE LA EJERCITO PARAGUAYO EN SERVICIO ACTIVO<\/h2>\n\n\n\n<p>Ser egresado de la Academia Militar \u201cMcal. Francisco Solano L\u00f3pez\u201d o de institutos similares del exterior<\/p>\n\n\n\n<p>Ser egresados universitario llamado a concurso en las especialidades vacantes en sus dotaciones org\u00e1nicas,&nbsp;previa realizaci\u00f3n del curso con programas especiales en instituciones de formaci\u00f3n de oficiales.<\/p>\n\n\n\n<h2 class=\"wp-block-heading\">Requisitos para la inscripci\u00f3n en la Academia Militar \u201cMcal.Francisco Solano L\u00f3pez\u201d<\/h2>\n\n\n\n<ul class=\"wp-block-list\">\n<li>Ser ciudadano Paraguayo natural.<\/li>\n\n\n\n<li>Poseer edad m\u00ednima de 18 a\u00f1os para el d\u00eda de ingreso a la ACADEMIL y 22 a\u00f1os como m\u00e1ximo, hasta el 31 de diciembre del a\u00f1o de inscripci\u00f3n.<\/li>\n\n\n\n<li>Poseer estatura m\u00ednima de 1,70 m. para varones y 1,65 m para mujeres.<\/li>\n\n\n\n<li>Presentar copia de solicitud de suspensi\u00f3n de sus derechos y obligaciones de afiliado de alg\u00fan partido o movimiento pol\u00edtico, si lo tuviere (Art. 58, Estatuto del Personal Militar).<\/li>\n\n\n\n<li>Documentos exigidos:<\/li>\n\n\n\n<li>Certificado de Nacimiento, expedido por el Registro Civil.<\/li>\n\n\n\n<li>Certificado de Estudios del nivel medio concluido, visado por el Ministerio de Educaci\u00f3n y Cultura.<\/li>\n\n\n\n<li>Certificado de Antecedentes Policiales.<\/li>\n\n\n\n<li>Certificado de Antecedentes Judiciales.<\/li>\n\n\n\n<li>C\u00e9dula de identidad y fotocopia de la misma autenticada.<\/li>\n\n\n\n<li>Certificado de solter\u00eda, expedido por el Registro Civil.<\/li>\n\n\n\n<li>Libreta del Servicio Militar Obligatorio o su boleta de enrolamiento.<\/li>\n\n\n\n<li>Tres fotos tipo Carnet de 2 x 3 cm<\/li>\n<\/ul>\n\n\n\n<h3 class=\"wp-block-heading\">M\u00c1S INFORMACIONES AL: Direcci\u00f3n de Ense\u00f1anza 0228632800 &#8212; Oficina de Guardia 0228632680<\/h3>\n\n\n\n<p><strong>Ruta 2 Km. 21 \/ Desv\u00edo Aregua<\/strong><\/p>\n\n\n\n<p>La Academia Militar \u00abMariscal Francisco Solano L\u00f3pez, es un instituto localizado en Capiat\u00e1, Paraguay encargado de formar Oficiales para el Ej\u00e9rcito de Paraguay, la Fuerza A\u00e9rea de Paraguay y la Armada Paraguaya. Sus egresados ingresan al Ej\u00e9rcito, a la Fuerza A\u00e9rea y en la Armada en el grado de Oficiales con el grado de Subteniente y Guardiamarina respectivamente.<\/p>\n\n\n\n<h2 class=\"wp-block-heading has-text-align-center\">Historia<\/h2>\n\n\n\n<p>La Academia Militar Mcal Francisco Solano L\u00f3pez, fue creada el 23 de junio de 1915 con la denominaci\u00f3n de Escuela Militar. En el a\u00f1o 1932 con motivo de la Guerra del Chaco, la Escuela Militar sirvi\u00f3 como base de la formaci\u00f3n del Regimiento de Infanter\u00eda N\u00ba6 \u00abBoquer\u00f3n\u00bb, recibiendo su bautismo de fuego y sangre el 17 de septiembre del mismo a\u00f1o.<\/p>\n\n\n\n<p>En 1948, la Escuela Militar pasa a denominarse Colegio Militar \u00abMcal Francisco Solano L\u00f3pez\u00bb a\u00f1o en que tambi\u00e9n el Pabell\u00f3n de Guerra del Colegio Militar fue condecorado con la \u201cCruz del Chaco\u201d siendo anteriormente condecorada con la \u201cCruz del Defensor\u201d y la \u201cMedalla de Boquer\u00f3n\u201d. Estas condecoraciones fueron entregadas por el entonces Presidente de la Rep\u00fablica, General de Ej\u00e9rcito Don Jos\u00e9 F\u00e9lix Estigarribia, en la ceremonia realizada con motivo de los festejos de la Boda de Plata del Colegio Militar.<\/p>\n\n\n\n<div class=\"wp-block-columns is-layout-flex wp-container-core-columns-is-layout-28f84493 wp-block-columns-is-layout-flex\">\n<div class=\"wp-block-column is-layout-flow wp-block-column-is-layout-flow\">\n<figure class=\"wp-block-image size-full\"><img decoding=\"async\" width=\"559\" height=\"331\" src=\"https:\/\/cimefor.mil.py\/ejercito\/wp-content\/uploads\/sites\/7\/2025\/07\/4.jpg\" alt=\"\" class=\"wp-image-165\" srcset=\"https:\/\/ffmm.mil.py\/ejercito\/wp-content\/uploads\/sites\/7\/2025\/07\/4.jpg 559w, https:\/\/ffmm.mil.py\/ejercito\/wp-content\/uploads\/sites\/7\/2025\/07\/4-300x178.jpg 300w\" sizes=\"(max-width: 559px) 100vw, 559px\" \/><\/figure>\n<\/div>\n\n\n\n<div class=\"wp-block-column is-layout-flow wp-block-column-is-layout-flow\">\n<figure class=\"wp-block-image size-large\"><img decoding=\"async\" width=\"1024\" height=\"683\" src=\"https:\/\/cimefor.mil.py\/ejercito\/wp-content\/uploads\/sites\/7\/2025\/07\/1-5-1024x683.jpg\" alt=\"\" class=\"wp-image-166\" srcset=\"https:\/\/ffmm.mil.py\/ejercito\/wp-content\/uploads\/sites\/7\/2025\/07\/1-5-1024x683.jpg 1024w, https:\/\/ffmm.mil.py\/ejercito\/wp-content\/uploads\/sites\/7\/2025\/07\/1-5-300x200.jpg 300w, https:\/\/ffmm.mil.py\/ejercito\/wp-content\/uploads\/sites\/7\/2025\/07\/1-5-768x512.jpg 768w, https:\/\/ffmm.mil.py\/ejercito\/wp-content\/uploads\/sites\/7\/2025\/07\/1-5.jpg 1500w\" sizes=\"(max-width: 1024px) 100vw, 1024px\" \/><\/figure>\n<\/div>\n<\/div>\n\n\n\n<div class=\"wp-block-columns is-layout-flex wp-container-core-columns-is-layout-28f84493 wp-block-columns-is-layout-flex\">\n<div class=\"wp-block-column is-layout-flow wp-block-column-is-layout-flow\">\n<figure class=\"wp-block-image size-large\"><img loading=\"lazy\" decoding=\"async\" width=\"1024\" height=\"707\" src=\"https:\/\/cimefor.mil.py\/ejercito\/wp-content\/uploads\/sites\/7\/2025\/07\/academil-4-1536x1060-1-1024x707.jpg\" alt=\"\" class=\"wp-image-167\" srcset=\"https:\/\/ffmm.mil.py\/ejercito\/wp-content\/uploads\/sites\/7\/2025\/07\/academil-4-1536x1060-1-1024x707.jpg 1024w, https:\/\/ffmm.mil.py\/ejercito\/wp-content\/uploads\/sites\/7\/2025\/07\/academil-4-1536x1060-1-300x207.jpg 300w, https:\/\/ffmm.mil.py\/ejercito\/wp-content\/uploads\/sites\/7\/2025\/07\/academil-4-1536x1060-1-768x530.jpg 768w, https:\/\/ffmm.mil.py\/ejercito\/wp-content\/uploads\/sites\/7\/2025\/07\/academil-4-1536x1060-1.jpg 1536w\" sizes=\"(max-width: 1024px) 100vw, 1024px\" \/><\/figure>\n<\/div>\n\n\n\n<div class=\"wp-block-column is-layout-flow wp-block-column-is-layout-flow\"><div class=\"wp-block-image\">\n<figure class=\"aligncenter size-large\"><img loading=\"lazy\" decoding=\"async\" width=\"1024\" height=\"653\" src=\"https:\/\/cimefor.mil.py\/ejercito\/wp-content\/uploads\/sites\/7\/2025\/07\/academil-3-1536x980-1-1024x653.jpg\" alt=\"\" class=\"wp-image-168\" srcset=\"https:\/\/ffmm.mil.py\/ejercito\/wp-content\/uploads\/sites\/7\/2025\/07\/academil-3-1536x980-1-1024x653.jpg 1024w, https:\/\/ffmm.mil.py\/ejercito\/wp-content\/uploads\/sites\/7\/2025\/07\/academil-3-1536x980-1-300x191.jpg 300w, https:\/\/ffmm.mil.py\/ejercito\/wp-content\/uploads\/sites\/7\/2025\/07\/academil-3-1536x980-1-768x490.jpg 768w, https:\/\/ffmm.mil.py\/ejercito\/wp-content\/uploads\/sites\/7\/2025\/07\/academil-3-1536x980-1.jpg 1536w\" sizes=\"(max-width: 1024px) 100vw, 1024px\" \/><\/figure>\n<\/div><\/div>\n<\/div>\n","protected":false},"excerpt":{"rendered":"<p>REQUISITOS PARA SER OFICIAL DE LA EJERCITO PARAGUAYO EN SERVICIO ACTIVO Ser egresado de la Academia Militar \u201cMcal. Francisco Solano L\u00f3pez\u201d o de institutos similares del exterior Ser egresados universitario llamado a concurso en las especialidades vacantes en sus dotaciones org\u00e1nicas,&nbsp;previa realizaci\u00f3n del curso con programas especiales en instituciones de formaci\u00f3n de oficiales. Requisitos para [&hellip;]<\/p>\n","protected":false},"author":1,"featured_media":0,"parent":0,"menu_order":0,"comment_status":"closed","ping_status":"closed","template":"page-nosidebar.php","meta":{"footnotes":""},"class_list":["post-65","page","type-page","status-publish","hentry"],"_links":{"self":[{"href":"https:\/\/ffmm.mil.py\/ejercito\/wp-json\/wp\/v2\/pages\/65","targetHints":{"allow":["GET"]}}],"collection":[{"href":"https:\/\/ffmm.mil.py\/ejercito\/wp-json\/wp\/v2\/pages"}],"about":[{"href":"https:\/\/ffmm.mil.py\/ejercito\/wp-json\/wp\/v2\/types\/page"}],"author":[{"embeddable":true,"href":"https:\/\/ffmm.mil.py\/ejercito\/wp-json\/wp\/v2\/users\/1"}],"replies":[{"embeddable":true,"href":"https:\/\/ffmm.mil.py\/ejercito\/wp-json\/wp\/v2\/comments?post=65"}],"version-history":[{"count":3,"href":"https:\/\/ffmm.mil.py\/ejercito\/wp-json\/wp\/v2\/pages\/65\/revisions"}],"predecessor-version":[{"id":227,"href":"https:\/\/ffmm.mil.py\/ejercito\/wp-json\/wp\/v2\/pages\/65\/revisions\/227"}],"wp:attachment":[{"href":"https:\/\/ffmm.mil.py\/ejercito\/wp-json\/wp\/v2\/media?parent=65"}],"curies":[{"name":"wp","href":"https:\/\/api.w.org\/{rel}","templated":true}]}}

<div class="wp-block-image">
<figure class="aligncenter size-full"><img fetchpriority="high" decoding="async" width="600" height="396" src="https://cimefor.mil.py/ejercito/wp-content/uploads/sites/7/2025/07/Escudo_Academil-600x396-1.png" alt="" class="wp-image-163" srcset="https://ffmm.mil.py/ejercito/wp-content/uploads/sites/7/2025/07/Escudo_Academil-600x396-1.png 600w, https://ffmm.mil.py/ejercito/wp-content/uploads/sites/7/2025/07/Escudo_Academil-600x396-1-300x198.png 300w" sizes="(max-width: 600px) 100vw, 600px" /></figure>
</div>


<h2 class="wp-block-heading">REQUISITOS PARA SER OFICIAL DE LA EJERCITO PARAGUAYO EN SERVICIO ACTIVO</h2>



<p>Ser egresado de la Academia Militar “Mcal. Francisco Solano López” o de institutos similares del exterior</p>



<p>Ser egresados universitario llamado a concurso en las especialidades vacantes en sus dotaciones orgánicas,&nbsp;previa realización del curso con programas especiales en instituciones de formación de oficiales.</p>



<h2 class="wp-block-heading">Requisitos para la inscripción en la Academia Militar “Mcal.Francisco Solano López”</h2>



<ul class="wp-block-list">
<li>Ser ciudadano Paraguayo natural.</li>



<li>Poseer edad mínima de 18 años para el día de ingreso a la ACADEMIL y 22 años como máximo, hasta el 31 de diciembre del año de inscripción.</li>



<li>Poseer estatura mínima de 1,70 m. para varones y 1,65 m para mujeres.</li>



<li>Presentar copia de solicitud de suspensión de sus derechos y obligaciones de afiliado de algún partido o movimiento político, si lo tuviere (Art. 58, Estatuto del Personal Militar).</li>



<li>Documentos exigidos:</li>



<li>Certificado de Nacimiento, expedido por el Registro Civil.</li>



<li>Certificado de Estudios del nivel medio concluido, visado por el Ministerio de Educación y Cultura.</li>



<li>Certificado de Antecedentes Policiales.</li>



<li>Certificado de Antecedentes Judiciales.</li>



<li>Cédula de identidad y fotocopia de la misma autenticada.</li>



<li>Certificado de soltería, expedido por el Registro Civil.</li>



<li>Libreta del Servicio Militar Obligatorio o su boleta de enrolamiento.</li>



<li>Tres fotos tipo Carnet de 2 x 3 cm</li>
</ul>



<h3 class="wp-block-heading">MÁS INFORMACIONES AL: Dirección de Enseñanza 0228632800 &#8212; Oficina de Guardia 0228632680</h3>



<p><strong>Ruta 2 Km. 21 / Desvío Aregua</strong></p>



<p>La Academia Militar «Mariscal Francisco Solano López, es un instituto localizado en Capiatá, Paraguay encargado de formar Oficiales para el Ejército de Paraguay, la Fuerza Aérea de Paraguay y la Armada Paraguaya. Sus egresados ingresan al Ejército, a la Fuerza Aérea y en la Armada en el grado de Oficiales con el grado de Subteniente y Guardiamarina respectivamente.</p>



<h2 class="wp-block-heading has-text-align-center">Historia</h2>



<p>La Academia Militar Mcal Francisco Solano López, fue creada el 23 de junio de 1915 con la denominación de Escuela Militar. En el año 1932 con motivo de la Guerra del Chaco, la Escuela Militar sirvió como base de la formación del Regimiento de Infantería Nº6 «Boquerón», recibiendo su bautismo de fuego y sangre el 17 de septiembre del mismo año.</p>



<p>En 1948, la Escuela Militar pasa a denominarse Colegio Militar «Mcal Francisco Solano López» año en que también el Pabellón de Guerra del Colegio Militar fue condecorado con la “Cruz del Chaco” siendo anteriormente condecorada con la “Cruz del Defensor” y la “Medalla de Boquerón”. Estas condecoraciones fueron entregadas por el entonces Presidente de la República, General de Ejército Don José Félix Estigarribia, en la ceremonia realizada con motivo de los festejos de la Boda de Plata del Colegio Militar.</p>



<div class="wp-block-columns is-layout-flex wp-container-core-columns-is-layout-28f84493 wp-block-columns-is-layout-flex">
<div class="wp-block-column is-layout-flow wp-block-column-is-layout-flow">
<figure class="wp-block-image size-full"><img decoding="async" width="559" height="331" src="https://cimefor.mil.py/ejercito/wp-content/uploads/sites/7/2025/07/4.jpg" alt="" class="wp-image-165" srcset="https://ffmm.mil.py/ejercito/wp-content/uploads/sites/7/2025/07/4.jpg 559w, https://ffmm.mil.py/ejercito/wp-content/uploads/sites/7/2025/07/4-300x178.jpg 300w" sizes="(max-width: 559px) 100vw, 559px" /></figure>
</div>



<div class="wp-block-column is-layout-flow wp-block-column-is-layout-flow">
<figure class="wp-block-image size-large"><img decoding="async" width="1024" height="683" src="https://cimefor.mil.py/ejercito/wp-content/uploads/sites/7/2025/07/1-5-1024x683.jpg" alt="" class="wp-image-166" srcset="https://ffmm.mil.py/ejercito/wp-content/uploads/sites/7/2025/07/1-5-1024x683.jpg 1024w, https://ffmm.mil.py/ejercito/wp-content/uploads/sites/7/2025/07/1-5-300x200.jpg 300w, https://ffmm.mil.py/ejercito/wp-content/uploads/sites/7/2025/07/1-5-768x512.jpg 768w, https://ffmm.mil.py/ejercito/wp-content/uploads/sites/7/2025/07/1-5.jpg 1500w" sizes="(max-width: 1024px) 100vw, 1024px" /></figure>
</div>
</div>



<div class="wp-block-columns is-layout-flex wp-container-core-columns-is-layout-28f84493 wp-block-columns-is-layout-flex">
<div class="wp-block-column is-layout-flow wp-block-column-is-layout-flow">
<figure class="wp-block-image size-large"><img loading="lazy" decoding="async" width="1024" height="707" src="https://cimefor.mil.py/ejercito/wp-content/uploads/sites/7/2025/07/academil-4-1536x1060-1-1024x707.jpg" alt="" class="wp-image-167" srcset="https://ffmm.mil.py/ejercito/wp-content/uploads/sites/7/2025/07/academil-4-1536x1060-1-1024x707.jpg 1024w, https://ffmm.mil.py/ejercito/wp-content/uploads/sites/7/2025/07/academil-4-1536x1060-1-300x207.jpg 300w, https://ffmm.mil.py/ejercito/wp-content/uploads/sites/7/2025/07/academil-4-1536x1060-1-768x530.jpg 768w, https://ffmm.mil.py/ejercito/wp-content/uploads/sites/7/2025/07/academil-4-1536x1060-1.jpg 1536w" sizes="(max-width: 1024px) 100vw, 1024px" /></figure>
</div>



<div class="wp-block-column is-layout-flow wp-block-column-is-layout-flow"><div class="wp-block-image">
<figure class="aligncenter size-large"><img loading="lazy" decoding="async" width="1024" height="653" src="https://cimefor.mil.py/ejercito/wp-content/uploads/sites/7/2025/07/academil-3-1536x980-1-1024x653.jpg" alt="" class="wp-image-168" srcset="https://ffmm.mil.py/ejercito/wp-content/uploads/sites/7/2025/07/academil-3-1536x980-1-1024x653.jpg 1024w, https://ffmm.mil.py/ejercito/wp-content/uploads/sites/7/2025/07/academil-3-1536x980-1-300x191.jpg 300w, https://ffmm.mil.py/ejercito/wp-content/uploads/sites/7/2025/07/academil-3-1536x980-1-768x490.jpg 768w, https://ffmm.mil.py/ejercito/wp-content/uploads/sites/7/2025/07/academil-3-1536x980-1.jpg 1536w" sizes="(max-width: 1024px) 100vw, 1024px" /></figure>
</div></div>
</div>

<p>REQUISITOS PARA SER OFICIAL DE LA EJERCITO PARAGUAYO EN SERVICIO ACTIVO Ser egresado de la Academia Militar “Mcal. Francisco Solano López” o de institutos similares del exterior Ser egresados universitario llamado a concurso en las especialidades vacantes en sus dotaciones orgánicas,&nbsp;previa realización del curso con programas especiales en instituciones de formación de oficiales. Requisitos para [&hellip;]</p>
