{"id":67,"date":"2025-07-09T20:44:00","date_gmt":"2025-07-09T18:44:00","guid":{"rendered":"https:\/\/migracion.ffmm.mil.py\/ejercito\/?page_id=67"},"modified":"2025-07-10T19:43:15","modified_gmt":"2025-07-10T17:43:15","slug":"comisoe-sub-oficiales","status":"publish","type":"page","link":"https:\/\/ffmm.mil.py\/ejercito\/comisoe-sub-oficiales\/","title":{"rendered":"Comisoe (Sub oficiales)"},"content":{"rendered":"<div class=\"wp-block-image\">\n<figure class=\"aligncenter size-full\"><img fetchpriority=\"high\" decoding=\"async\" width=\"220\" height=\"300\" src=\"https:\/\/cimefor.mil.py\/ejercito\/wp-content\/uploads\/sites\/7\/2025\/07\/logo-ofi-220x300-1.png\" alt=\"\" class=\"wp-image-177\"\/><\/figure>\n<\/div>\n\n\n<h2 class=\"wp-block-heading has-text-align-center\">REQUISITOS PARA EL INGRESO<\/h2>\n\n\n\n<p>1. Ser de nacionalidad paraguaya natural.<\/p>\n\n\n\n<p>2. Poseer las condiciones morales, aptitud intelectual, cultural y f\u00edsica requerida para la profesi\u00f3n militar.<\/p>\n\n\n\n<p>3. Poseer la edad m\u00ednima de 18 a\u00f1os para el d\u00eda de ingreso al COMISOE como Aspirante y 23 a\u00f1os como m\u00e1ximo hasta el 31 de Diciembre del a\u00f1o de inscripci\u00f3n.<\/p>\n\n\n\n<p>4. Ser de estado civil soltero y sin hijos.<\/p>\n\n\n\n<p>5. Poseer t\u00edtulo de Bachiller en cualquiera de los \u00c9nfasis de instituciones educativas del nivel medio del pa\u00eds o del extranjero debidamente visados por el Ministerio de Educaci\u00f3n y Cultura.<\/p>\n\n\n\n<p>6. Aprobar los ex\u00e1menes de ingreso (M\u00e9dicos, Psicot\u00e9cnicos, F\u00edsicos y de Conocimientos).<\/p>\n\n\n\n<p>7. Presentar dentro del plazo fijado los siguientes documentos:<\/p>\n\n\n\n<p>\u2022 2 (dos) Certificados de Nacimiento original y legalizados.<\/p>\n\n\n\n<p>\u2022 Certificado de Estudios visado por el Ministerio de Educaci\u00f3n y Cultura.<\/p>\n\n\n\n<p>\u2022 Fotocopia del T\u00edtulo de Bachiller autenticado por Escriban\u00eda.<\/p>\n\n\n\n<p>\u2022 Certificado de Antecedentes Policiales, con validez en el tiempo de selecci\u00f3n.<\/p>\n\n\n\n<p>\u2022 Certificado de Antecedentes Judiciales, con validez en el tiempo de selecci\u00f3n.<\/p>\n\n\n\n<p>\u2022 Certificado de Solter\u00eda, expedido por el Registro Civil.<\/p>\n\n\n\n<p>\u2022 Libreta del Servicio Militar Obligatorio (No excluyente).<\/p>\n\n\n\n<p>\u2022 4 (cuatro) fotocopias de C\u00e9dula de Identidad Civil actualizada y autenticada por Escriban\u00eda.<\/p>\n\n\n\n<p>\u2022 4 (cuatro) fotos en colores con fondo rojo, tipo carnet de 4\u00d74 cm.<\/p>\n\n\n\n<p>8. Presentar documento (constancia) de suspensi\u00f3n de los derechos y obligaciones de afiliado de alg\u00fan Partido o Movimiento Pol\u00edtico, si lo tuviere (Art. _173.de la Constituci\u00f3n Nacional y (Art. 58 de la Ley 1115\/97 \u00abDel Estatuto del Personal Militar\u00bb).<\/p>\n\n\n\n<p>9. Todas estas documentaciones ser\u00e1n presentadas en una carpeta de color verde, la misma tendr\u00e1 un rotulo con Nombre\/s y Apellido\/s, y la \u2018Numeraci\u00f3n del Orden de Inscripci\u00f3n respectivo del Postulante.<\/p>\n\n\n\n<p>OBSERVACI\u00d3N: Si faltare alg\u00fan documento requerido, no ser\u00e1 admitida la carpeta del Postulante.<\/p>\n\n\n\n<h1 class=\"wp-block-heading has-text-align-center\">RESE\u00d1A HIST\u00d3RICA DEL COMISOE<\/h1>\n\n\n\n<p>El Colegio Militar de Sub Oficiales del Ej\u00e9rcito \u00abTte. 1\u00b0 Inf. Rva. MANUEL IRALA FERNANDEZ\u00bb, fue creado mediante Decreto<\/p>\n\n\n\n<p>N\u00b0 42.227 del Poder Ejecutivo, de fecha 17 de Diciembre de 1931 como una Escuela de Formaci\u00f3n para Sub Oficiales.<\/p>\n\n\n\n<p>La misi\u00f3n primordial de \u00e9sta instituci\u00f3n era la de preparar a los j\u00f3venes alumnos para integrarse a las unidades del Ej\u00e9rcito, a fin de enfrentar con todo la compa\u00f1a b\u00e9lica del Chaco, que en aquel entonces era ya inminente. En Julio de 1932, fue clausurado por la movilizaci\u00f3n general decretada por el gobierno.<\/p>\n\n\n\n<p>Los valerosos Aspirantes se destacaron por su bravura y sagacidad, dejando huellas de hero\u00edsmo en la Batalla de Picuiba, as\u00ed como en otras operaciones de combate, por lo que \u00e9sta instituci\u00f3n se hizo acreedora de las condecoraciones al valor Militar \u00abCruz del Chaco\u00bb y \u00abCruz del Defensor\u00bb, preseas que brillan en su estandarte de Guerra. \u00ab<\/p>\n\n\n\n<p>El 24 de Marzo de 1936 se activa nuevamente por Orden General N\u2019 24 del Estado Mayor del Ej\u00e9rcito.<\/p>\n\n\n\n<p>En el a\u00f1o 1985 se crea y organiza la Escuela de Suboficiales de las FF AA (ESOFA), por Orden General N\u00b0 60 del Comando en Jefe de las Fuerzas Armadas de la Naci\u00f3n.<\/p>\n\n\n\n<p>El 13 de julio 1989, por Orden General N\u00b0 78 del Comando en Jefe, pasa a denominarse Escuela de Formaci\u00f3n de Sub Oficiales de Infanter\u00eda, Caballer\u00eda, Artiller\u00eda e Intendencia.<\/p>\n\n\n\n<p>En 1995, por Orden General N\u00b0 127 del Comando en Jefe, pasa a denominarse Colegio Militar de Sub Oficial del Ej\u00e9rcito \u00abMcal. Jos\u00e9 F\u00e9lix Estigarribia\u00bb.<\/p>\n\n\n\n<p>Desde 1998 el COMISOE se halla asentado en el Departamento de Itapu\u00e1, Ruta 1-Km 10; en principio como Instituto de Ense\u00f1anza de Nivel Medio; luego de Nivel T\u00e9cnico.<\/p>\n\n\n\n<p>A partir del 17 de Julio de 2002, el Instituto lleva por nombre \u00abTte. 1\u00b0 Inf. Rva. Manuel Irala Fern\u00e1ndez\u00bb por Orden General N\u00b0 133 del Comando en Jefe de las Fuerzas Armadas de la Naci6n.<\/p>\n\n\n\n<p>Desde el a\u00f1o 2008, funciona como Instituto T\u00e9cnico Superior Militar con la habilitaci\u00f3n de la Carrera de T\u00e9cnico Superior en Administraci\u00f3n de Recursos Humanos y Materiales Militares por Resoluci\u00f3n N\u00b0 136 de fecha 27 de Febrero de 2008 de la Direcci\u00f3n General de Educaci\u00f3n Superior del Ministerio de Educaci\u00f3n y Cultura.<\/p>\n\n\n\n<p>El Colegio Militar de Sub Oficiales del Ej\u00e9rcito \u00abTte 1\u00b0 Inf Rva MANUEL IRALA FERNANDEZ\u00bb, mantiene hasta la fecha su tesonera y patri\u00f3tica labor de formar a los futuros Sub Oficiales profesionales de carrera \u2018de las Armas y Servicio del Ejercito; brindando a los estudiantes la posibilidad de servir a la Patria y, al mismo tiempo, acceder a la profesi\u00f3n militar, teniendo como paradigma las innumerables muestras de hero\u00edsmo y sacrificio de nuestros gloriosos h\u00e9roes.<\/p>\n\n\n\n<div class=\"wp-block-columns is-layout-flex wp-container-core-columns-is-layout-28f84493 wp-block-columns-is-layout-flex\">\n<div class=\"wp-block-column is-layout-flow wp-block-column-is-layout-flow\">\n<figure class=\"wp-block-image size-full\"><img decoding=\"async\" width=\"960\" height=\"537\" src=\"https:\/\/cimefor.mil.py\/ejercito\/wp-content\/uploads\/sites\/7\/2025\/07\/comisoe-entrada-e1686323083697.jpg\" alt=\"\" class=\"wp-image-179\" srcset=\"https:\/\/ffmm.mil.py\/ejercito\/wp-content\/uploads\/sites\/7\/2025\/07\/comisoe-entrada-e1686323083697.jpg 960w, https:\/\/ffmm.mil.py\/ejercito\/wp-content\/uploads\/sites\/7\/2025\/07\/comisoe-entrada-e1686323083697-300x168.jpg 300w, https:\/\/ffmm.mil.py\/ejercito\/wp-content\/uploads\/sites\/7\/2025\/07\/comisoe-entrada-e1686323083697-768x430.jpg 768w\" sizes=\"(max-width: 960px) 100vw, 960px\" \/><\/figure>\n<\/div>\n\n\n\n<div class=\"wp-block-column is-layout-flow wp-block-column-is-layout-flow\">\n<figure class=\"wp-block-image size-full\"><img decoding=\"async\" width=\"944\" height=\"557\" src=\"https:\/\/cimefor.mil.py\/ejercito\/wp-content\/uploads\/sites\/7\/2025\/07\/1-1-1.jpg\" alt=\"\" class=\"wp-image-180\" srcset=\"https:\/\/ffmm.mil.py\/ejercito\/wp-content\/uploads\/sites\/7\/2025\/07\/1-1-1.jpg 944w, https:\/\/ffmm.mil.py\/ejercito\/wp-content\/uploads\/sites\/7\/2025\/07\/1-1-1-300x177.jpg 300w, https:\/\/ffmm.mil.py\/ejercito\/wp-content\/uploads\/sites\/7\/2025\/07\/1-1-1-768x453.jpg 768w\" sizes=\"(max-width: 944px) 100vw, 944px\" \/><\/figure>\n<\/div>\n<\/div>\n\n\n\n<div class=\"wp-block-columns is-layout-flex wp-container-core-columns-is-layout-28f84493 wp-block-columns-is-layout-flex\">\n<div class=\"wp-block-column is-layout-flow wp-block-column-is-layout-flow\">\n<figure class=\"wp-block-image size-full\"><img loading=\"lazy\" decoding=\"async\" width=\"933\" height=\"603\" src=\"https:\/\/cimefor.mil.py\/ejercito\/wp-content\/uploads\/sites\/7\/2025\/07\/3.jpg\" alt=\"\" class=\"wp-image-181\" srcset=\"https:\/\/ffmm.mil.py\/ejercito\/wp-content\/uploads\/sites\/7\/2025\/07\/3.jpg 933w, https:\/\/ffmm.mil.py\/ejercito\/wp-content\/uploads\/sites\/7\/2025\/07\/3-300x194.jpg 300w, https:\/\/ffmm.mil.py\/ejercito\/wp-content\/uploads\/sites\/7\/2025\/07\/3-768x496.jpg 768w\" sizes=\"(max-width: 933px) 100vw, 933px\" \/><\/figure>\n<\/div>\n\n\n\n<div class=\"wp-block-column is-layout-flow wp-block-column-is-layout-flow\">\n<figure class=\"wp-block-image size-full\"><img loading=\"lazy\" decoding=\"async\" width=\"959\" height=\"639\" src=\"https:\/\/cimefor.mil.py\/ejercito\/wp-content\/uploads\/sites\/7\/2025\/07\/4-1.jpg\" alt=\"\" class=\"wp-image-182\" srcset=\"https:\/\/ffmm.mil.py\/ejercito\/wp-content\/uploads\/sites\/7\/2025\/07\/4-1.jpg 959w, https:\/\/ffmm.mil.py\/ejercito\/wp-content\/uploads\/sites\/7\/2025\/07\/4-1-300x200.jpg 300w, https:\/\/ffmm.mil.py\/ejercito\/wp-content\/uploads\/sites\/7\/2025\/07\/4-1-768x512.jpg 768w\" sizes=\"(max-width: 959px) 100vw, 959px\" \/><\/figure>\n<\/div>\n<\/div>\n","protected":false},"excerpt":{"rendered":"<p>REQUISITOS PARA EL INGRESO 1. Ser de nacionalidad paraguaya natural. 2. Poseer las condiciones morales, aptitud intelectual, cultural y f\u00edsica requerida para la profesi\u00f3n militar. 3. Poseer la edad m\u00ednima de 18 a\u00f1os para el d\u00eda de ingreso al COMISOE como Aspirante y 23 a\u00f1os como m\u00e1ximo hasta el 31 de Diciembre del a\u00f1o de [&hellip;]<\/p>\n","protected":false},"author":1,"featured_media":0,"parent":0,"menu_order":0,"comment_status":"closed","ping_status":"closed","template":"page-nosidebar.php","meta":{"footnotes":""},"class_list":["post-67","page","type-page","status-publish","hentry"],"_links":{"self":[{"href":"https:\/\/ffmm.mil.py\/ejercito\/wp-json\/wp\/v2\/pages\/67","targetHints":{"allow":["GET"]}}],"collection":[{"href":"https:\/\/ffmm.mil.py\/ejercito\/wp-json\/wp\/v2\/pages"}],"about":[{"href":"https:\/\/ffmm.mil.py\/ejercito\/wp-json\/wp\/v2\/types\/page"}],"author":[{"embeddable":true,"href":"https:\/\/ffmm.mil.py\/ejercito\/wp-json\/wp\/v2\/users\/1"}],"replies":[{"embeddable":true,"href":"https:\/\/ffmm.mil.py\/ejercito\/wp-json\/wp\/v2\/comments?post=67"}],"version-history":[{"count":4,"href":"https:\/\/ffmm.mil.py\/ejercito\/wp-json\/wp\/v2\/pages\/67\/revisions"}],"predecessor-version":[{"id":229,"href":"https:\/\/ffmm.mil.py\/ejercito\/wp-json\/wp\/v2\/pages\/67\/revisions\/229"}],"wp:attachment":[{"href":"https:\/\/ffmm.mil.py\/ejercito\/wp-json\/wp\/v2\/media?parent=67"}],"curies":[{"name":"wp","href":"https:\/\/api.w.org\/{rel}","templated":true}]}}