{"id":252,"date":"2025-07-11T19:09:44","date_gmt":"2025-07-11T17:09:44","guid":{"rendered":"https:\/\/migracion.ffmm.mil.py\/epoe\/?page_id=252"},"modified":"2025-07-11T19:09:44","modified_gmt":"2025-07-11T17:09:44","slug":"mision","status":"publish","type":"page","link":"https:\/\/ffmm.mil.py\/epoe\/mision\/","title":{"rendered":"Misi\u00f3n"},"content":{"rendered":"\n<p>La\u00a0<strong>Escuela de Perfeccionamiento de Oficiales del Ej\u00e9rcito (EPOE)<\/strong>, es un instituto de ense\u00f1anza que tiene la misi\u00f3n de preparar y habilitar oficiales para el ejercicio de las funciones de Comandante y\/o miembro de la Plana Mayor de las Unidades del Ej\u00e9rcito.<\/p>\n\n\n\n<p><\/p>\n","protected":false},"excerpt":{"rendered":"<p>La\u00a0Escuela de Perfeccionamiento de Oficiales del Ej\u00e9rcito (EPOE), es un instituto de ense\u00f1anza que tiene la misi\u00f3n de preparar y habilitar oficiales para el ejercicio de las funciones de Comandante y\/o miembro de la Plana Mayor de las Unidades del Ej\u00e9rcito.<\/p>\n","protected":false},"author":1,"featured_media":0,"parent":0,"menu_order":0,"comment_status":"closed","ping_status":"closed","template":"","meta":{"footnotes":""},"class_list":["post-252","page","type-page","status-publish","hentry"],"_links":{"self":[{"href":"https:\/\/ffmm.mil.py\/epoe\/wp-json\/wp\/v2\/pages\/252","targetHints":{"allow":["GET"]}}],"collection":[{"href":"https:\/\/ffmm.mil.py\/epoe\/wp-json\/wp\/v2\/pages"}],"about":[{"href":"https:\/\/ffmm.mil.py\/epoe\/wp-json\/wp\/v2\/types\/page"}],"author":[{"embeddable":true,"href":"https:\/\/ffmm.mil.py\/epoe\/wp-json\/wp\/v2\/users\/1"}],"replies":[{"embeddable":true,"href":"https:\/\/ffmm.mil.py\/epoe\/wp-json\/wp\/v2\/comments?post=252"}],"version-history":[{"count":1,"href":"https:\/\/ffmm.mil.py\/epoe\/wp-json\/wp\/v2\/pages\/252\/revisions"}],"predecessor-version":[{"id":253,"href":"https:\/\/ffmm.mil.py\/epoe\/wp-json\/wp\/v2\/pages\/252\/revisions\/253"}],"wp:attachment":[{"href":"https:\/\/ffmm.mil.py\/epoe\/wp-json\/wp\/v2\/media?parent=252"}],"curies":[{"name":"wp","href":"https:\/\/api.w.org\/{rel}","templated":true}]}}