{"id":6,"date":"2025-07-11T01:38:57","date_gmt":"2025-07-10T23:38:57","guid":{"rendered":"https:\/\/migracion.ffmm.mil.py\/epoe\/?page_id=6"},"modified":"2025-07-24T18:57:50","modified_gmt":"2025-07-24T16:57:50","slug":"inicio","status":"publish","type":"page","link":"https:\/\/ffmm.mil.py\/epoe\/","title":{"rendered":"INICIO"},"content":{"rendered":"\n<div class=\"wp-block-columns is-layout-flex wp-container-core-columns-is-layout-28f84493 wp-block-columns-is-layout-flex\">\n<div class=\"wp-block-column contentsidebar has-mitic-gray-200-background-color has-background is-layout-flow wp-container-core-column-is-layout-e62f6290 wp-block-column-is-layout-flow\" style=\"border-radius:0px;flex-basis:25%\">\n<div class=\"wp-block-group is-vertical is-layout-flex wp-container-core-group-is-layout-fe9cc265 wp-block-group-is-layout-flex\">\n<h5 class=\"wp-block-heading mb-3\">Buscar en el sitio<\/h5>\n<\/div>\n\n\n<form role=\"search\" method=\"get\" action=\"https:\/\/ffmm.mil.py\/epoe\/\" class=\"wp-block-search__button-outside wp-block-search__text-button wp-block-search\"    ><label class=\"wp-block-search__label\" for=\"wp-block-search__input-1\" >Buscar<\/label><div class=\"wp-block-search__inside-wrapper\" ><input class=\"wp-block-search__input\" id=\"wp-block-search__input-1\" placeholder=\"\" value=\"\" type=\"search\" name=\"s\" required \/><button aria-label=\"Buscar\" class=\"wp-block-search__button wp-element-button\" type=\"submit\" >Buscar<\/button><\/div><\/form>\n\n\n<p><\/p>\n\n\n\n<h5 class=\"wp-block-heading mt-5\">Principales secciones<\/h5>\n\n\n\n<ul class=\"wp-block-list\"><\/ul>\n\n\n<nav class=\"is-responsive items-justified-left is-vertical mt-2 wp-block-navigation is-content-justification-left is-layout-flex wp-container-core-navigation-is-layout-810fbbe0 wp-block-navigation-is-layout-flex\" aria-label=\"Men\u00fa 2\" \n\t\t data-wp-interactive=\"core\/navigation\" data-wp-context='{\"overlayOpenedBy\":{\"click\":false,\"hover\":false,\"focus\":false},\"type\":\"overlay\",\"roleAttribute\":\"\",\"ariaLabel\":\"Men\\u00fa\"}'><button aria-haspopup=\"dialog\" aria-label=\"Abrir el men\u00fa\" class=\"wp-block-navigation__responsive-container-open\" \n\t\t\t\tdata-wp-on--click=\"actions.openMenuOnClick\"\n\t\t\t\tdata-wp-on--keydown=\"actions.handleMenuKeydown\"\n\t\t\t><svg width=\"24\" height=\"24\" xmlns=\"http:\/\/www.w3.org\/2000\/svg\" viewBox=\"0 0 24 24\" aria-hidden=\"true\" focusable=\"false\"><path d=\"M4 7.5h16v1.5H4z\"><\/path><path d=\"M4 15h16v1.5H4z\"><\/path><\/svg><\/button>\n\t\t\t\t<div class=\"wp-block-navigation__responsive-container\"  id=\"modal-2\" \n\t\t\t\tdata-wp-class--has-modal-open=\"state.isMenuOpen\"\n\t\t\t\tdata-wp-class--is-menu-open=\"state.isMenuOpen\"\n\t\t\t\tdata-wp-watch=\"callbacks.initMenu\"\n\t\t\t\tdata-wp-on--keydown=\"actions.handleMenuKeydown\"\n\t\t\t\tdata-wp-on--focusout=\"actions.handleMenuFocusout\"\n\t\t\t\ttabindex=\"-1\"\n\t\t\t>\n\t\t\t\t\t<div class=\"wp-block-navigation__responsive-close\" tabindex=\"-1\">\n\t\t\t\t\t\t<div class=\"wp-block-navigation__responsive-dialog\" \n\t\t\t\tdata-wp-bind--aria-modal=\"state.ariaModal\"\n\t\t\t\tdata-wp-bind--aria-label=\"state.ariaLabel\"\n\t\t\t\tdata-wp-bind--role=\"state.roleAttribute\"\n\t\t\t>\n\t\t\t\t\t\t\t<button aria-label=\"Cerrar el men\u00fa\" class=\"wp-block-navigation__responsive-container-close\" \n\t\t\t\tdata-wp-on--click=\"actions.closeMenuOnClick\"\n\t\t\t><svg xmlns=\"http:\/\/www.w3.org\/2000\/svg\" viewBox=\"0 0 24 24\" width=\"24\" height=\"24\" aria-hidden=\"true\" focusable=\"false\"><path d=\"m13.06 12 6.47-6.47-1.06-1.06L12 10.94 5.53 4.47 4.47 5.53 10.94 12l-6.47 6.47 1.06 1.06L12 13.06l6.47 6.47 1.06-1.06L13.06 12Z\"><\/path><\/svg><\/button>\n\t\t\t\t\t\t\t<div class=\"wp-block-navigation__responsive-container-content\" \n\t\t\t\tdata-wp-watch=\"callbacks.focusFirstElement\"\n\t\t\t id=\"modal-2-content\">\n\t\t\t\t\t\t\t\t<ul class=\"wp-block-navigation__container is-responsive items-justified-left is-vertical mt-2 wp-block-navigation\"><li class=\" wp-block-navigation-item wp-block-navigation-link\"><a class=\"wp-block-navigation-item__content\"  href=\"https:\/\/ffmm.mil.py\/epoe\/alumnos-2025\/\"><span class=\"wp-block-navigation-item__label\">ALUMNOS 2025<\/span><\/a><\/li><li class=\" wp-block-navigation-item wp-block-navigation-link\"><a class=\"wp-block-navigation-item__content\"  href=\"https:\/\/ffmm.mil.py\/epoe\/comandante\/\"><span class=\"wp-block-navigation-item__label\">COMANDANTE<\/span><\/a><\/li><li class=\" wp-block-navigation-item wp-block-navigation-link\"><a class=\"wp-block-navigation-item__content\"  href=\"https:\/\/ffmm.mil.py\/epoe\/egresados\/\"><span class=\"wp-block-navigation-item__label\">EGRESADOS<\/span><\/a><\/li><li class=\" wp-block-navigation-item wp-block-navigation-link\"><a class=\"wp-block-navigation-item__content\"  href=\"https:\/\/ffmm.mil.py\/epoe\/historial-epoe\/\"><span class=\"wp-block-navigation-item__label\">HISTORIAL EPOE<\/span><\/a><\/li><li class=\" wp-block-navigation-item wp-block-navigation-link\"><a class=\"wp-block-navigation-item__content\"  href=\"https:\/\/ffmm.mil.py\/epoe\/informaciones\/\"><span class=\"wp-block-navigation-item__label\">Informaciones<\/span><\/a><\/li><li class=\" wp-block-navigation-item wp-block-navigation-link\"><a class=\"wp-block-navigation-item__content\"  href=\"https:\/\/ffmm.mil.py\/epoe\/jefe-de-plana-mayor\/\"><span class=\"wp-block-navigation-item__label\">JEFE DE PLANA MAYOR<\/span><\/a><\/li><li class=\" wp-block-navigation-item wp-block-navigation-link\"><a class=\"wp-block-navigation-item__content\"  href=\"https:\/\/ffmm.mil.py\/epoe\/mision\/\"><span class=\"wp-block-navigation-item__label\">Misi\u00f3n<\/span><\/a><\/li><li class=\" wp-block-navigation-item wp-block-navigation-link\"><a class=\"wp-block-navigation-item__content\"  href=\"https:\/\/ffmm.mil.py\/epoe\/mision-vision-y-naturaleza\/\"><span class=\"wp-block-navigation-item__label\">Misi\u00f3n, Visi\u00f3n y Naturaleza<\/span><\/a><\/li><li class=\" wp-block-navigation-item wp-block-navigation-link\"><a class=\"wp-block-navigation-item__content\"  href=\"https:\/\/ffmm.mil.py\/epoe\/noticias\/\"><span class=\"wp-block-navigation-item__label\">NOTICIAS<\/span><\/a><\/li><li class=\" wp-block-navigation-item wp-block-navigation-link\"><a class=\"wp-block-navigation-item__content\"  href=\"https:\/\/ffmm.mil.py\/epoe\/objetivos\/\"><span class=\"wp-block-navigation-item__label\">OBJETIVOS<\/span><\/a><\/li><li class=\" wp-block-navigation-item wp-block-navigation-link\"><a class=\"wp-block-navigation-item__content\"  href=\"https:\/\/ffmm.mil.py\/epoe\/organigrama\/\"><span class=\"wp-block-navigation-item__label\">ORGANIGRAMA<\/span><\/a><\/li><li class=\" wp-block-navigation-item wp-block-navigation-link\"><a class=\"wp-block-navigation-item__content\"  href=\"https:\/\/ffmm.mil.py\/epoe\/plantel-de-profesores\/\"><span class=\"wp-block-navigation-item__label\">PLANTEL DE PROFESORES<\/span><\/a><\/li><li class=\" wp-block-navigation-item wp-block-navigation-link\"><a class=\"wp-block-navigation-item__content\"  href=\"https:\/\/ffmm.mil.py\/epoe\/sub-oficial-de-comando\/\"><span class=\"wp-block-navigation-item__label\">SUB OFICIAL DE COMANDO<\/span><\/a><\/li><li class=\" wp-block-navigation-item wp-block-navigation-link\"><a class=\"wp-block-navigation-item__content\"  href=\"https:\/\/ffmm.mil.py\/epoe\/vision\/\"><span class=\"wp-block-navigation-item__label\">VISI\u00d3N<\/span><\/a><\/li><\/ul>\n\t\t\t\t\t\t\t<\/div>\n\t\t\t\t\t\t<\/div>\n\t\t\t\t\t<\/div>\n\t\t\t\t<\/div><\/nav><\/div>\n\n\n\n<div class=\"wp-block-column is-layout-flow wp-block-column-is-layout-flow\" style=\"flex-basis:50%\">\n<div style=\"height:5px\" aria-hidden=\"true\" class=\"wp-block-spacer\"><\/div>\n\n\n\n<h5 class=\"wp-block-heading has-mitic-gray-700-color has-text-color has-link-color wp-elements-5c0305a6ffbce44943f27a9534c24eaa\">\u00daltimas noticias publicadas<\/h5>\n\n\n<div class=\"wp-block-query blog-home is-layout-flow wp-block-query-is-layout-flow\"><div class=\"wp-block-columns alignwide is-layout-flex news-item\"><div class=\"wp-block-column wp-block-post-featured-image\"><a href=\"https:\/\/ffmm.mil.py\/epoe\/2025\/07\/11\/ceremonia-de-entrega-y-recepcion-de-la-jefatura-de-plana-mayor-de-la-epoe\/\"><img fetchpriority=\"high\" decoding=\"async\" width=\"700\" height=\"450\" src=\"https:\/\/ffmm.mil.py\/epoe\/wp-content\/uploads\/sites\/9\/2025\/07\/1-700x450-1.jpg\" class=\"attachment-large size-large wp-post-image wp-post-image\" alt=\"\" srcset=\"https:\/\/ffmm.mil.py\/epoe\/wp-content\/uploads\/sites\/9\/2025\/07\/1-700x450-1.jpg 700w, https:\/\/ffmm.mil.py\/epoe\/wp-content\/uploads\/sites\/9\/2025\/07\/1-700x450-1-300x193.jpg 300w\" sizes=\"(max-width: 700px) 100vw, 700px\" \/><\/a><\/div><div class=\"wp-block-column\"><h2 class=\"wp-block-post-title\"><a href=\"https:\/\/ffmm.mil.py\/epoe\/2025\/07\/11\/ceremonia-de-entrega-y-recepcion-de-la-jefatura-de-plana-mayor-de-la-epoe\/\">CEREMONIA DE ENTREGA Y RECEPCION DE LA JEFATURA DE PLANA MAYOR DE LA EPOE<\/a><\/h2><p class=\"post-date my-2\">11 de julio de 2025<\/p><div class=\"wp-block-post-excerpt\">MARTES 07 DE ENERO DE 2025 En el d\u00eda de la fecha en el Sal\u00f3n Multiuso; \u201cHeroes del Chaco\u201d de la Escuela...<\/div><\/div><\/div><div class=\"wp-block-columns alignwide is-layout-flex news-item\"><div class=\"wp-block-column wp-block-post-featured-image\"><a href=\"https:\/\/ffmm.mil.py\/epoe\/2025\/07\/11\/conmemoracion-por-el-dia-de-la-mujer-paraguaya\/\"><img decoding=\"async\" width=\"700\" height=\"450\" src=\"https:\/\/ffmm.mil.py\/epoe\/wp-content\/uploads\/sites\/9\/2025\/07\/epe-700x450-1.jpg\" class=\"attachment-large size-large wp-post-image wp-post-image\" alt=\"\" srcset=\"https:\/\/ffmm.mil.py\/epoe\/wp-content\/uploads\/sites\/9\/2025\/07\/epe-700x450-1.jpg 700w, https:\/\/ffmm.mil.py\/epoe\/wp-content\/uploads\/sites\/9\/2025\/07\/epe-700x450-1-300x193.jpg 300w\" sizes=\"(max-width: 700px) 100vw, 700px\" \/><\/a><\/div><div class=\"wp-block-column\"><h2 class=\"wp-block-post-title\"><a href=\"https:\/\/ffmm.mil.py\/epoe\/2025\/07\/11\/conmemoracion-por-el-dia-de-la-mujer-paraguaya\/\">Conmemoraci\u00f3n por el d\u00eda de la Mujer Paraguaya<\/a><\/h2><p class=\"post-date my-2\">11 de julio de 2025<\/p><div class=\"wp-block-post-excerpt\">En el d\u00eda de la fecha, en el asiento de la Escuela de Perfeccionamiento de Oficiales del Ej\u00e9rcito, se realiz\u00f3 una conmemoraci\u00f3n...<\/div><\/div><\/div><div class=\"wp-block-columns alignwide is-layout-flex news-item\"><div class=\"wp-block-column wp-block-post-featured-image\"><a href=\"https:\/\/ffmm.mil.py\/epoe\/2025\/07\/11\/%f0%9d%91%bd%f0%9d%91%b0%f0%9d%91%ba%f0%9d%91%b0%f0%9d%91%bb%f0%9d%91%a8-%f0%9d%91%ab%f0%9d%91%ac-%f0%9d%91%b0%f0%9d%91%b5%f0%9d%91%ba%f0%9d%91%b7%f0%9d%91%ac%f0%9d%91%aa%f0%9d%91%aa%f0%9d%91%b0\/\"><img decoding=\"async\" width=\"700\" height=\"450\" src=\"https:\/\/ffmm.mil.py\/epoe\/wp-content\/uploads\/sites\/9\/2025\/07\/visita-700x450-1.jpg\" class=\"attachment-large size-large wp-post-image wp-post-image\" alt=\"\" srcset=\"https:\/\/ffmm.mil.py\/epoe\/wp-content\/uploads\/sites\/9\/2025\/07\/visita-700x450-1.jpg 700w, https:\/\/ffmm.mil.py\/epoe\/wp-content\/uploads\/sites\/9\/2025\/07\/visita-700x450-1-300x193.jpg 300w\" sizes=\"(max-width: 700px) 100vw, 700px\" \/><\/a><\/div><div class=\"wp-block-column\"><h2 class=\"wp-block-post-title\"><a href=\"https:\/\/ffmm.mil.py\/epoe\/2025\/07\/11\/%f0%9d%91%bd%f0%9d%91%b0%f0%9d%91%ba%f0%9d%91%b0%f0%9d%91%bb%f0%9d%91%a8-%f0%9d%91%ab%f0%9d%91%ac-%f0%9d%91%b0%f0%9d%91%b5%f0%9d%91%ba%f0%9d%91%b7%f0%9d%91%ac%f0%9d%91%aa%f0%9d%91%aa%f0%9d%91%b0\/\">\ud835\udc7d\ud835\udc70\ud835\udc7a\ud835\udc70\ud835\udc7b\ud835\udc68 \ud835\udc6b\ud835\udc6c \ud835\udc70\ud835\udc75\ud835\udc7a\ud835\udc77\ud835\udc6c\ud835\udc6a\ud835\udc6a\ud835\udc70\ud835\udc76\u0301\ud835\udc75 \ud835\udc80 \ud835\udc6a\ud835\udc6f\ud835\udc68\ud835\udc79\ud835\udc73\ud835\udc68 \ud835\udc74\ud835\udc76\ud835\udc7b\ud835\udc70\ud835\udc7d\ud835\udc68\ud835\udc6a\ud835\udc70\ud835\udc76\ud835\udc75\ud835\udc68\ud835\udc73<\/a><\/h2><p class=\"post-date my-2\">11 de julio de 2025<\/p><div class=\"wp-block-post-excerpt\">En la ma\u00f1ana de hoy Jueves 27 de febrero de 2025, en el asiento de la Escuela de Perfeccionamiento de Oficiales del...<\/div><\/div><\/div><div class=\"wp-block-columns alignwide is-layout-flex news-item\"><div class=\"wp-block-column wp-block-post-featured-image\"><a href=\"https:\/\/ffmm.mil.py\/epoe\/2025\/07\/11\/%f0%9d%90%85%f0%9d%90%84%f0%9d%90%8b%f0%9d%90%88%f0%9d%90%99-%f0%9d%90%83%f0%9d%90%88%f0%9d%90%80-%f0%9d%90%83%f0%9d%90%84%f0%9d%90%8b-%f0%9d%90%85%f0%9d%90%94%f0%9d%90%8d%f0%9d%90%82\/\"><img loading=\"lazy\" decoding=\"async\" width=\"700\" height=\"450\" src=\"https:\/\/ffmm.mil.py\/epoe\/wp-content\/uploads\/sites\/9\/2025\/07\/fp-700x450-1.jpg\" class=\"attachment-large size-large wp-post-image wp-post-image\" alt=\"\" srcset=\"https:\/\/ffmm.mil.py\/epoe\/wp-content\/uploads\/sites\/9\/2025\/07\/fp-700x450-1.jpg 700w, https:\/\/ffmm.mil.py\/epoe\/wp-content\/uploads\/sites\/9\/2025\/07\/fp-700x450-1-300x193.jpg 300w\" sizes=\"(max-width: 700px) 100vw, 700px\" \/><\/a><\/div><div class=\"wp-block-column\"><h2 class=\"wp-block-post-title\"><a href=\"https:\/\/ffmm.mil.py\/epoe\/2025\/07\/11\/%f0%9d%90%85%f0%9d%90%84%f0%9d%90%8b%f0%9d%90%88%f0%9d%90%99-%f0%9d%90%83%f0%9d%90%88%f0%9d%90%80-%f0%9d%90%83%f0%9d%90%84%f0%9d%90%8b-%f0%9d%90%85%f0%9d%90%94%f0%9d%90%8d%f0%9d%90%82\/\">\u00a1\ud835\udc05\ud835\udc04\ud835\udc0b\ud835\udc08\ud835\udc19 \ud835\udc03\ud835\udc08\u0301\ud835\udc00 \ud835\udc03\ud835\udc04\ud835\udc0b \ud835\udc05\ud835\udc14\ud835\udc0d\ud835\udc02\ud835\udc08\ud835\udc0e\ud835\udc0d\ud835\udc00\ud835\udc11\ud835\udc08\ud835\udc0e \ud835\udc0f\ud835\udc14\u0301\ud835\udc01\ud835\udc0b\ud835\udc08\ud835\udc02\ud835\udc0e!<\/a><\/h2><p class=\"post-date my-2\">11 de julio de 2025<\/p><div class=\"wp-block-post-excerpt\">\ud835\udfd0\ud835\udfd5 \ud835\udc03\ud835\udc04 \ud835\udc05\ud835\udc04\ud835\udc01\ud835\udc11\ud835\udc04\ud835\udc11\ud835\udc0e El Comando de Institutos Militares de Ense\u00f1anza del Ej\u00e9rcito CIMEE, saluda a todos los funcionarios p\u00fablicos por la dedicaci\u00f3n...<\/div><\/div><\/div><div class=\"wp-block-columns alignwide is-layout-flex news-item\"><div class=\"wp-block-column wp-block-post-featured-image\"><a href=\"https:\/\/ffmm.mil.py\/epoe\/2025\/07\/11\/primera-leccion-de-tiro-de-conscriptos\/\"><img loading=\"lazy\" decoding=\"async\" width=\"700\" height=\"450\" src=\"https:\/\/ffmm.mil.py\/epoe\/wp-content\/uploads\/sites\/9\/2025\/07\/epoeti-700x450-1.jpg\" class=\"attachment-large size-large wp-post-image wp-post-image\" alt=\"\" srcset=\"https:\/\/ffmm.mil.py\/epoe\/wp-content\/uploads\/sites\/9\/2025\/07\/epoeti-700x450-1.jpg 700w, https:\/\/ffmm.mil.py\/epoe\/wp-content\/uploads\/sites\/9\/2025\/07\/epoeti-700x450-1-300x193.jpg 300w\" sizes=\"(max-width: 700px) 100vw, 700px\" \/><\/a><\/div><div class=\"wp-block-column\"><h2 class=\"wp-block-post-title\"><a href=\"https:\/\/ffmm.mil.py\/epoe\/2025\/07\/11\/primera-leccion-de-tiro-de-conscriptos\/\">\u201cPRIMERA LECCI\u00d3N DE TIRO DE CONSCRIPTOS\u201d<\/a><\/h2><p class=\"post-date my-2\">11 de julio de 2025<\/p><div class=\"wp-block-post-excerpt\">En la fecha, jueves 06 de marzo del corriente, en el pol\u00edgono de tiro de la Escuela de Infanter\u00eda, los Conscriptos de...<\/div><\/div><\/div><\/div>\n<\/div>\n\n\n\n<div class=\"wp-block-column is-layout-flow wp-block-column-is-layout-flow\">\n<div style=\"height:10px\" aria-hidden=\"true\" class=\"wp-block-spacer\"><\/div>\n\n\n\n<div class=\"wp-block-group is-vertical is-layout-flex wp-container-core-group-is-layout-fe9cc265 wp-block-group-is-layout-flex\">\n<figure class=\"wp-block-image size-full\"><a href=\"https:\/\/ffmm.mil.py\/rendicion-de-cuentas-al-ciudadano\/\"><img decoding=\"async\" src=\"https:\/\/cimefor.mil.py\/wp-content\/uploads\/2025\/06\/rendicion-al-ciudadano-300x196-1.jpg\" alt=\"\" class=\"wp-image-159\"\/><\/a><\/figure>\n<\/div>\n\n\n\n<figure class=\"wp-block-image size-full\"><a href=\"https:\/\/dgafmil.mil.py\/index.php\/transparencia\"><img decoding=\"async\" src=\"https:\/\/cimefor.mil.py\/wp-content\/uploads\/2025\/06\/Transparencia-300x119-1.png\" alt=\"\" class=\"wp-image-160\"\/><\/a><\/figure>\n\n\n\n<figure class=\"wp-block-image size-full\"><a href=\"https:\/\/dgafmil.mil.py\/index.php\/transparencia\"><img decoding=\"async\" src=\"https:\/\/cimefor.mil.py\/wp-content\/uploads\/2025\/06\/elegi-tu-tramite-en-linea-izquierda-300x119-1.gif\" alt=\"\" class=\"wp-image-161\"\/><\/a><\/figure>\n<\/div>\n<\/div>\n\n\n\n<p><\/p>\n","protected":false},"excerpt":{"rendered":"<p>Buscar en el sitio Principales secciones \u00daltimas noticias publicadas<\/p>\n","protected":false},"author":1,"featured_media":0,"parent":0,"menu_order":0,"comment_status":"closed","ping_status":"closed","template":"page-nosidebar.php","meta":{"footnotes":""},"class_list":["post-6","page","type-page","status-publish","hentry"],"_links":{"self":[{"href":"https:\/\/ffmm.mil.py\/epoe\/wp-json\/wp\/v2\/pages\/6","targetHints":{"allow":["GET"]}}],"collection":[{"href":"https:\/\/ffmm.mil.py\/epoe\/wp-json\/wp\/v2\/pages"}],"about":[{"href":"https:\/\/ffmm.mil.py\/epoe\/wp-json\/wp\/v2\/types\/page"}],"author":[{"embeddable":true,"href":"https:\/\/ffmm.mil.py\/epoe\/wp-json\/wp\/v2\/users\/1"}],"replies":[{"embeddable":true,"href":"https:\/\/ffmm.mil.py\/epoe\/wp-json\/wp\/v2\/comments?post=6"}],"version-history":[{"count":5,"href":"https:\/\/ffmm.mil.py\/epoe\/wp-json\/wp\/v2\/pages\/6\/revisions"}],"predecessor-version":[{"id":270,"href":"https:\/\/ffmm.mil.py\/epoe\/wp-json\/wp\/v2\/pages\/6\/revisions\/270"}],"wp:attachment":[{"href":"https:\/\/ffmm.mil.py\/epoe\/wp-json\/wp\/v2\/media?parent=6"}],"curies":[{"name":"wp","href":"https:\/\/api.w.org\/{rel}","templated":true}]}}