{"id":13,"date":"2025-07-09T19:43:29","date_gmt":"2025-07-09T17:43:29","guid":{"rendered":"https:\/\/migracion.ffmm.mil.py\/cimefor\/?page_id=13"},"modified":"2025-07-24T20:08:19","modified_gmt":"2025-07-24T18:08:19","slug":"autoridades","status":"publish","type":"page","link":"https:\/\/ffmm.mil.py\/fuerzaaerea\/autoridades\/","title":{"rendered":"Autoridades"},"content":{"rendered":"\n<div class=\"wp-block-columns is-layout-flex wp-container-core-columns-is-layout-28f84493 wp-block-columns-is-layout-flex\">\n<div class=\"wp-block-column is-layout-flow wp-block-column-is-layout-flow\" style=\"flex-basis:33.33%\">\n<figure class=\"wp-block-image size-full\"><img decoding=\"async\" width=\"180\" height=\"220\" src=\"https:\/\/ffmm.mil.py\/fuerzaaerea\/wp-content\/uploads\/sites\/5\/2025\/07\/GRAL_DEL_AIRE_JULIO_RUBEN_FULLAONDO_CESPEDES-e1718249116707-180x220-3.jpg\" alt=\"\" class=\"wp-image-201\"\/><\/figure>\n<\/div>\n\n\n\n<div class=\"wp-block-column is-layout-flow wp-block-column-is-layout-flow\" style=\"flex-basis:66.66%\">\n<h2 class=\"wp-block-heading\"><a href=\"https:\/\/ffmm.mil.py\/fuerzaaerea\/gral-del-aire-julio-ruben-fullaondo-cespedes-2\/\">GRAL DEL AIRE JULIO RUB\u00c9N FULLAONDO C\u00c9SPEDES<\/a><\/h2>\n\n\n\n<p><time datetime=\"2024-05-27T12:00:00-04:00\"><a href=\"https:\/\/ffmm.mil.py\/fuerzaaerea\/gral-del-aire-julio-ruben-fullaondo-cespedes-2\/\">27 de mayo de 2024<\/a><\/time><\/p>\n\n\n\n<p>Comandante de la Fuerza A\u00e9rea Paraguaya<\/p>\n\n\n\n<div class=\"wp-block-buttons is-layout-flex wp-block-buttons-is-layout-flex\">\n<div class=\"wp-block-button\"><a class=\"wp-block-button__link wp-element-button\" href=\"https:\/\/ffmm.mil.py\/fuerzaaerea\/gral-del-aire-julio-ruben-fullaondo-cespedes-2\/\">Leer m\u00e1s<\/a><\/div>\n<\/div>\n<\/div>\n<\/div>\n\n\n\n<div class=\"wp-block-columns is-layout-flex wp-container-core-columns-is-layout-28f84493 wp-block-columns-is-layout-flex\">\n<div class=\"wp-block-column is-layout-flow wp-block-column-is-layout-flow\" style=\"flex-basis:33.33%\">\n<figure class=\"wp-block-image size-full\"><img decoding=\"async\" width=\"180\" height=\"220\" src=\"https:\/\/ffmm.mil.py\/fuerzaaerea\/wp-content\/uploads\/sites\/5\/2025\/07\/GRAL_DIV_AER_ROBERTO_JOSE_IDOYAGA_BENITEZ-e1718249637322-180x220-1.jpg\" alt=\"\" class=\"wp-image-211\"\/><\/figure>\n<\/div>\n\n\n\n<div class=\"wp-block-column is-layout-flow wp-block-column-is-layout-flow\" style=\"flex-basis:66.66%\">\n<h2 class=\"wp-block-heading\"><a href=\"https:\/\/ffmm.mil.py\/fuerzaaerea\/gral-div-aer-roberto-jose-idoyaga-benitez\/\">GRAL DIV AER ROBERTO JOSE IDOYAGA BENITEZ<\/a><\/h2>\n\n\n\n<p><time datetime=\"2024-05-27T11:00:41-04:00\"><a href=\"https:\/\/ffmm.mil.py\/fuerzaaerea\/gral-div-aer-roberto-jose-idoyaga-benitez\/\">27 de mayo de 2024<\/a><\/time><\/p>\n\n\n\n<p>Jefe del Estado Mayor General de la Fuerza A\u00e9rea<\/p>\n\n\n\n<div class=\"wp-block-buttons is-layout-flex wp-block-buttons-is-layout-flex\">\n<div class=\"wp-block-button\"><a class=\"wp-block-button__link wp-element-button\" href=\"https:\/\/ffmm.mil.py\/fuerzaaerea\/gral-div-aer-roberto-jose-idoyaga-benitez\/\">Leer m\u00e1s<\/a><\/div>\n<\/div>\n<\/div>\n<\/div>\n\n\n\n<div class=\"wp-block-columns is-layout-flex wp-container-core-columns-is-layout-28f84493 wp-block-columns-is-layout-flex\">\n<div class=\"wp-block-column is-layout-flow wp-block-column-is-layout-flow\" style=\"flex-basis:33.33%\">\n<figure class=\"wp-block-image size-full\"><img decoding=\"async\" width=\"180\" height=\"220\" src=\"https:\/\/ffmm.mil.py\/fuerzaaerea\/wp-content\/uploads\/sites\/5\/2025\/07\/GRAL_BRIG_AER__EDGAR_ANTONIO_LEGUIZAMON_OVELAR-e1718250276328-mejoreado-180x220-1.jpg\" alt=\"\" class=\"wp-image-212\"\/><\/figure>\n<\/div>\n\n\n\n<div class=\"wp-block-column is-layout-flow wp-block-column-is-layout-flow\" style=\"flex-basis:66.66%\">\n<h2 class=\"wp-block-heading\"><a href=\"https:\/\/ffmm.mil.py\/fuerzaaerea\/gral-brig-aer-edgar-antonio-leguizamon-ovelar\/\">GRAL BRIG AER EDGAR ANTONIO LEGUIZAMON OVELAR<\/a><\/h2>\n\n\n\n<p><time datetime=\"2024-05-27T10:00:30-04:00\"><a href=\"https:\/\/ffmm.mil.py\/fuerzaaerea\/gral-brig-aer-edgar-antonio-leguizamon-ovelar\/\">27 de mayo de 2024<\/a><\/time><\/p>\n\n\n\n<p>Comandante de la Primera Brigada A\u00e9rea<\/p>\n\n\n\n<div class=\"wp-block-buttons is-layout-flex wp-block-buttons-is-layout-flex\">\n<div class=\"wp-block-button\"><a class=\"wp-block-button__link wp-element-button\" href=\"https:\/\/ffmm.mil.py\/fuerzaaerea\/gral-brig-aer-edgar-antonio-leguizamon-ovelar\/\">Leer m\u00e1s<\/a><\/div>\n<\/div>\n<\/div>\n<\/div>\n\n\n\n<div class=\"wp-block-columns is-layout-flex wp-container-core-columns-is-layout-28f84493 wp-block-columns-is-layout-flex\">\n<div class=\"wp-block-column is-layout-flow wp-block-column-is-layout-flow\" style=\"flex-basis:33.33%\">\n<figure class=\"wp-block-image size-full\"><img loading=\"lazy\" decoding=\"async\" width=\"180\" height=\"220\" src=\"https:\/\/ffmm.mil.py\/fuerzaaerea\/wp-content\/uploads\/sites\/5\/2025\/07\/GRAL-BRIG-AER-OSCAR-JAVIER-SANTACRUZ-CESPEDES.jpg\" alt=\"\" class=\"wp-image-213\"\/><\/figure>\n<\/div>\n\n\n\n<div class=\"wp-block-column is-layout-flow wp-block-column-is-layout-flow\" style=\"flex-basis:66.66%\">\n<h2 class=\"wp-block-heading\"><a href=\"https:\/\/ffmm.mil.py\/fuerzaaerea\/gral-brig-aer-oscar-javier-santacruz-cespedes\/\">GRAL BRIG AER \u00d3SCAR JAVIER SANTACRUZ C\u00c9SPEDES<\/a><\/h2>\n\n\n\n<p><time datetime=\"2024-05-27T09:00:57-04:00\"><a href=\"https:\/\/ffmm.mil.py\/fuerzaaerea\/gral-brig-aer-oscar-javier-santacruz-cespedes\/\">27 de mayo de 2024<\/a><\/time><\/p>\n\n\n\n<p>Comandante del Comando de Regiones A\u00e9reas<\/p>\n\n\n\n<div class=\"wp-block-buttons is-layout-flex wp-block-buttons-is-layout-flex\">\n<div class=\"wp-block-button\"><a class=\"wp-block-button__link wp-element-button\" href=\"https:\/\/ffmm.mil.py\/fuerzaaerea\/gral-brig-aer-oscar-javier-santacruz-cespedes\/\">Leer m\u00e1s<\/a><\/div>\n<\/div>\n<\/div>\n<\/div>\n\n\n\n<div class=\"wp-block-columns is-layout-flex wp-container-core-columns-is-layout-28f84493 wp-block-columns-is-layout-flex\">\n<div class=\"wp-block-column is-layout-flow wp-block-column-is-layout-flow\" style=\"flex-basis:33.33%\">\n<figure class=\"wp-block-image size-full\"><img loading=\"lazy\" decoding=\"async\" width=\"180\" height=\"220\" src=\"https:\/\/ffmm.mil.py\/fuerzaaerea\/wp-content\/uploads\/sites\/5\/2025\/07\/GRAL-PEREZ-CERAFINImejoreado-180x220-1.jpg\" alt=\"\" class=\"wp-image-214\"\/><\/figure>\n<\/div>\n\n\n\n<div class=\"wp-block-column is-layout-flow wp-block-column-is-layout-flow\" style=\"flex-basis:66.66%\">\n<h2 class=\"wp-block-heading\"><a href=\"https:\/\/ffmm.mil.py\/fuerzaaerea\/gral-brig-aer-jorge-antonio-perez-serafini\/\" data-type=\"link\" data-id=\"https:\/\/ffmm.mil.py\/fuerzaaerea\/gral-brig-aer-jorge-antonio-perez-serafini\/\">GRAL BRIG AER JORGE ANTONIO P\u00c9REZ SERAFINI<\/a><\/h2>\n\n\n\n<p><time datetime=\"2024-06-04T08:00:16-04:00\"><a href=\"https:\/\/ffmm.mil.py\/fuerzaaerea\/gral-brig-aer-jorge-antonio-perez-serafini\/\">4 de junio de 2024<\/a><\/time><\/p>\n\n\n\n<p>Comandante de la Brigada Aerotransportada<\/p>\n\n\n\n<div class=\"wp-block-buttons is-layout-flex wp-block-buttons-is-layout-flex\">\n<div class=\"wp-block-button\"><a class=\"wp-block-button__link wp-element-button\" href=\"https:\/\/ffmm.mil.py\/fuerzaaerea\/gral-brig-aer-jorge-antonio-perez-serafini\/\">Leer m\u00e1s<\/a><\/div>\n<\/div>\n<\/div>\n<\/div>\n\n\n\n<div class=\"wp-block-columns is-layout-flex wp-container-core-columns-is-layout-28f84493 wp-block-columns-is-layout-flex\">\n<div class=\"wp-block-column is-layout-flow wp-block-column-is-layout-flow\" style=\"flex-basis:33.33%\">\n<figure class=\"wp-block-image size-full\"><img loading=\"lazy\" decoding=\"async\" width=\"180\" height=\"220\" src=\"https:\/\/ffmm.mil.py\/fuerzaaerea\/wp-content\/uploads\/sites\/5\/2025\/07\/GRAL_BRIG_AER_SALOMON_CESAR_MARECO_SAMUDIO-reducido-180x220-1.jpg\" alt=\"\" class=\"wp-image-217\"\/><\/figure>\n<\/div>\n\n\n\n<div class=\"wp-block-column is-layout-flow wp-block-column-is-layout-flow\" style=\"flex-basis:66.66%\">\n<h2 class=\"wp-block-heading\"><a href=\"https:\/\/ffmm.mil.py\/fuerzaaerea\/gral-brig-aer-salomon-cesar-mareco-samudio\/\">GRAL BRIG AER SALOMON CESAR MARECO SAMUDIO<\/a><\/h2>\n\n\n\n<p><time datetime=\"2024-06-04T07:00:10-04:00\"><a href=\"https:\/\/ffmm.mil.py\/fuerzaaerea\/gral-brig-aer-salomon-cesar-mareco-samudio\/\">4 de junio de 2024<\/a><\/time><\/p>\n\n\n\n<p>Comandante del Comando de Institutos Aeron\u00e1uticos de Ense\u00f1anza<\/p>\n\n\n\n<div class=\"wp-block-buttons is-layout-flex wp-block-buttons-is-layout-flex\">\n<div class=\"wp-block-button\"><a class=\"wp-block-button__link wp-element-button\" href=\"https:\/\/ffmm.mil.py\/fuerzaaerea\/gral-brig-aer-salomon-cesar-mareco-samudio\/\">Leer m\u00e1s<\/a><\/div>\n<\/div>\n<\/div>\n<\/div>\n\n\n\n<div class=\"wp-block-columns is-layout-flex wp-container-core-columns-is-layout-28f84493 wp-block-columns-is-layout-flex\">\n<div class=\"wp-block-column is-layout-flow wp-block-column-is-layout-flow\" style=\"flex-basis:33.33%\">\n<figure class=\"wp-block-image size-full\"><img loading=\"lazy\" decoding=\"async\" width=\"180\" height=\"220\" src=\"https:\/\/ffmm.mil.py\/fuerzaaerea\/wp-content\/uploads\/sites\/5\/2025\/07\/GRAL_BRIG_AER_VICTOR_IRENEO_SAMANIEGO_QUINONEZ-180x220mejor-180x220-1.jpg\" alt=\"\" class=\"wp-image-219\"\/><\/figure>\n<\/div>\n\n\n\n<div class=\"wp-block-column is-layout-flow wp-block-column-is-layout-flow\" style=\"flex-basis:66.66%\">\n<h2 class=\"wp-block-heading\"><a href=\"https:\/\/ffmm.mil.py\/fuerzaaerea\/gral-brig-aer-victor-ireneo-samaniego-quinonez\/\">GRAL BRIG AER VICTOR IRENEO SAMANIEGO QUI\u00d1ONEZ<\/a><\/h2>\n\n\n\n<p><time datetime=\"2024-06-04T06:00:01-04:00\"><a href=\"https:\/\/ffmm.mil.py\/fuerzaaerea\/gral-brig-aer-victor-ireneo-samaniego-quinonez\/\">4 de junio de 2024<\/a><\/time><\/p>\n\n\n\n<p>Comandante de la Brigada Log\u00edstica<\/p>\n\n\n\n<div class=\"wp-block-buttons is-layout-flex wp-block-buttons-is-layout-flex\">\n<div class=\"wp-block-button\"><a class=\"wp-block-button__link wp-element-button\" href=\"https:\/\/ffmm.mil.py\/fuerzaaerea\/gral-brig-aer-victor-ireneo-samaniego-quinonez\/\">Leer m\u00e1s<\/a><\/div>\n<\/div>\n<\/div>\n<\/div>\n\n\n\n<p><\/p>\n","protected":false},"excerpt":{"rendered":"<p>GRAL DEL AIRE JULIO RUB\u00c9N FULLAONDO C\u00c9SPEDES 27 de mayo de 2024 Comandante de la Fuerza A\u00e9rea Paraguaya GRAL DIV AER ROBERTO JOSE IDOYAGA BENITEZ 27 de mayo de 2024 Jefe del Estado Mayor General de la Fuerza A\u00e9rea GRAL BRIG AER EDGAR ANTONIO LEGUIZAMON OVELAR 27 de mayo de 2024 Comandante de la Primera [&hellip;]<\/p>\n","protected":false},"author":1,"featured_media":0,"parent":0,"menu_order":0,"comment_status":"closed","ping_status":"closed","template":"page-nosidebar.php","meta":{"footnotes":""},"class_list":["post-13","page","type-page","status-publish","hentry"],"_links":{"self":[{"href":"https:\/\/ffmm.mil.py\/fuerzaaerea\/wp-json\/wp\/v2\/pages\/13","targetHints":{"allow":["GET"]}}],"collection":[{"href":"https:\/\/ffmm.mil.py\/fuerzaaerea\/wp-json\/wp\/v2\/pages"}],"about":[{"href":"https:\/\/ffmm.mil.py\/fuerzaaerea\/wp-json\/wp\/v2\/types\/page"}],"author":[{"embeddable":true,"href":"https:\/\/ffmm.mil.py\/fuerzaaerea\/wp-json\/wp\/v2\/users\/1"}],"replies":[{"embeddable":true,"href":"https:\/\/ffmm.mil.py\/fuerzaaerea\/wp-json\/wp\/v2\/comments?post=13"}],"version-history":[{"count":14,"href":"https:\/\/ffmm.mil.py\/fuerzaaerea\/wp-json\/wp\/v2\/pages\/13\/revisions"}],"predecessor-version":[{"id":641,"href":"https:\/\/ffmm.mil.py\/fuerzaaerea\/wp-json\/wp\/v2\/pages\/13\/revisions\/641"}],"wp:attachment":[{"href":"https:\/\/ffmm.mil.py\/fuerzaaerea\/wp-json\/wp\/v2\/media?parent=13"}],"curies":[{"name":"wp","href":"https:\/\/api.w.org\/{rel}","templated":true}]}}

<div class="wp-block-columns is-layout-flex wp-container-core-columns-is-layout-28f84493 wp-block-columns-is-layout-flex">
<div class="wp-block-column is-layout-flow wp-block-column-is-layout-flow" style="flex-basis:33.33%">
<figure class="wp-block-image size-full"><img decoding="async" width="180" height="220" src="https://ffmm.mil.py/fuerzaaerea/wp-content/uploads/sites/5/2025/07/GRAL_DEL_AIRE_JULIO_RUBEN_FULLAONDO_CESPEDES-e1718249116707-180x220-3.jpg" alt="" class="wp-image-201"/></figure>
</div>



<div class="wp-block-column is-layout-flow wp-block-column-is-layout-flow" style="flex-basis:66.66%">
<h2 class="wp-block-heading"><a href="https://ffmm.mil.py/fuerzaaerea/gral-del-aire-julio-ruben-fullaondo-cespedes-2/">GRAL DEL AIRE JULIO RUBÉN FULLAONDO CÉSPEDES</a></h2>



<p><time datetime="2024-05-27T12:00:00-04:00"><a href="https://ffmm.mil.py/fuerzaaerea/gral-del-aire-julio-ruben-fullaondo-cespedes-2/">27 de mayo de 2024</a></time></p>



<p>Comandante de la Fuerza Aérea Paraguaya</p>



<div class="wp-block-buttons is-layout-flex wp-block-buttons-is-layout-flex">
<div class="wp-block-button"><a class="wp-block-button__link wp-element-button" href="https://ffmm.mil.py/fuerzaaerea/gral-del-aire-julio-ruben-fullaondo-cespedes-2/">Leer más</a></div>
</div>
</div>
</div>



<div class="wp-block-columns is-layout-flex wp-container-core-columns-is-layout-28f84493 wp-block-columns-is-layout-flex">
<div class="wp-block-column is-layout-flow wp-block-column-is-layout-flow" style="flex-basis:33.33%">
<figure class="wp-block-image size-full"><img decoding="async" width="180" height="220" src="https://ffmm.mil.py/fuerzaaerea/wp-content/uploads/sites/5/2025/07/GRAL_DIV_AER_ROBERTO_JOSE_IDOYAGA_BENITEZ-e1718249637322-180x220-1.jpg" alt="" class="wp-image-211"/></figure>
</div>



<div class="wp-block-column is-layout-flow wp-block-column-is-layout-flow" style="flex-basis:66.66%">
<h2 class="wp-block-heading"><a href="https://ffmm.mil.py/fuerzaaerea/gral-div-aer-roberto-jose-idoyaga-benitez/">GRAL DIV AER ROBERTO JOSE IDOYAGA BENITEZ</a></h2>



<p><time datetime="2024-05-27T11:00:41-04:00"><a href="https://ffmm.mil.py/fuerzaaerea/gral-div-aer-roberto-jose-idoyaga-benitez/">27 de mayo de 2024</a></time></p>



<p>Jefe del Estado Mayor General de la Fuerza Aérea</p>



<div class="wp-block-buttons is-layout-flex wp-block-buttons-is-layout-flex">
<div class="wp-block-button"><a class="wp-block-button__link wp-element-button" href="https://ffmm.mil.py/fuerzaaerea/gral-div-aer-roberto-jose-idoyaga-benitez/">Leer más</a></div>
</div>
</div>
</div>



<div class="wp-block-columns is-layout-flex wp-container-core-columns-is-layout-28f84493 wp-block-columns-is-layout-flex">
<div class="wp-block-column is-layout-flow wp-block-column-is-layout-flow" style="flex-basis:33.33%">
<figure class="wp-block-image size-full"><img decoding="async" width="180" height="220" src="https://ffmm.mil.py/fuerzaaerea/wp-content/uploads/sites/5/2025/07/GRAL_BRIG_AER__EDGAR_ANTONIO_LEGUIZAMON_OVELAR-e1718250276328-mejoreado-180x220-1.jpg" alt="" class="wp-image-212"/></figure>
</div>



<div class="wp-block-column is-layout-flow wp-block-column-is-layout-flow" style="flex-basis:66.66%">
<h2 class="wp-block-heading"><a href="https://ffmm.mil.py/fuerzaaerea/gral-brig-aer-edgar-antonio-leguizamon-ovelar/">GRAL BRIG AER EDGAR ANTONIO LEGUIZAMON OVELAR</a></h2>



<p><time datetime="2024-05-27T10:00:30-04:00"><a href="https://ffmm.mil.py/fuerzaaerea/gral-brig-aer-edgar-antonio-leguizamon-ovelar/">27 de mayo de 2024</a></time></p>



<p>Comandante de la Primera Brigada Aérea</p>



<div class="wp-block-buttons is-layout-flex wp-block-buttons-is-layout-flex">
<div class="wp-block-button"><a class="wp-block-button__link wp-element-button" href="https://ffmm.mil.py/fuerzaaerea/gral-brig-aer-edgar-antonio-leguizamon-ovelar/">Leer más</a></div>
</div>
</div>
</div>



<div class="wp-block-columns is-layout-flex wp-container-core-columns-is-layout-28f84493 wp-block-columns-is-layout-flex">
<div class="wp-block-column is-layout-flow wp-block-column-is-layout-flow" style="flex-basis:33.33%">
<figure class="wp-block-image size-full"><img loading="lazy" decoding="async" width="180" height="220" src="https://ffmm.mil.py/fuerzaaerea/wp-content/uploads/sites/5/2025/07/GRAL-BRIG-AER-OSCAR-JAVIER-SANTACRUZ-CESPEDES.jpg" alt="" class="wp-image-213"/></figure>
</div>



<div class="wp-block-column is-layout-flow wp-block-column-is-layout-flow" style="flex-basis:66.66%">
<h2 class="wp-block-heading"><a href="https://ffmm.mil.py/fuerzaaerea/gral-brig-aer-oscar-javier-santacruz-cespedes/">GRAL BRIG AER ÓSCAR JAVIER SANTACRUZ CÉSPEDES</a></h2>



<p><time datetime="2024-05-27T09:00:57-04:00"><a href="https://ffmm.mil.py/fuerzaaerea/gral-brig-aer-oscar-javier-santacruz-cespedes/">27 de mayo de 2024</a></time></p>



<p>Comandante del Comando de Regiones Aéreas</p>



<div class="wp-block-buttons is-layout-flex wp-block-buttons-is-layout-flex">
<div class="wp-block-button"><a class="wp-block-button__link wp-element-button" href="https://ffmm.mil.py/fuerzaaerea/gral-brig-aer-oscar-javier-santacruz-cespedes/">Leer más</a></div>
</div>
</div>
</div>



<div class="wp-block-columns is-layout-flex wp-container-core-columns-is-layout-28f84493 wp-block-columns-is-layout-flex">
<div class="wp-block-column is-layout-flow wp-block-column-is-layout-flow" style="flex-basis:33.33%">
<figure class="wp-block-image size-full"><img loading="lazy" decoding="async" width="180" height="220" src="https://ffmm.mil.py/fuerzaaerea/wp-content/uploads/sites/5/2025/07/GRAL-PEREZ-CERAFINImejoreado-180x220-1.jpg" alt="" class="wp-image-214"/></figure>
</div>



<div class="wp-block-column is-layout-flow wp-block-column-is-layout-flow" style="flex-basis:66.66%">
<h2 class="wp-block-heading"><a href="https://ffmm.mil.py/fuerzaaerea/gral-brig-aer-jorge-antonio-perez-serafini/" data-type="link" data-id="https://ffmm.mil.py/fuerzaaerea/gral-brig-aer-jorge-antonio-perez-serafini/">GRAL BRIG AER JORGE ANTONIO PÉREZ SERAFINI</a></h2>



<p><time datetime="2024-06-04T08:00:16-04:00"><a href="https://ffmm.mil.py/fuerzaaerea/gral-brig-aer-jorge-antonio-perez-serafini/">4 de junio de 2024</a></time></p>



<p>Comandante de la Brigada Aerotransportada</p>



<div class="wp-block-buttons is-layout-flex wp-block-buttons-is-layout-flex">
<div class="wp-block-button"><a class="wp-block-button__link wp-element-button" href="https://ffmm.mil.py/fuerzaaerea/gral-brig-aer-jorge-antonio-perez-serafini/">Leer más</a></div>
</div>
</div>
</div>



<div class="wp-block-columns is-layout-flex wp-container-core-columns-is-layout-28f84493 wp-block-columns-is-layout-flex">
<div class="wp-block-column is-layout-flow wp-block-column-is-layout-flow" style="flex-basis:33.33%">
<figure class="wp-block-image size-full"><img loading="lazy" decoding="async" width="180" height="220" src="https://ffmm.mil.py/fuerzaaerea/wp-content/uploads/sites/5/2025/07/GRAL_BRIG_AER_SALOMON_CESAR_MARECO_SAMUDIO-reducido-180x220-1.jpg" alt="" class="wp-image-217"/></figure>
</div>



<div class="wp-block-column is-layout-flow wp-block-column-is-layout-flow" style="flex-basis:66.66%">
<h2 class="wp-block-heading"><a href="https://ffmm.mil.py/fuerzaaerea/gral-brig-aer-salomon-cesar-mareco-samudio/">GRAL BRIG AER SALOMON CESAR MARECO SAMUDIO</a></h2>



<p><time datetime="2024-06-04T07:00:10-04:00"><a href="https://ffmm.mil.py/fuerzaaerea/gral-brig-aer-salomon-cesar-mareco-samudio/">4 de junio de 2024</a></time></p>



<p>Comandante del Comando de Institutos Aeronáuticos de Enseñanza</p>



<div class="wp-block-buttons is-layout-flex wp-block-buttons-is-layout-flex">
<div class="wp-block-button"><a class="wp-block-button__link wp-element-button" href="https://ffmm.mil.py/fuerzaaerea/gral-brig-aer-salomon-cesar-mareco-samudio/">Leer más</a></div>
</div>
</div>
</div>



<div class="wp-block-columns is-layout-flex wp-container-core-columns-is-layout-28f84493 wp-block-columns-is-layout-flex">
<div class="wp-block-column is-layout-flow wp-block-column-is-layout-flow" style="flex-basis:33.33%">
<figure class="wp-block-image size-full"><img loading="lazy" decoding="async" width="180" height="220" src="https://ffmm.mil.py/fuerzaaerea/wp-content/uploads/sites/5/2025/07/GRAL_BRIG_AER_VICTOR_IRENEO_SAMANIEGO_QUINONEZ-180x220mejor-180x220-1.jpg" alt="" class="wp-image-219"/></figure>
</div>



<div class="wp-block-column is-layout-flow wp-block-column-is-layout-flow" style="flex-basis:66.66%">
<h2 class="wp-block-heading"><a href="https://ffmm.mil.py/fuerzaaerea/gral-brig-aer-victor-ireneo-samaniego-quinonez/">GRAL BRIG AER VICTOR IRENEO SAMANIEGO QUIÑONEZ</a></h2>



<p><time datetime="2024-06-04T06:00:01-04:00"><a href="https://ffmm.mil.py/fuerzaaerea/gral-brig-aer-victor-ireneo-samaniego-quinonez/">4 de junio de 2024</a></time></p>



<p>Comandante de la Brigada Logística</p>



<div class="wp-block-buttons is-layout-flex wp-block-buttons-is-layout-flex">
<div class="wp-block-button"><a class="wp-block-button__link wp-element-button" href="https://ffmm.mil.py/fuerzaaerea/gral-brig-aer-victor-ireneo-samaniego-quinonez/">Leer más</a></div>
</div>
</div>
</div>



<p></p>

<p>GRAL DEL AIRE JULIO RUBÉN FULLAONDO CÉSPEDES 27 de mayo de 2024 Comandante de la Fuerza Aérea Paraguaya GRAL DIV AER ROBERTO JOSE IDOYAGA BENITEZ 27 de mayo de 2024 Jefe del Estado Mayor General de la Fuerza Aérea GRAL BRIG AER EDGAR ANTONIO LEGUIZAMON OVELAR 27 de mayo de 2024 Comandante de la Primera [&hellip;]</p>
