{"id":203,"date":"2025-07-10T13:09:19","date_gmt":"2025-07-10T11:09:19","guid":{"rendered":"https:\/\/migracion.ffmm.mil.py\/cimefor\/?page_id=203"},"modified":"2025-07-10T14:53:55","modified_gmt":"2025-07-10T12:53:55","slug":"mision-y-vision-2","status":"publish","type":"page","link":"https:\/\/ffmm.mil.py\/fuerzaaerea\/mision-y-vision-2\/","title":{"rendered":"MISI\u00d3N Y VISI\u00d3N"},"content":{"rendered":"\n<div class=\"wp-block-columns is-layout-flex wp-container-core-columns-is-layout-28f84493 wp-block-columns-is-layout-flex\">\n<div class=\"wp-block-column is-layout-flow wp-block-column-is-layout-flow\" style=\"flex-basis:33.33%\">\n<figure class=\"wp-block-image size-full\"><img fetchpriority=\"high\" decoding=\"async\" width=\"300\" height=\"300\" src=\"https:\/\/cimefor.mil.py\/cimefor\/wp-content\/uploads\/sites\/5\/2025\/07\/ESCUDO_CIPAFA-300x300-1.jpg\" alt=\"\" class=\"wp-image-289\" srcset=\"https:\/\/ffmm.mil.py\/fuerzaaerea\/wp-content\/uploads\/sites\/5\/2025\/07\/ESCUDO_CIPAFA-300x300-1.jpg 300w, https:\/\/ffmm.mil.py\/fuerzaaerea\/wp-content\/uploads\/sites\/5\/2025\/07\/ESCUDO_CIPAFA-300x300-1-150x150.jpg 150w\" sizes=\"(max-width: 300px) 100vw, 300px\" \/><\/figure>\n<\/div>\n\n\n\n<div class=\"wp-block-column is-layout-flow wp-block-column-is-layout-flow\" style=\"flex-basis:66.66%\"><\/div>\n<\/div>\n\n\n\n<p class=\"has-text-align-center\"><strong>CENTRO DE INVESTIGACI\u00d3N Y PREVENCI\u00d3N DE ACCIDENTES AERON\u00c1UTICOS DE LA FUERZA A\u00c9REA<\/strong><\/p>\n\n\n\n<p class=\"has-text-align-center\"><strong>MISI\u00d3N<\/strong><\/p>\n\n\n\n<p class=\"has-text-align-center\">Promover la Investigaci\u00f3n y Prevenci\u00f3n de Accidentes Aeron\u00e1uticos, preservando los recursos humanos y materiales a trav\u00e9s del modelo de gesti\u00f3n de seguridad operacional, con el fin de garantizar el normal desenvolvimiento de las actividades y la capacidad operativa institucional, a trav\u00e9s de un programa de mejoramiento continuo, por medio de la identificaci\u00f3n de los factores de riesgos y peligros, y la emisi\u00f3n de recomendaciones de seguridad operacional, que posibiliten una acci\u00f3n directa, o toma de decisi\u00f3n, para eliminar aquellos factores, o minimizar sus posibles consecuencias.<\/p>\n\n\n\n<p class=\"has-text-align-center\"><strong>VISI\u00d3N<\/strong><\/p>\n\n\n\n<p class=\"has-text-align-center\">\u201cConstituirse en un ente capaz de planificar, regular, guiar, coordinar, controlar y supervisar las actividades de Investigaci\u00f3n y Prevenci\u00f3n de accidentes aeron\u00e1uticos relacionadas con las actividades aeron\u00e1uticas, y ser capaz de establecer un Sistema de Investigaci\u00f3n y Prevenci\u00f3n de Accidentes Aeron\u00e1uticos con los dem\u00e1s \u00f3rganos reconocidos legalmente y de aquellos que a\u00fan no lo est\u00e1n.\u201d<\/p>\n","protected":false},"excerpt":{"rendered":"<p>CENTRO DE INVESTIGACI\u00d3N Y PREVENCI\u00d3N DE ACCIDENTES AERON\u00c1UTICOS DE LA FUERZA A\u00c9REA MISI\u00d3N Promover la Investigaci\u00f3n y Prevenci\u00f3n de Accidentes Aeron\u00e1uticos, preservando los recursos humanos y materiales a trav\u00e9s del modelo de gesti\u00f3n de seguridad operacional, con el fin de garantizar el normal desenvolvimiento de las actividades y la capacidad operativa institucional, a trav\u00e9s de [&hellip;]<\/p>\n","protected":false},"author":1,"featured_media":0,"parent":0,"menu_order":0,"comment_status":"closed","ping_status":"closed","template":"page-nosidebar.php","meta":{"footnotes":""},"class_list":["post-203","page","type-page","status-publish","hentry"],"_links":{"self":[{"href":"https:\/\/ffmm.mil.py\/fuerzaaerea\/wp-json\/wp\/v2\/pages\/203","targetHints":{"allow":["GET"]}}],"collection":[{"href":"https:\/\/ffmm.mil.py\/fuerzaaerea\/wp-json\/wp\/v2\/pages"}],"about":[{"href":"https:\/\/ffmm.mil.py\/fuerzaaerea\/wp-json\/wp\/v2\/types\/page"}],"author":[{"embeddable":true,"href":"https:\/\/ffmm.mil.py\/fuerzaaerea\/wp-json\/wp\/v2\/users\/1"}],"replies":[{"embeddable":true,"href":"https:\/\/ffmm.mil.py\/fuerzaaerea\/wp-json\/wp\/v2\/comments?post=203"}],"version-history":[{"count":2,"href":"https:\/\/ffmm.mil.py\/fuerzaaerea\/wp-json\/wp\/v2\/pages\/203\/revisions"}],"predecessor-version":[{"id":290,"href":"https:\/\/ffmm.mil.py\/fuerzaaerea\/wp-json\/wp\/v2\/pages\/203\/revisions\/290"}],"wp:attachment":[{"href":"https:\/\/ffmm.mil.py\/fuerzaaerea\/wp-json\/wp\/v2\/media?parent=203"}],"curies":[{"name":"wp","href":"https:\/\/api.w.org\/{rel}","templated":true}]}}