{"id":316,"date":"2025-07-10T15:55:34","date_gmt":"2025-07-10T13:55:34","guid":{"rendered":"https:\/\/migracion.ffmm.mil.py\/cimefor\/?page_id=316"},"modified":"2025-07-10T16:11:41","modified_gmt":"2025-07-10T14:11:41","slug":"gral-del-aire-julio-ruben-fullaondo-cespedes-2","status":"publish","type":"page","link":"https:\/\/ffmm.mil.py\/fuerzaaerea\/gral-del-aire-julio-ruben-fullaondo-cespedes-2\/","title":{"rendered":"GRAL DEL AIRE JULIO RUB\u00c9N FULLAONDO C\u00c9SPEDES"},"content":{"rendered":"\n<div class=\"wp-block-columns is-layout-flex wp-container-core-columns-is-layout-28f84493 wp-block-columns-is-layout-flex\">\n<div class=\"wp-block-column is-layout-flow wp-block-column-is-layout-flow\">\n<figure class=\"wp-block-image size-full\"><img decoding=\"async\" width=\"180\" height=\"220\" src=\"https:\/\/cimefor.mil.py\/cimefor\/wp-content\/uploads\/sites\/5\/2025\/07\/GRAL_DEL_AIRE_JULIO_RUBEN_FULLAONDO_CESPEDES-e1718249116707-180x220-4.jpg\" alt=\"\" class=\"wp-image-317\"\/><\/figure>\n<\/div>\n\n\n\n<div class=\"wp-block-column is-layout-flow wp-block-column-is-layout-flow\"><\/div>\n\n\n\n<div class=\"wp-block-column is-layout-flow wp-block-column-is-layout-flow\"><\/div>\n<\/div>\n\n\n\n<p><strong><u>SINTESIS DE LEGAJO DEL GRAL DIV AER JULIO RUBEN FULLAONDO CESPEDES<\/u><\/strong><\/p>\n\n\n\n<p><strong><u>DATOS PERSONALES<\/u><\/strong><\/p>\n\n\n\n<figure class=\"wp-block-table is-style-stripes\"><table class=\"has-fixed-layout\"><tbody><tr><td>\u2013 NOMBRES<\/td><td>: JULIO RUB\u00c9N<\/td><\/tr><tr><td>\u2013 APELLIDOS<\/td><td>: FULLAONDO C\u00c9SPEDES<\/td><\/tr><tr><td>\u2013 FECHA DE NACIMIENTO<\/td><td>: 01 DE DICIEMBRE DE 1966<\/td><\/tr><tr><td>\u2013 LUGAR DE NACIMIENTO<\/td><td>: EUSEBIO AYALA<\/td><\/tr><tr><td>\u2013 ESTADO CIVIL<\/td><td>: CASADO<\/td><\/tr><\/tbody><\/table><\/figure>\n\n\n\n<p>&nbsp;&nbsp;<strong><u>CARRERA MILITAR<\/u><\/strong><\/p>\n\n\n\n<figure class=\"wp-block-table is-style-stripes\"><table class=\"has-fixed-layout\"><tbody><tr><td>\u2013 A SUB TENIENTE<\/td><td>: 07 DE NOVIEMBRE DE 1989<\/td><td>DECRETO&nbsp;&nbsp;&nbsp;&nbsp;&nbsp;&nbsp; N\u00b03498<\/td><\/tr><tr><td>\u2013 A TENIENTE<\/td><td>: 31 DE DICIEMBRE DE 1991<\/td><td>DECRETO&nbsp; &nbsp; &nbsp; &nbsp;N\u00b0 12091<\/td><\/tr><tr><td>\u2013 A TENIENTE 1\u00b0<\/td><td>: 31 DE DICIEMBRE DE 1994<\/td><td>DECRETO&nbsp;&nbsp;&nbsp;&nbsp;&nbsp;&nbsp; N\u00b07080<\/td><\/tr><tr><td>\u2013 A CAPIT\u00c1N<\/td><td>: 31 DE DICIEMBRE DE 1998<\/td><td>DECRETO&nbsp; &nbsp; &nbsp; &nbsp;N\u00b0 1244<\/td><\/tr><tr><td>\u2013 A MAYOR<\/td><td>: 31 DE DICIEMBRE DE 2003<\/td><td>DECRETO&nbsp; &nbsp; &nbsp; &nbsp;N\u00b0 1364<\/td><\/tr><tr><td>\u2013 A TENIENTE CORONEL<\/td><td>: 30 DE DICIEMBRE DE 2008<\/td><td>DECRETO&nbsp; &nbsp; &nbsp; &nbsp;N\u00b0 1226<\/td><\/tr><tr><td>\u2013 A CORONEL<\/td><td>: 18 DE DICIEMBRE DE 2012<\/td><td>DECRETO&nbsp;&nbsp;&nbsp;&nbsp;&nbsp;&nbsp; N\u00b010270<\/td><\/tr><tr><td>\u2013 A GRAL BRIG AER<\/td><td>: 06 DE DICIEMBRE DE 2019<\/td><td>DECRETO&nbsp;&nbsp;&nbsp;&nbsp;&nbsp;&nbsp; N\u00b02977<\/td><\/tr><tr><td>\u2013 A GRAL DIV AER<\/td><td>: 29 DE DICIEMBRE DE 2021<\/td><td>DECRETO&nbsp;&nbsp;&nbsp;&nbsp;&nbsp;&nbsp; N\u201d6530<\/td><\/tr><\/tbody><\/table><\/figure>\n\n\n\n<p><strong><u>CURSOS REALIZADOS<\/u><\/strong><\/p>\n\n\n\n<ul class=\"wp-block-list\">\n<li>PARACAIDISMO B\u00c1SICO MILITAR<\/li>\n\n\n\n<li>PILOTO AVIADOR MILITAR<\/li>\n\n\n\n<li>FORMACI\u00d3N DE INSTRUCTORES T-23<\/li>\n\n\n\n<li>COORDINADOR SAR (REALIZADO EN LA REP\u00daBLICA FEDERATIVA DEL BRASIL)<\/li>\n\n\n\n<li>PILOTAJE EN AVI\u00d3N T- 27 TUCANO<\/li>\n\n\n\n<li>T\u00c1CTICA A\u00c9REA<\/li>\n\n\n\n<li>AERONAVE PLZ -104 W-80<\/li>\n\n\n\n<li>PERFECCIONAMIENTO DE OFICIALES DE LA FUERZA A\u00c9REA<\/li>\n\n\n\n<li>SQUADRON OFFICER SCHOOL (REALIZADO EN LOS EE-UU)<\/li>\n\n\n\n<li>OBSERVADOR MILITAR EN OPERACIONES DE MANTENIMIENTO DE PAZ<\/li>\n\n\n\n<li>COMANDO Y ESTADO MAYOR DE LA FUERZA A\u00c9REA<\/li>\n\n\n\n<li>POL\u00cdTICA Y ESTRATEGIA AEROESPACIAL (CPEA)<\/li>\n\n\n\n<li>MAESTR\u00cdA EN PLANIFICACI\u00d3N Y CONDUCCI\u00d3N ESTRAT\u00c9GICA NACIONAL (LAEE)<\/li>\n<\/ul>\n\n\n\n<p>&nbsp;<strong><u>CARGOS OCUPADOS<\/u><\/strong><\/p>\n\n\n\n<ul class=\"wp-block-list\">\n<li>JEFE DE OPERACIONES DEL GRUPO A\u00c9REO DE TRANSPORTE ESPECIAL<\/li>\n\n\n\n<li>JEFE DE OPERACIONES G-3 DE LA BRIGADA LOG\u00cdSTICA<\/li>\n\n\n\n<li>JEFE DE SECCI\u00d3N LOG\u00cdSTICA DEL COMREGAER<\/li>\n\n\n\n<li>DIRECTOR DEL SERVICIO DE INTENDENCIA DE LA FUERZA A\u00c9REA<\/li>\n\n\n\n<li>DIRECTOR DEL CENTRO FINANCIERO N\u00b0 1 COMANJEFE<\/li>\n\n\n\n<li>ORDENADOR DE GASTOS ALTERNO DEL COMANJEFE DE LAS FFAA DE LA NACI\u00d3N<\/li>\n\n\n\n<li>DIRECTOR DEL SERVICIO DE TRANSPORTE TERRESTRE DE LA FAP<\/li>\n\n\n\n<li>FISCAL DE OBRAS MILITARES DE LA BRIGADA LOG\u00cdSTICA<\/li>\n\n\n\n<li>DIRECTOR DEL SERVICIO DE INTENDENCIA<\/li>\n\n\n\n<li>ORDENADOR DE GASTOS ALTERNOS DEL COMANDO DE LAS FUERZAS MILITARES<\/li>\n\n\n\n<li>DIRECTOR GENERAL DE ADMINISTRACI\u00d3N Y FINANZAS DEL COMANDO DE LAS FUERZAS MILITARES<\/li>\n\n\n\n<li>REPRESENTANTE DE LAS FUERZAS ARMADAS DE LA NACION UAF N<sup>p<\/sup>&nbsp;1 ANTE LA CONTRALOR\u00cdA GENERAL DE LA REPUBLICA<\/li>\n\n\n\n<li>COMANDANTE INTERINO DE LA BRIGADA AEROTRANSPORTADA<\/li>\n\n\n\n<li>COMANDANTE DE LA BRIGADA AEROTRANSPORTADA<\/li>\n\n\n\n<li>PRESIDENTE DE LA SUPREMA CORTE DE JUSTICIA MILITAR<\/li>\n\n\n\n<li>COMANDANTE DE LA FUERZA A\u00c9REA PARAGUAYA<\/li>\n<\/ul>\n\n\n\n<p><strong><u>DIPLOMAS, BREVET Y<\/u>&nbsp;<u>DISTINTIVOS<\/u><\/strong><\/p>\n\n\n\n<ul class=\"wp-block-list\">\n<li>DIPLOMA, BREVET Y DISTINTIVO DE PILOTO AVIADOR MILITAR<\/li>\n\n\n\n<li>DIPLOMA Y BREVET DE PARACAIDISMO MILITAR<\/li>\n\n\n\n<li>DIPLOMA DE FORMACI\u00d3N DE INSTRUCTORES T-23<\/li>\n\n\n\n<li>DIPLOMA PILOTAJE EN AVI\u00d3N T- 27 TUCANO<\/li>\n\n\n\n<li>DIPLOMA Y DISTINTIVO DE T\u00c1CTICA A\u00c9REA<\/li>\n\n\n\n<li>DIPLOMA Y DISTINTIVO DE PERFECCIONAMIENTO DE OFICIALES DE LA FUERZA A\u00c9REA<\/li>\n\n\n\n<li>DIPLOMA Y DISTINTIVO DE OBSERVADOR MILITAR DE MANTENIMIENTO DE PAZ<\/li>\n\n\n\n<li>DIPLOMA Y DISTINTIVO COMANDO Y ESTADO MAYOR DE LA FUERZA A\u00c9REA<\/li>\n\n\n\n<li>DIPLOMA Y DISTINTIVO DE MAESTR\u00cdA EN PLANIFICACI\u00d3N Y CONDUCCI\u00d3N ESTRAT\u00c9GICA NACIONAL<\/li>\n\n\n\n<li>DIPLOMA Y DISTINTIVO POL\u00cdTICA Y ESTRATEGIA AEROESPACIAL<\/li>\n\n\n\n<li>DIPLOMA DE COORDINADOR SAR (REALIZADO EN LA REP\u00daBLICA FEDERATIVA DEL BRASIL)<\/li>\n\n\n\n<li>MEDALLA DE LA AERON\u00c1UTICA<\/li>\n\n\n\n<li>MEDALLA DE HONOR DEL SERVICIO AGROPECUARIO \u201cABNEGACI\u00d3N Y SACRIFICIO\u201d<\/li>\n\n\n\n<li>MEDALLA DE HONOR DE LAS TROPAS ESPECIALES DEL EJ\u00c9RCITO<\/li>\n\n\n\n<li>DISTINTIVO DE SERVICIOS PRESTADOS EN LA FUERZAS ARMADAS DE LA NACI\u00d3N (10 A\u00d1OS)<\/li>\n\n\n\n<li>DISTINTIVO DE SERVICIOS PRESTADOS EN LA FUERZAS ARMADAS DE LA NACI\u00d3N (15 A\u00d1OS)<\/li>\n\n\n\n<li>DISTINTIVO DE SERVICIOS PRESTADOS EN LAS FUERZAS ARMADAS DE LA NACI\u00d3N (20 A\u00d1OS)<\/li>\n\n\n\n<li>DISTINTIVO DE SERVICIOS PRESTADOS EN LAS FUERZAS ARMADAS DE LA NACI\u00d3N (25 A\u00d1OS)<\/li>\n\n\n\n<li>DISTINTIVO DE SERVICIOS PRESTADOS EN LAS FUERZAS ARMADAS DE LA NACI\u00d3N (30 A\u00d1OS<\/li>\n<\/ul>\n\n\n\n<p><strong><u>UNIDAD ACTUAL<\/u><\/strong><\/p>\n\n\n\n<ul class=\"wp-block-list\">\n<li>CUARTEL GENERAL- COMFAER<\/li>\n<\/ul>\n\n\n\n<div class=\"wp-block-columns is-layout-flex wp-container-core-columns-is-layout-28f84493 wp-block-columns-is-layout-flex\">\n<div class=\"wp-block-column is-layout-flow wp-block-column-is-layout-flow\" style=\"flex-basis:33.33%\">\n<figure class=\"wp-block-image size-full\"><img decoding=\"async\" width=\"180\" height=\"220\" src=\"https:\/\/cimefor.mil.py\/cimefor\/wp-content\/uploads\/sites\/5\/2025\/07\/GRAL_DEL_AIRE_JULIO_RUBEN_FULLAONDO_CESPEDES-e1718249116707-180x220-5.jpg\" alt=\"\" class=\"wp-image-318\"\/><\/figure>\n<\/div>\n\n\n\n<div class=\"wp-block-column is-layout-flow wp-block-column-is-layout-flow\" style=\"flex-basis:66.66%\"><\/div>\n<\/div>\n\n\n\n<p><\/p>\n","protected":false},"excerpt":{"rendered":"<p>SINTESIS DE LEGAJO DEL GRAL DIV AER JULIO RUBEN FULLAONDO CESPEDES DATOS PERSONALES \u2013 NOMBRES : JULIO RUB\u00c9N \u2013 APELLIDOS : FULLAONDO C\u00c9SPEDES \u2013 FECHA DE NACIMIENTO : 01 DE DICIEMBRE DE 1966 \u2013 LUGAR DE NACIMIENTO : EUSEBIO AYALA \u2013 ESTADO CIVIL : CASADO &nbsp;&nbsp;CARRERA MILITAR \u2013 A SUB TENIENTE : 07 DE NOVIEMBRE [&hellip;]<\/p>\n","protected":false},"author":1,"featured_media":0,"parent":0,"menu_order":0,"comment_status":"closed","ping_status":"closed","template":"page-nosidebar.php","meta":{"footnotes":""},"class_list":["post-316","page","type-page","status-publish","hentry"],"_links":{"self":[{"href":"https:\/\/ffmm.mil.py\/fuerzaaerea\/wp-json\/wp\/v2\/pages\/316","targetHints":{"allow":["GET"]}}],"collection":[{"href":"https:\/\/ffmm.mil.py\/fuerzaaerea\/wp-json\/wp\/v2\/pages"}],"about":[{"href":"https:\/\/ffmm.mil.py\/fuerzaaerea\/wp-json\/wp\/v2\/types\/page"}],"author":[{"embeddable":true,"href":"https:\/\/ffmm.mil.py\/fuerzaaerea\/wp-json\/wp\/v2\/users\/1"}],"replies":[{"embeddable":true,"href":"https:\/\/ffmm.mil.py\/fuerzaaerea\/wp-json\/wp\/v2\/comments?post=316"}],"version-history":[{"count":2,"href":"https:\/\/ffmm.mil.py\/fuerzaaerea\/wp-json\/wp\/v2\/pages\/316\/revisions"}],"predecessor-version":[{"id":322,"href":"https:\/\/ffmm.mil.py\/fuerzaaerea\/wp-json\/wp\/v2\/pages\/316\/revisions\/322"}],"wp:attachment":[{"href":"https:\/\/ffmm.mil.py\/fuerzaaerea\/wp-json\/wp\/v2\/media?parent=316"}],"curies":[{"name":"wp","href":"https:\/\/api.w.org\/{rel}","templated":true}]}}

GRAL DEL AIRE JULIO RUBÉN FULLAONDO CÉSPEDES

<div class="wp-block-columns is-layout-flex wp-container-core-columns-is-layout-28f84493 wp-block-columns-is-layout-flex">
<div class="wp-block-column is-layout-flow wp-block-column-is-layout-flow">
<figure class="wp-block-image size-full"><img decoding="async" width="180" height="220" src="https://cimefor.mil.py/cimefor/wp-content/uploads/sites/5/2025/07/GRAL_DEL_AIRE_JULIO_RUBEN_FULLAONDO_CESPEDES-e1718249116707-180x220-4.jpg" alt="" class="wp-image-317"/></figure>
</div>



<div class="wp-block-column is-layout-flow wp-block-column-is-layout-flow"></div>



<div class="wp-block-column is-layout-flow wp-block-column-is-layout-flow"></div>
</div>



<p><strong><u>SINTESIS DE LEGAJO DEL GRAL DIV AER JULIO RUBEN FULLAONDO CESPEDES</u></strong></p>



<p><strong><u>DATOS PERSONALES</u></strong></p>



<figure class="wp-block-table is-style-stripes"><table class="has-fixed-layout"><tbody><tr><td>– NOMBRES</td><td>: JULIO RUBÉN</td></tr><tr><td>– APELLIDOS</td><td>: FULLAONDO CÉSPEDES</td></tr><tr><td>– FECHA DE NACIMIENTO</td><td>: 01 DE DICIEMBRE DE 1966</td></tr><tr><td>– LUGAR DE NACIMIENTO</td><td>: EUSEBIO AYALA</td></tr><tr><td>– ESTADO CIVIL</td><td>: CASADO</td></tr></tbody></table></figure>



<p>&nbsp;&nbsp;<strong><u>CARRERA MILITAR</u></strong></p>



<figure class="wp-block-table is-style-stripes"><table class="has-fixed-layout"><tbody><tr><td>– A SUB TENIENTE</td><td>: 07 DE NOVIEMBRE DE 1989</td><td>DECRETO&nbsp;&nbsp;&nbsp;&nbsp;&nbsp;&nbsp; N°3498</td></tr><tr><td>– A TENIENTE</td><td>: 31 DE DICIEMBRE DE 1991</td><td>DECRETO&nbsp; &nbsp; &nbsp; &nbsp;N° 12091</td></tr><tr><td>– A TENIENTE 1°</td><td>: 31 DE DICIEMBRE DE 1994</td><td>DECRETO&nbsp;&nbsp;&nbsp;&nbsp;&nbsp;&nbsp; N°7080</td></tr><tr><td>– A CAPITÁN</td><td>: 31 DE DICIEMBRE DE 1998</td><td>DECRETO&nbsp; &nbsp; &nbsp; &nbsp;N° 1244</td></tr><tr><td>– A MAYOR</td><td>: 31 DE DICIEMBRE DE 2003</td><td>DECRETO&nbsp; &nbsp; &nbsp; &nbsp;N° 1364</td></tr><tr><td>– A TENIENTE CORONEL</td><td>: 30 DE DICIEMBRE DE 2008</td><td>DECRETO&nbsp; &nbsp; &nbsp; &nbsp;N° 1226</td></tr><tr><td>– A CORONEL</td><td>: 18 DE DICIEMBRE DE 2012</td><td>DECRETO&nbsp;&nbsp;&nbsp;&nbsp;&nbsp;&nbsp; N°10270</td></tr><tr><td>– A GRAL BRIG AER</td><td>: 06 DE DICIEMBRE DE 2019</td><td>DECRETO&nbsp;&nbsp;&nbsp;&nbsp;&nbsp;&nbsp; N°2977</td></tr><tr><td>– A GRAL DIV AER</td><td>: 29 DE DICIEMBRE DE 2021</td><td>DECRETO&nbsp;&nbsp;&nbsp;&nbsp;&nbsp;&nbsp; N”6530</td></tr></tbody></table></figure>



<p><strong><u>CURSOS REALIZADOS</u></strong></p>



<ul class="wp-block-list">
<li>PARACAIDISMO BÁSICO MILITAR</li>



<li>PILOTO AVIADOR MILITAR</li>



<li>FORMACIÓN DE INSTRUCTORES T-23</li>



<li>COORDINADOR SAR (REALIZADO EN LA REPÚBLICA FEDERATIVA DEL BRASIL)</li>



<li>PILOTAJE EN AVIÓN T- 27 TUCANO</li>



<li>TÁCTICA AÉREA</li>



<li>AERONAVE PLZ -104 W-80</li>



<li>PERFECCIONAMIENTO DE OFICIALES DE LA FUERZA AÉREA</li>



<li>SQUADRON OFFICER SCHOOL (REALIZADO EN LOS EE-UU)</li>



<li>OBSERVADOR MILITAR EN OPERACIONES DE MANTENIMIENTO DE PAZ</li>



<li>COMANDO Y ESTADO MAYOR DE LA FUERZA AÉREA</li>



<li>POLÍTICA Y ESTRATEGIA AEROESPACIAL (CPEA)</li>



<li>MAESTRÍA EN PLANIFICACIÓN Y CONDUCCIÓN ESTRATÉGICA NACIONAL (LAEE)</li>
</ul>



<p>&nbsp;<strong><u>CARGOS OCUPADOS</u></strong></p>



<ul class="wp-block-list">
<li>JEFE DE OPERACIONES DEL GRUPO AÉREO DE TRANSPORTE ESPECIAL</li>



<li>JEFE DE OPERACIONES G-3 DE LA BRIGADA LOGÍSTICA</li>



<li>JEFE DE SECCIÓN LOGÍSTICA DEL COMREGAER</li>



<li>DIRECTOR DEL SERVICIO DE INTENDENCIA DE LA FUERZA AÉREA</li>



<li>DIRECTOR DEL CENTRO FINANCIERO N° 1 COMANJEFE</li>



<li>ORDENADOR DE GASTOS ALTERNO DEL COMANJEFE DE LAS FFAA DE LA NACIÓN</li>



<li>DIRECTOR DEL SERVICIO DE TRANSPORTE TERRESTRE DE LA FAP</li>



<li>FISCAL DE OBRAS MILITARES DE LA BRIGADA LOGÍSTICA</li>



<li>DIRECTOR DEL SERVICIO DE INTENDENCIA</li>



<li>ORDENADOR DE GASTOS ALTERNOS DEL COMANDO DE LAS FUERZAS MILITARES</li>



<li>DIRECTOR GENERAL DE ADMINISTRACIÓN Y FINANZAS DEL COMANDO DE LAS FUERZAS MILITARES</li>



<li>REPRESENTANTE DE LAS FUERZAS ARMADAS DE LA NACION UAF N<sup>p</sup>&nbsp;1 ANTE LA CONTRALORÍA GENERAL DE LA REPUBLICA</li>



<li>COMANDANTE INTERINO DE LA BRIGADA AEROTRANSPORTADA</li>



<li>COMANDANTE DE LA BRIGADA AEROTRANSPORTADA</li>



<li>PRESIDENTE DE LA SUPREMA CORTE DE JUSTICIA MILITAR</li>



<li>COMANDANTE DE LA FUERZA AÉREA PARAGUAYA</li>
</ul>



<p><strong><u>DIPLOMAS, BREVET Y</u>&nbsp;<u>DISTINTIVOS</u></strong></p>



<ul class="wp-block-list">
<li>DIPLOMA, BREVET Y DISTINTIVO DE PILOTO AVIADOR MILITAR</li>



<li>DIPLOMA Y BREVET DE PARACAIDISMO MILITAR</li>



<li>DIPLOMA DE FORMACIÓN DE INSTRUCTORES T-23</li>



<li>DIPLOMA PILOTAJE EN AVIÓN T- 27 TUCANO</li>



<li>DIPLOMA Y DISTINTIVO DE TÁCTICA AÉREA</li>



<li>DIPLOMA Y DISTINTIVO DE PERFECCIONAMIENTO DE OFICIALES DE LA FUERZA AÉREA</li>



<li>DIPLOMA Y DISTINTIVO DE OBSERVADOR MILITAR DE MANTENIMIENTO DE PAZ</li>



<li>DIPLOMA Y DISTINTIVO COMANDO Y ESTADO MAYOR DE LA FUERZA AÉREA</li>



<li>DIPLOMA Y DISTINTIVO DE MAESTRÍA EN PLANIFICACIÓN Y CONDUCCIÓN ESTRATÉGICA NACIONAL</li>



<li>DIPLOMA Y DISTINTIVO POLÍTICA Y ESTRATEGIA AEROESPACIAL</li>



<li>DIPLOMA DE COORDINADOR SAR (REALIZADO EN LA REPÚBLICA FEDERATIVA DEL BRASIL)</li>



<li>MEDALLA DE LA AERONÁUTICA</li>



<li>MEDALLA DE HONOR DEL SERVICIO AGROPECUARIO “ABNEGACIÓN Y SACRIFICIO”</li>



<li>MEDALLA DE HONOR DE LAS TROPAS ESPECIALES DEL EJÉRCITO</li>



<li>DISTINTIVO DE SERVICIOS PRESTADOS EN LA FUERZAS ARMADAS DE LA NACIÓN (10 AÑOS)</li>



<li>DISTINTIVO DE SERVICIOS PRESTADOS EN LA FUERZAS ARMADAS DE LA NACIÓN (15 AÑOS)</li>



<li>DISTINTIVO DE SERVICIOS PRESTADOS EN LAS FUERZAS ARMADAS DE LA NACIÓN (20 AÑOS)</li>



<li>DISTINTIVO DE SERVICIOS PRESTADOS EN LAS FUERZAS ARMADAS DE LA NACIÓN (25 AÑOS)</li>



<li>DISTINTIVO DE SERVICIOS PRESTADOS EN LAS FUERZAS ARMADAS DE LA NACIÓN (30 AÑOS</li>
</ul>



<p><strong><u>UNIDAD ACTUAL</u></strong></p>



<ul class="wp-block-list">
<li>CUARTEL GENERAL- COMFAER</li>
</ul>



<div class="wp-block-columns is-layout-flex wp-container-core-columns-is-layout-28f84493 wp-block-columns-is-layout-flex">
<div class="wp-block-column is-layout-flow wp-block-column-is-layout-flow" style="flex-basis:33.33%">
<figure class="wp-block-image size-full"><img decoding="async" width="180" height="220" src="https://cimefor.mil.py/cimefor/wp-content/uploads/sites/5/2025/07/GRAL_DEL_AIRE_JULIO_RUBEN_FULLAONDO_CESPEDES-e1718249116707-180x220-5.jpg" alt="" class="wp-image-318"/></figure>
</div>



<div class="wp-block-column is-layout-flow wp-block-column-is-layout-flow" style="flex-basis:66.66%"></div>
</div>



<p></p>

<p>SINTESIS DE LEGAJO DEL GRAL DIV AER JULIO RUBEN FULLAONDO CESPEDES DATOS PERSONALES – NOMBRES : JULIO RUBÉN – APELLIDOS : FULLAONDO CÉSPEDES – FECHA DE NACIMIENTO : 01 DE DICIEMBRE DE 1966 – LUGAR DE NACIMIENTO : EUSEBIO AYALA – ESTADO CIVIL : CASADO &nbsp;&nbsp;CARRERA MILITAR – A SUB TENIENTE : 07 DE NOVIEMBRE [&hellip;]</p>
