{"id":323,"date":"2025-07-10T16:17:41","date_gmt":"2025-07-10T14:17:41","guid":{"rendered":"https:\/\/migracion.ffmm.mil.py\/cimefor\/?page_id=323"},"modified":"2025-07-10T16:18:59","modified_gmt":"2025-07-10T14:18:59","slug":"gral-div-aer-roberto-jose-idoyaga-benitez","status":"publish","type":"page","link":"https:\/\/ffmm.mil.py\/fuerzaaerea\/gral-div-aer-roberto-jose-idoyaga-benitez\/","title":{"rendered":"GRAL DIV AER ROBERTO JOSE IDOYAGA BENITEZ"},"content":{"rendered":"\n<div class=\"wp-block-columns is-layout-flex wp-container-core-columns-is-layout-28f84493 wp-block-columns-is-layout-flex\">\n<div class=\"wp-block-column is-layout-flow wp-block-column-is-layout-flow\" style=\"flex-basis:33.33%\">\n<figure class=\"wp-block-image size-full\"><img decoding=\"async\" width=\"180\" height=\"220\" src=\"https:\/\/cimefor.mil.py\/cimefor\/wp-content\/uploads\/sites\/5\/2025\/07\/GRAL_DIV_AER_ROBERTO_JOSE_IDOYAGA_BENITEZ-e1718249637322-180x220-1-1.jpg\" alt=\"\" class=\"wp-image-324\"\/><\/figure>\n<\/div>\n\n\n\n<div class=\"wp-block-column is-layout-flow wp-block-column-is-layout-flow\" style=\"flex-basis:66.66%\"><\/div>\n<\/div>\n\n\n\n<p><strong><em>SINTESIS DE LEGAJO DEL&nbsp;<\/em><em>GRAL BRIG&nbsp;<\/em><em>AER ROBERTO JOS\u00c9 IDO<\/em><em>YAGA BEN\u00cdTEZ<\/em><\/strong><\/p>\n\n\n\n<p><strong><em>DATOS PERSONALES<\/em><\/strong><\/p>\n\n\n\n<figure class=\"wp-block-table is-style-stripes\"><table class=\"has-fixed-layout\"><tbody><tr><td>\u2013&nbsp;&nbsp;&nbsp;&nbsp;&nbsp;&nbsp;&nbsp;&nbsp;&nbsp; NOMBRES<\/td><td>: ROBERTO JOS\u00c9<\/td><\/tr><tr><td>\u2013&nbsp;&nbsp;&nbsp;&nbsp;&nbsp;&nbsp;&nbsp;&nbsp;&nbsp; APELLIDOS<\/td><td>: IDOYAGA BEN\u00cdTEZ<\/td><\/tr><tr><td>\u2013&nbsp;&nbsp;&nbsp;&nbsp;&nbsp;&nbsp;&nbsp;&nbsp;&nbsp; FECHA DE NACIMIENTO<\/td><td>: 22 DE MAYO DE 1969<\/td><\/tr><tr><td>\u2013&nbsp;&nbsp;&nbsp;&nbsp;&nbsp;&nbsp;&nbsp;&nbsp;&nbsp; LUGAR DE NACIMIENTO<\/td><td>: PILAR<\/td><\/tr><tr><td>\u2013&nbsp;&nbsp;&nbsp;&nbsp;&nbsp;&nbsp;&nbsp;&nbsp;&nbsp; ESTADO CIVIL<\/td><td>: CASADO<\/td><\/tr><\/tbody><\/table><\/figure>\n\n\n\n<p><strong>CARRERA MILITAR<\/strong><\/p>\n\n\n\n<figure class=\"wp-block-table is-style-stripes\"><table class=\"has-fixed-layout\"><tbody><tr><td>\u2013&nbsp;&nbsp;&nbsp;&nbsp;&nbsp;&nbsp;&nbsp; A STTE<\/td><td>: 18 DE NOVIEMBRE DE 1991<\/td><td>DECRETO N\u00bb 11617<\/td><\/tr><tr><td>\u2013&nbsp;&nbsp;&nbsp;&nbsp;&nbsp;&nbsp;&nbsp; A TTE<\/td><td>: 23 DE DICIEMBRE DE 1993<\/td><td>DECRETO N\u201d 1687<\/td><\/tr><tr><td>\u2013&nbsp;&nbsp;&nbsp;&nbsp;&nbsp;&nbsp;&nbsp; A TTE 1\u00ba<\/td><td>: 31 DE DICIEMBRE DE 1996<\/td><td>DECRETO N\u00bb 15923<\/td><\/tr><tr><td>\u2013&nbsp;&nbsp;&nbsp;&nbsp;&nbsp;&nbsp;&nbsp; A CAP<\/td><td>: 27 DE DICIEMBRE DE 2000<\/td><td>DECRETO N\u00b0 11684<\/td><\/tr><tr><td>\u2013&nbsp;&nbsp;&nbsp;&nbsp;&nbsp;&nbsp;&nbsp; A MY<\/td><td>: 30 DE DICIEMBRE DE 2005<\/td><td>DECRETO N\u00b0 6952<\/td><\/tr><tr><td>\u2013&nbsp;&nbsp;&nbsp;&nbsp;&nbsp;&nbsp;&nbsp; A TCNEL<\/td><td>: 31 DE DICIEMBRE DE 2010<\/td><td>DECRETO N\u00b0 5906<\/td><\/tr><tr><td>\u2013&nbsp;&nbsp;&nbsp;&nbsp;&nbsp;&nbsp;&nbsp; A CNEL<\/td><td>: 22 DE DICIEMBRE DE 2014<\/td><td>DECRETO N\u201d 2824<\/td><\/tr><tr><td>\u2013&nbsp;&nbsp;&nbsp;&nbsp;&nbsp;&nbsp;&nbsp; A GRAL BRIG AER<\/td><td>: 29 DE DICIEMBRE DE 2021<\/td><td>DECRETO N\u00bb 6530<\/td><\/tr><\/tbody><\/table><\/figure>\n\n\n\n<p><strong>CURSOS REALIZADOS<\/strong><\/p>\n\n\n\n<ul class=\"wp-block-list\">\n<li>PILOTO AVIADOR MILITAR<\/li>\n\n\n\n<li>PARACAIDISMO B\u00c1SICO MILITAR<\/li>\n\n\n\n<li>PILOTO DE RECONOCIMIENTO Y ATAQUE<\/li>\n\n\n\n<li>FISIOLOG\u00cdA DE VUELO (REALIZADO EN EL BRASIL)<\/li>\n\n\n\n<li>SIMULADOR DE VUELO EN AVIONES AT-26 XAVANTE (REALIZADO EN EL BRASIL)<\/li>\n\n\n\n<li>PILOTO DE CAZA<\/li>\n\n\n\n<li>T\u00c1CTICA A\u00c9REA<\/li>\n\n\n\n<li>PILOTO L\u00cdDER DE ELEMENTO DE CAZA<\/li>\n\n\n\n<li>INSTRUCTOR DE CAZA<\/li>\n\n\n\n<li>PERFECCIONAMIENTO DE OFICIALES DE LA FUERZA A\u00c9REA<\/li>\n\n\n\n<li>OBSERVADOR MILITAR EN OPERACIONES DE MANTENIMIENTO DE PAZ<\/li>\n\n\n\n<li>PADRONIZACI\u00d3N DE INSTRUCTORES<\/li>\n\n\n\n<li>SIMULADOR DE VUELO EN AERONAVES T-27 TUCANO (REALIZADO EN EL BRASIL)<\/li>\n\n\n\n<li>DIPLOMADO DE COMANDO Y ESTADO MAYOR DE LA FUERZA A\u00c9REA.<\/li>\n\n\n\n<li>CURSO DE PLANA MAYOR (REALIZADO EN LA REP\u00daBLICA ARGENTINA)<\/li>\n\n\n\n<li>BOMBERO FORESTAL<\/li>\n\n\n\n<li>CURSO DE ESTADOS MAYORES A\u00c9REOS COMBINADOS (REALIZADO EN LA REP\u00daBLICA ARGENTINA)<\/li>\n\n\n\n<li>CURSO INICIAL DE AERONAVES C-212-200<\/li>\n\n\n\n<li>CURSO DE ADAPTACI\u00d3N FISIOL\u00d3GICA (REALIZADO EN EL BRASIL)<\/li>\n\n\n\n<li>MAESTR\u00cdA EN PLANIFICACI\u00d3N Y CONDUCCI\u00d3N ESTRAT\u00c9GICA NACIONAL<\/li>\n<\/ul>\n\n\n\n<p><strong>CARGOS OCUPADOS<\/strong><\/p>\n\n\n\n<ul class=\"wp-block-list\">\n<li>JEFE DE OPERACIONES DEL GRUPO AEROT\u00c1CTICO<\/li>\n\n\n\n<li>COMANDANTE DEL GRUPO AEROT\u00c1CTICO<\/li>\n\n\n\n<li>DIRECTOR DE OPERACIONES A-3 EMGFAER<\/li>\n\n\n\n<li>AGREGADO AERON\u00c1UTICO EN LA EMBAJADA DEL PARAGUAY ANTE LA REP\u00daBLICA DE CHILE<\/li>\n\n\n\n<li>JEFE DE ESTADO MAYOR DEL COMANDO AERONAUTICA DE ENSENANZA<\/li>\n\n\n\n<li>COMANDANTE DEL COMANDO DE INSTITUTOS AERON\u00c1UTICOS DE ENSE\u00d1ANZA<\/li>\n\n\n\n<li>JEFE DE ESTADO MAYOR GENERAL DE LA FAP<\/li>\n<\/ul>\n\n\n\n<p><strong>DIPLOMAS, BREVET Y DISTINTIVOS<\/strong><\/p>\n\n\n\n<ul class=\"wp-block-list\">\n<li>DIPLOMA, BREVET Y DISTINTIVO DE PARACAIDISMO B\u00c1SICO MILITAR<\/li>\n\n\n\n<li>DIPLOMA, BREVET Y DISTINTIVO DE PILOTO AVIADOR MILITAR<\/li>\n\n\n\n<li>DIPLOMA, BREVET Y DISTINTIVO DE PARACAIDISMO B\u00c1SICO MILITAR<\/li>\n\n\n\n<li>DIPLOMA DE SIMULADOR DE VUELO EN AVIONES AT-26 XAVANTE (BRASIL)<\/li>\n\n\n\n<li>DIPLOMA Y DISTINTIVO DE PILOTO DE CAZA<\/li>\n\n\n\n<li>DIPLOMA Y DISTINTIVO DE T\u00c1CTICA A\u00c9REA<\/li>\n\n\n\n<li>DIPLOMA Y DISTINTIVO DE PILOTO L\u00cdDER DE ELEMENTO DE CAZA<\/li>\n\n\n\n<li>DIPLOMA Y DISTINTIVO DE INSTRUCTOR DE CAZA<\/li>\n\n\n\n<li>DIPLOMA Y DISTINTIVO DE PERFECCIONAMIENTO DE OFICIALES DE LAFUERZA A\u00c9REA<\/li>\n\n\n\n<li>DIPLOMA Y DISTINTIVO DE OBSERVADOR MILITAR EN OPERACIONES DE MANTENIMIENTO DE PAZ<\/li>\n\n\n\n<li>DIPLOMA Y DISTINTIVO DE PADRONIZACI\u00d3N DE INSTRUCTORES<\/li>\n\n\n\n<li>DIPLOMA DE SIMULADOR DE VUELO EN AVIONES T- 27 TUCANO (BRASIL)<\/li>\n\n\n\n<li>DIPLOMA Y DISTINTIVO DE DIPLOMADO DE COMANDO Y ESTADO MAYOR DE LA FUERZA A\u00c9REA<\/li>\n\n\n\n<li>DIPLOMA DE PLANA MAYOR (ARGENTINA)<\/li>\n\n\n\n<li>DIPLOMA DEL CURSO DE BOMBERO FORESTAL<\/li>\n\n\n\n<li>DIPLOMA DEL CURSO DE ESTADOS MAYORES A\u00c9REOS COMBINADOS (ARGENTINA)<\/li>\n\n\n\n<li>DIPLOMA Y DISTINTIVO DE CURSO INICIAL DE AERONAVES C 212-200<\/li>\n\n\n\n<li>DIPLOMA DEL CURSO DE ADAPTACI\u00d3N FISIOL\u00d3GICA (BRASIL)<\/li>\n\n\n\n<li>DIPLOMA Y DISTINTIVO DE MAESTR\u00cdA EN PLANIFICACI\u00d3N Y CONDUCCI\u00d3N ESTRAT\u00c9GICA NACIONAL<\/li>\n\n\n\n<li>DISTINTIVO AL M\u00c9RITO AERON\u00c1UTICO DE LA FUERZA A\u00c9REA ARGENTINA<\/li>\n\n\n\n<li>MEDALLA DE HONOR DE LA 1 BRIGADA A\u00c9REA<\/li>\n\n\n\n<li>MEDALLA DE LA AERON\u00c1UTICA<\/li>\n\n\n\n<li>DISTINTIVO DE SERVICIOS PRESTADOS EN LAS FUERZAS ARMADAS DE LA NACI\u00d3N (10 A\u00d1OS)<\/li>\n\n\n\n<li>DISTINTIVO DE SERVICIOS PRESTADOS EN LAS FUERZAS ARMADAS DE LA NACI\u00d3N (15 A\u00d1OS)<\/li>\n\n\n\n<li>DISTINTIVO DE SERVICIOS PRESTADOS EN LAS FUERZAS ARMADAS DE LA NACI\u00d3N (20 A\u00d1OS)<\/li>\n\n\n\n<li>DISTINTIVO DE SERVICIOS PRESTADOS EN LAS FUERZAS ARMADAS DE LA NACI\u00d3N (25 A\u00d1OS)<\/li>\n\n\n\n<li>DISTINTIVO DE SERVICIOS PRESTADOS EN LAS FUERZAS ARMADAS DE LA NACI\u00d3N (30 A\u00d1OS)<\/li>\n<\/ul>\n\n\n\n<p class=\"has-text-align-center\"><strong>UNIDAD ACTUAL<\/strong><\/p>\n\n\n\n<p>JEFATURA DE ESTADO MAYOR<\/p>\n\n\n\n<div class=\"wp-block-columns is-layout-flex wp-container-core-columns-is-layout-28f84493 wp-block-columns-is-layout-flex\">\n<div class=\"wp-block-column is-layout-flow wp-block-column-is-layout-flow\" style=\"flex-basis:33.33%\">\n<figure class=\"wp-block-image size-full\"><img decoding=\"async\" width=\"180\" height=\"220\" src=\"https:\/\/cimefor.mil.py\/cimefor\/wp-content\/uploads\/sites\/5\/2025\/07\/GRAL_DIV_AER_ROBERTO_JOSE_IDOYAGA_BENITEZ-e1718249637322-180x220-1-2.jpg\" alt=\"\" class=\"wp-image-325\"\/><\/figure>\n<\/div>\n\n\n\n<div class=\"wp-block-column is-layout-flow wp-block-column-is-layout-flow\" style=\"flex-basis:66.66%\"><\/div>\n<\/div>\n\n\n\n<p><\/p>\n","protected":false},"excerpt":{"rendered":"<p>SINTESIS DE LEGAJO DEL&nbsp;GRAL BRIG&nbsp;AER ROBERTO JOS\u00c9 IDOYAGA BEN\u00cdTEZ DATOS PERSONALES \u2013&nbsp;&nbsp;&nbsp;&nbsp;&nbsp;&nbsp;&nbsp;&nbsp;&nbsp; NOMBRES : ROBERTO JOS\u00c9 \u2013&nbsp;&nbsp;&nbsp;&nbsp;&nbsp;&nbsp;&nbsp;&nbsp;&nbsp; APELLIDOS : IDOYAGA BEN\u00cdTEZ \u2013&nbsp;&nbsp;&nbsp;&nbsp;&nbsp;&nbsp;&nbsp;&nbsp;&nbsp; FECHA DE NACIMIENTO : 22 DE MAYO DE 1969 \u2013&nbsp;&nbsp;&nbsp;&nbsp;&nbsp;&nbsp;&nbsp;&nbsp;&nbsp; LUGAR DE NACIMIENTO : PILAR \u2013&nbsp;&nbsp;&nbsp;&nbsp;&nbsp;&nbsp;&nbsp;&nbsp;&nbsp; ESTADO CIVIL : CASADO CARRERA MILITAR \u2013&nbsp;&nbsp;&nbsp;&nbsp;&nbsp;&nbsp;&nbsp; A STTE : 18 DE NOVIEMBRE DE 1991 DECRETO N\u00bb [&hellip;]<\/p>\n","protected":false},"author":1,"featured_media":0,"parent":0,"menu_order":0,"comment_status":"closed","ping_status":"closed","template":"page-nosidebar.php","meta":{"footnotes":""},"class_list":["post-323","page","type-page","status-publish","hentry"],"_links":{"self":[{"href":"https:\/\/ffmm.mil.py\/fuerzaaerea\/wp-json\/wp\/v2\/pages\/323","targetHints":{"allow":["GET"]}}],"collection":[{"href":"https:\/\/ffmm.mil.py\/fuerzaaerea\/wp-json\/wp\/v2\/pages"}],"about":[{"href":"https:\/\/ffmm.mil.py\/fuerzaaerea\/wp-json\/wp\/v2\/types\/page"}],"author":[{"embeddable":true,"href":"https:\/\/ffmm.mil.py\/fuerzaaerea\/wp-json\/wp\/v2\/users\/1"}],"replies":[{"embeddable":true,"href":"https:\/\/ffmm.mil.py\/fuerzaaerea\/wp-json\/wp\/v2\/comments?post=323"}],"version-history":[{"count":1,"href":"https:\/\/ffmm.mil.py\/fuerzaaerea\/wp-json\/wp\/v2\/pages\/323\/revisions"}],"predecessor-version":[{"id":326,"href":"https:\/\/ffmm.mil.py\/fuerzaaerea\/wp-json\/wp\/v2\/pages\/323\/revisions\/326"}],"wp:attachment":[{"href":"https:\/\/ffmm.mil.py\/fuerzaaerea\/wp-json\/wp\/v2\/media?parent=323"}],"curies":[{"name":"wp","href":"https:\/\/api.w.org\/{rel}","templated":true}]}}