{"id":344,"date":"2025-07-10T16:45:08","date_gmt":"2025-07-10T14:45:08","guid":{"rendered":"https:\/\/migracion.ffmm.mil.py\/cimefor\/?page_id=344"},"modified":"2025-07-10T17:00:28","modified_gmt":"2025-07-10T15:00:28","slug":"gral-brig-aer-jorge-antonio-perez-serafini","status":"publish","type":"page","link":"https:\/\/ffmm.mil.py\/fuerzaaerea\/gral-brig-aer-jorge-antonio-perez-serafini\/","title":{"rendered":"GRAL BRIG AER JORGE ANTONIO P\u00c9REZ SERAFINI"},"content":{"rendered":"\n<div class=\"wp-block-columns is-layout-flex wp-container-core-columns-is-layout-28f84493 wp-block-columns-is-layout-flex\">\n<div class=\"wp-block-column is-layout-flow wp-block-column-is-layout-flow\" style=\"flex-basis:33.33%\">\n<figure class=\"wp-block-image size-full\"><img decoding=\"async\" width=\"180\" height=\"220\" src=\"https:\/\/cimefor.mil.py\/cimefor\/wp-content\/uploads\/sites\/5\/2025\/07\/GRAL-PEREZ-CERAFINImejoreado-180x220-2.jpg\" alt=\"\" class=\"wp-image-345\"\/><\/figure>\n<\/div>\n\n\n\n<div class=\"wp-block-column is-layout-flow wp-block-column-is-layout-flow\" style=\"flex-basis:66.66%\"><\/div>\n<\/div>\n\n\n\n<p><strong>&nbsp;<\/strong><strong><u>DATOS PERSONALES<\/u><\/strong><\/p>\n\n\n\n<ul class=\"wp-block-list\">\n<li>NOMBRES\u00a0 \u00a0 \u00a0 \u00a0 \u00a0 \u00a0 \u00a0 \u00a0 \u00a0 \u00a0 \u00a0 \u00a0 \u00a0 \u00a0 \u00a0 \u00a0: JORGE ANTONIO<\/li>\n\n\n\n<li>APELLIDOS\u00a0 \u00a0 \u00a0 \u00a0 \u00a0 \u00a0 \u00a0 \u00a0 \u00a0 \u00a0 \u00a0 \u00a0 \u00a0 \u00a0  : P\u00c9REZ SERAFINI<\/li>\n\n\n\n<li>FECHA DE NACIMIENTO\u00a0    : 10 DE DICIEMBRE DE 1972<\/li>\n\n\n\n<li>LUGAR DE NACIMIENTO\u00a0    : ASUNCI\u00d3N<\/li>\n\n\n\n<li>ESTADO CIVIL\u00a0 \u00a0 \u00a0 \u00a0 \u00a0 \u00a0 \u00a0 \u00a0 \u00a0 \u00a0 \u00a0 \u00a0  : CASADO<\/li>\n<\/ul>\n\n\n\n<p><strong>&nbsp;&nbsp;&nbsp;<u>CARRERA MILITAR<\/u><\/strong><\/p>\n\n\n\n<ul class=\"wp-block-list\">\n<li>STTE : 10 DE DICIEMBRE DE 1994\u00a0\u00a0\u00a0\u00a0\u00a0\u00a0\u00a0 \u00a0\u00a0\u00a0\u00a0\u00a0\u00a0 DECRETO N\u00ba 6798<\/li>\n\n\n\n<li>TTE : 31 DE DICIEMBRE DE 1996\u00a0\u00a0\u00a0\u00a0\u00a0\u00a0\u00a0 \u00a0\u00a0\u00a0\u00a0\u00a0\u00a0 DECRETO N\u00ba 15923<\/li>\n\n\n\n<li>TTE 1\u00ba : 14 DE DICIEMBRE DE 1999\u00a0\u00a0\u00a0\u00a0\u00a0\u00a0\u00a0 \u00a0\u00a0\u00a0\u00a0\u00a0\u00a0 DECRETO N\u00ba 6712<\/li>\n\n\n\n<li>CAP : 29 DE DICIEMBRE DE 2003\u00a0\u00a0\u00a0\u00a0\u00a0\u00a0\u00a0 \u00a0\u00a0\u00a0\u00a0\u00a0\u00a0 DECRETO N\u00ba 1364<\/li>\n\n\n\n<li>MY : 30 DE DICIEMBRE DE 20 08\u00a0\u00a0\u00a0\u00a0\u00a0\u00a0\u00a0 \u00a0\u00a0\u00a0\u00a0\u00a0\u00a0 DECRETO N\u00ba 1226<\/li>\n\n\n\n<li>TCNEL : 26 DE DICIEMBRE DE 20 13\u00a0\u00a0\u00a0\u00a0\u00a0\u00a0\u00a0 \u00a0\u00a0\u00a0\u00a0\u00a0\u00a0 DECRETO N\u00ba 999<\/li>\n\n\n\n<li>CNEL : 21 DE DICIEMBRE DE 2017\u00a0\u00a0\u00a0\u00a0\u00a0\u00a0\u00a0 \u00a0\u00a0\u00a0\u00a0\u00a0\u00a0 DECRETO N\u00ba 8290<\/li>\n\n\n\n<li>A GRAL BRIG :31 DE DICIEMBRE DE 2024\u00a0\u00a0\u00a0\u00a0\u00a0\u00a0\u00a0\u00a0 \u00a0\u00a0\u00a0\u00a0\u00a0\u00a0 DECRETO N\u00ba 3042<\/li>\n<\/ul>\n\n\n\n<p><strong>&nbsp;<u>CURSOS REALIZADOS<\/u><\/strong><\/p>\n\n\n\n<ul class=\"wp-block-list\">\n<li>ESTANDARIZACI\u00d3N<\/li>\n\n\n\n<li>PILOTO AVIADOR MILITAR<\/li>\n\n\n\n<li>CURSO ESPECIAL DE PILOTAJE MILITAR (REALIZADO EN EL BRASIL)<\/li>\n\n\n\n<li>CURSO ESPECIAL DE PILOTAJE MILITAR PARA OFICIALES AVIADORES DE NACIONES AMIGAS<\/li>\n\n\n\n<li>ENTRENAMIENTO EN SIMULADOR DE VUELO T-27 TUCANO (REALIZADO EN EL BRASIL)<\/li>\n\n\n\n<li>INSTRUCTOR DE AERONAVE T-27<\/li>\n\n\n\n<li>PILOTO DE CAZA<\/li>\n\n\n\n<li>L\u00cdDER DE ESCUADRILLA<\/li>\n\n\n\n<li>ENTRENAMIENTO EN SIMULADOR DE VUELO AT-26 XAVANTE<\/li>\n\n\n\n<li>PILOTO L\u00cdDER DE ELEMENTO DE CAZA<\/li>\n\n\n\n<li>INSTRUCTOR DE CAZA<\/li>\n\n\n\n<li>T\u00c1CTICA A\u00c9REA<\/li>\n\n\n\n<li>PADRONIZACI\u00d3N DE INSTRUCTORES<\/li>\n\n\n\n<li>CURSO INTENSIVO DE INGLES<\/li>\n\n\n\n<li>FORMACI\u00d3N DE INSTRUCTORES EN T-35 PILLAN<\/li>\n\n\n\n<li>PERFECCIONAMIENTO DE OFICIALES DE LA FUERZA A\u00c9REA<\/li>\n\n\n\n<li>DIPLOMADO DE COMANDO Y ESTADO MAYOR DE LA FUERZA A\u00c9REA<\/li>\n\n\n\n<li>COMANDANTE DE AERONAVE C-402<\/li>\n\n\n\n<li>COMANDANTE DE AERONAVE C-310<\/li>\n\n\n\n<li>COMANDANTE DE AERONAVE C-206<\/li>\n\n\n\n<li>INSTRUCTOR DE AERONAVE C-206<\/li>\n\n\n\n<li>INGLES AVANZADO (DLI) \u2013 DEFENCE LENGUAGE INSTITUTE. REALIZADO EN USA<\/li>\n\n\n\n<li>CIVILIAN AND MILITARY COORDINATION TO TERRORISM. REALIZADO EN USA<\/li>\n\n\n\n<li>OBSERVADOR MILITAR DE LAS NACIONES UNIDAS<\/li>\n\n\n\n<li>POL\u00cdTICA Y ESTRATEGIA AEROESPACIAL<\/li>\n\n\n\n<li>MAESTR\u00cdA EN PLANIFICACI\u00d3N Y CONDUCCI\u00d3N ESTRAT\u00c9GICA NACIONAL<\/li>\n\n\n\n<li>AMERICAN LANGUAGE COURSE REALIZADO EN USA<\/li>\n<\/ul>\n\n\n\n<p><strong>&nbsp;&nbsp;<u>CARGOS OCUPADOS<\/u><\/strong><\/p>\n\n\n\n<ul class=\"wp-block-list\">\n<li>JEFE DE PERSONAL S-1 DEL GATE<\/li>\n\n\n\n<li>JEFE DE OPERACIONES DEL GRUPO AEROT\u00c1CTICO<\/li>\n\n\n\n<li>JEFE DE INSTRUCCI\u00d3N DEL GRUPO A\u00c9REO DE INSTRUCCI\u00d3N<\/li>\n\n\n\n<li>OBSERVADOR MILITAR \u2013 MISI\u00d3N EN LIBERIA<\/li>\n\n\n\n<li>OBSERVADOR MILITAR \u2013 MISI\u00d3N EN HAIT\u00cd<\/li>\n\n\n\n<li>OBSERVADOR MILITAR \u2013 MISI\u00d3N EN LA REPUBLICA DEMOCR\u00c1TICA DEL CONGO<\/li>\n\n\n\n<li>DIRECTOR DEL CENTRO DE OPERACIONES CONJUNTAS<\/li>\n\n\n\n<li>COMANDANTE DE LA ESCUELA DE PERFECCIONAMIENTO DE OFICIALES DE LA FAP<\/li>\n\n\n\n<li>AYUDANTE GENERAL DEL COMFAER<\/li>\n\n\n\n<li>OFICIAL DE ENLACE DE LA FUERZA A\u00c9REA PARAGUAYA ANTE EL SISTEMA DE COOPERACI\u00d3N DE LAS FUERZAS A\u00c9REAS AMERICANAS (SICOFAA)<\/li>\n\n\n\n<li>AGREGADO AERON\u00c1UTICO DE LA EMBAJADA DE PARAGUAY EN BRASIL<\/li>\n\n\n\n<li>DIRECTOR DE LA DIRECCI\u00d3N DE ASUNTOS CIVILES A-5<\/li>\n\n\n\n<li>PREFECTO GENERAL AERON\u00c1UTICO<\/li>\n\n\n\n<li>COMANDANTE DE LA BRIGADA AEROTRANSPORTADA<\/li>\n<\/ul>\n\n\n\n<p><strong><u>DIPLOMAS, BREVET Y DISTINTIVOS<\/u><\/strong><\/p>\n\n\n\n<ul class=\"wp-block-list\">\n<li>DIPLOMA DEL CURSO DE ESTANDARIZACI\u00d3N<\/li>\n\n\n\n<li>DIPLOMA, BREVET Y DISTINTIVO DE PILOTO AVIADOR MILITAR \u2013 GRADUADO DE HONOR<\/li>\n\n\n\n<li>DIPLOMA Y DISTINTIVO DEL CURSO ESPECIAL DE PILOTAJE MILITAR (REALIZADO EN EL BRASIL)<\/li>\n\n\n\n<li>DIPLOMA Y DISTINTIVO DEL CURSO ESPECIAL DE PILOTAJE MILITAR PARA OFICIALES AVIADORES DE NACIONES AMIGAS<\/li>\n\n\n\n<li>DIPLOMA Y DISTINTIVO DE ENTRENAMIENTO EN SIMULADOR DE VUELO T-27 TUCANO (REALIZADO EN EL BRASIL)<\/li>\n\n\n\n<li>DIPLOMA DE INSTRUCTOR DE AERONAVE T-27<\/li>\n\n\n\n<li>DIPLOMA Y DISTINTIVO DEL CURSO DE PILOTO DE CAZA<\/li>\n\n\n\n<li>DIPLOMA Y DISTINTIVO DE L\u00cdDER DE ESCUADRILLA \u2013 GRADUADO DE HONOR<\/li>\n\n\n\n<li>DIPLOMA Y DISTINTIVO DE ENTRENAMIENTO EN SIMULADOR DE VUELO AT-26 XAVANTE<\/li>\n\n\n\n<li>DIPLOMA Y DISTINTIVO DE PILOTO L\u00cdDER DE ELEMENTO DE CAZA<\/li>\n\n\n\n<li>DIPLOMA DE INSTRUCTOR DE CAZA<\/li>\n\n\n\n<li>DIPLOMA Y DISTINTIVO DE T\u00c1CTICA A\u00c9REA<\/li>\n\n\n\n<li>DIPLOMA Y DISTINTIVO DE PADRONIZACI\u00d3N DE INSTRUCTORES<\/li>\n\n\n\n<li>DIPLOMA Y DISTINTIVO DEL CURSO INTENSIVO DE INGLES<\/li>\n\n\n\n<li>DIPLOMA Y DISTINTIVO DE FORMACI\u00d3N DE INSTRUCTORES EN T-35 PILLAN<\/li>\n\n\n\n<li>DIPLOMA Y DISTINTIVO DE PERFECCIONAMIENTO DE OFICIALES DE LA FUERZA A\u00c9REA<\/li>\n\n\n\n<li>DIPLOMA Y DISTINTIVO DE COMANDO Y ESTADO MAYOR DE LA FUERZA A\u00c9REA<\/li>\n\n\n\n<li>DIPLOMA DE COMANDANTE DE AERONAVE C-402<\/li>\n\n\n\n<li>DIPLOMA DE COMANDANTE DE AERONAVE C-310<\/li>\n\n\n\n<li>DIPLOMA DE COMANDANTE DE AERONAVE C-206<\/li>\n\n\n\n<li>DIPLOMA DE INSTRUCTOR DE AERONAVE C-206<\/li>\n\n\n\n<li>DIPLOMA Y DISTINTIVO DE OBSERVADOR MILITAR<\/li>\n\n\n\n<li>DIPLOMA Y DISTINTIVO DE POL\u00cdTICA Y ESTRATEGIA AEROESPACIAL<\/li>\n\n\n\n<li>DIPLOMA Y DISTINTIVO MAESTR\u00cdA EN PLANIFICACI\u00d3N Y CONDUCCI\u00d3N ESTRAT\u00c9GICA NACIONAL<\/li>\n\n\n\n<li>MENCI\u00d3N DE HONOR, COMO GRADUADO DE HONOR DEL CURSO DE PILOTO AVIADOR MILITAR<\/li>\n\n\n\n<li>DIPLOMA DE AMERICAN LANGUAGE COURSE<\/li>\n\n\n\n<li>DISTINTIVO DE SERVICIOS PRESTADOS EN LA FUERZAS ARMADAS DE LA NACI\u00d3N (10 A\u00d1OS)<\/li>\n\n\n\n<li>DISTINTIVO DE SERVICIOS PRESTADOS EN LA FUERZAS ARMADAS DE LA NACI\u00d3N\u00a0 (15 A\u00d1OS)<\/li>\n<\/ul>\n\n\n\n<ul class=\"wp-block-list\">\n<li>DISTINTIVO DE SERVICIOS PRESTADOS EN LAS FUERZAS ARMADAS DE LA NACI\u00d3N (20 A\u00d1OS)<\/li>\n\n\n\n<li>DISTINTIVO DE SERVICIOS PRESTADOS EN LAS FUERZAS ARMADAS DE LA NACI\u00d3N (25 A\u00d1OS)<\/li>\n\n\n\n<li>DISTINTIVO DE SERVICIOS PRESTADOS EN LAS FUERZAS ARMADAS DE LA NACI\u00d3N (30 A\u00d1OS)<\/li>\n<\/ul>\n\n\n\n<p><strong>&nbsp;&nbsp;&nbsp;&nbsp;&nbsp;&nbsp;&nbsp;&nbsp;&nbsp;&nbsp;&nbsp;&nbsp;&nbsp;&nbsp;&nbsp;&nbsp;&nbsp;&nbsp;&nbsp;&nbsp;&nbsp;&nbsp;&nbsp;&nbsp;&nbsp;&nbsp;&nbsp;&nbsp;&nbsp;&nbsp;&nbsp;&nbsp;&nbsp;&nbsp;&nbsp;&nbsp;&nbsp;&nbsp;&nbsp;&nbsp;&nbsp;&nbsp;&nbsp;&nbsp;&nbsp;&nbsp;&nbsp;&nbsp;&nbsp;&nbsp;&nbsp;&nbsp;&nbsp;&nbsp;&nbsp;&nbsp;&nbsp;&nbsp;&nbsp;&nbsp;&nbsp;&nbsp;<u>UNIDAD ACTUAL<\/u><\/strong><\/p>\n\n\n\n<p>\u2013&nbsp;&nbsp; BRIGADA AEROTRANSPORTADA<\/p>\n\n\n\n<div class=\"wp-block-columns is-layout-flex wp-container-core-columns-is-layout-28f84493 wp-block-columns-is-layout-flex\">\n<div class=\"wp-block-column is-layout-flow wp-block-column-is-layout-flow\" style=\"flex-basis:33.33%\">\n<figure class=\"wp-block-image size-full\"><img decoding=\"async\" width=\"180\" height=\"220\" src=\"https:\/\/cimefor.mil.py\/cimefor\/wp-content\/uploads\/sites\/5\/2025\/07\/GRAL-PEREZ-CERAFINImejoreado-180x220-3.jpg\" alt=\"\" class=\"wp-image-346\"\/><\/figure>\n<\/div>\n\n\n\n<div class=\"wp-block-column is-layout-flow wp-block-column-is-layout-flow\" style=\"flex-basis:66.66%\"><\/div>\n<\/div>\n","protected":false},"excerpt":{"rendered":"<p>&nbsp;DATOS PERSONALES &nbsp;&nbsp;&nbsp;CARRERA MILITAR &nbsp;CURSOS REALIZADOS &nbsp;&nbsp;CARGOS OCUPADOS DIPLOMAS, BREVET Y DISTINTIVOS &nbsp;&nbsp;&nbsp;&nbsp;&nbsp;&nbsp;&nbsp;&nbsp;&nbsp;&nbsp;&nbsp;&nbsp;&nbsp;&nbsp;&nbsp;&nbsp;&nbsp;&nbsp;&nbsp;&nbsp;&nbsp;&nbsp;&nbsp;&nbsp;&nbsp;&nbsp;&nbsp;&nbsp;&nbsp;&nbsp;&nbsp;&nbsp;&nbsp;&nbsp;&nbsp;&nbsp;&nbsp;&nbsp;&nbsp;&nbsp;&nbsp;&nbsp;&nbsp;&nbsp;&nbsp;&nbsp;&nbsp;&nbsp;&nbsp;&nbsp;&nbsp;&nbsp;&nbsp;&nbsp;&nbsp;&nbsp;&nbsp;&nbsp;&nbsp;&nbsp;&nbsp;&nbsp;UNIDAD ACTUAL \u2013&nbsp;&nbsp; BRIGADA AEROTRANSPORTADA<\/p>\n","protected":false},"author":1,"featured_media":0,"parent":0,"menu_order":0,"comment_status":"closed","ping_status":"closed","template":"page-nosidebar.php","meta":{"footnotes":""},"class_list":["post-344","page","type-page","status-publish","hentry"],"_links":{"self":[{"href":"https:\/\/ffmm.mil.py\/fuerzaaerea\/wp-json\/wp\/v2\/pages\/344","targetHints":{"allow":["GET"]}}],"collection":[{"href":"https:\/\/ffmm.mil.py\/fuerzaaerea\/wp-json\/wp\/v2\/pages"}],"about":[{"href":"https:\/\/ffmm.mil.py\/fuerzaaerea\/wp-json\/wp\/v2\/types\/page"}],"author":[{"embeddable":true,"href":"https:\/\/ffmm.mil.py\/fuerzaaerea\/wp-json\/wp\/v2\/users\/1"}],"replies":[{"embeddable":true,"href":"https:\/\/ffmm.mil.py\/fuerzaaerea\/wp-json\/wp\/v2\/comments?post=344"}],"version-history":[{"count":1,"href":"https:\/\/ffmm.mil.py\/fuerzaaerea\/wp-json\/wp\/v2\/pages\/344\/revisions"}],"predecessor-version":[{"id":347,"href":"https:\/\/ffmm.mil.py\/fuerzaaerea\/wp-json\/wp\/v2\/pages\/344\/revisions\/347"}],"wp:attachment":[{"href":"https:\/\/ffmm.mil.py\/fuerzaaerea\/wp-json\/wp\/v2\/media?parent=344"}],"curies":[{"name":"wp","href":"https:\/\/api.w.org\/{rel}","templated":true}]}}