{"id":65,"date":"2025-07-09T21:26:34","date_gmt":"2025-07-09T19:26:34","guid":{"rendered":"https:\/\/migracion.ffmm.mil.py\/cimefor\/?page_id=65"},"modified":"2025-07-10T13:50:29","modified_gmt":"2025-07-10T11:50:29","slug":"efsofaer","status":"publish","type":"page","link":"https:\/\/ffmm.mil.py\/fuerzaaerea\/efsofaer\/","title":{"rendered":"EFSOFAER"},"content":{"rendered":"\n<div class=\"wp-block-columns is-layout-flex wp-container-core-columns-is-layout-28f84493 wp-block-columns-is-layout-flex\">\n<div class=\"wp-block-column is-layout-flow wp-block-column-is-layout-flow\" style=\"flex-basis:33.33%\">\n<figure class=\"wp-block-image size-full\"><img decoding=\"async\" width=\"200\" height=\"227\" src=\"https:\/\/cimefor.mil.py\/cimefor\/wp-content\/uploads\/sites\/5\/2025\/07\/EFSOFAER.jpeg\" alt=\"\" class=\"wp-image-236\"\/><\/figure>\n<\/div>\n\n\n\n<div class=\"wp-block-column is-layout-flow wp-block-column-is-layout-flow\" style=\"flex-basis:66.66%\"><\/div>\n<\/div>\n\n\n\n<h4 class=\"wp-block-heading\">Misi\u00f3n<\/h4>\n\n\n\n<p>Suministrar Ense\u00f1anza Superior T\u00e9cnico \u2013 Profesional, incentivar los conocimientos generales relacionados al campo aeron\u00e1utico y adiestramiento militar a los Aspirantes, a fin de formar Sub Oficiales de la Fuerza A\u00e9rea Paraguaya.<\/p>\n\n\n\n<p><strong>Objetivos<\/strong><\/p>\n\n\n\n<p><strong>a)&nbsp;&nbsp;&nbsp;&nbsp; Generales<\/strong><br>Formar t\u00e9cnicos de nivel superior para ejercer funciones en los diferentes sectores de la Fuerza a\u00e9rea Paraguaya.<\/p>\n\n\n\n<p><strong>b)&nbsp;&nbsp;&nbsp;&nbsp; Espec\u00edficos<\/strong><\/p>\n\n\n\n<p>Formar Aspirantes para ocupar los cargos en el cuadro de Sub Oficiales Profesionales de Carrera en las diferentes Unidades de la Fuerza A\u00e9rea Paraguaya.<br>Formar T\u00e9cnicos Superiores en Mantenimiento de Aeronaves para desarrollar tareas de mantenimiento de tercer nivel.<br>Formar T\u00e9cnicos Superiores Especialistas en Administraci\u00f3n de Recursos Materiales, para ejercer funciones de control en los diferentes campos de la log\u00edstica.<br>Incentivar los conocimientos generales relacionados al campo human\u00edstico.<\/p>\n\n\n\n<h4 class=\"wp-block-heading\">Visi\u00f3n<\/h4>\n\n\n\n<p>Constituirse en el primer Instituto de formaci\u00f3n de t\u00e9cnicos de nivel superior, en el \u00e1mbito de la Pol\u00edtica Aeroespacial del Paraguay, fundamentado en principios y valores que le permitir\u00e1 desempe\u00f1arse con eficiencia, responsabilidad, idoneidad, esp\u00edritu de cooperaci\u00f3n e igualdad de oportunidades de g\u00e9nero con capacidad de satisfacer las necesidades de la Fuerza A\u00e9rea Paraguaya.<\/p>\n","protected":false},"excerpt":{"rendered":"<p>Misi\u00f3n Suministrar Ense\u00f1anza Superior T\u00e9cnico \u2013 Profesional, incentivar los conocimientos generales relacionados al campo aeron\u00e1utico y adiestramiento militar a los Aspirantes, a fin de formar Sub Oficiales de la Fuerza A\u00e9rea Paraguaya. Objetivos a)&nbsp;&nbsp;&nbsp;&nbsp; GeneralesFormar t\u00e9cnicos de nivel superior para ejercer funciones en los diferentes sectores de la Fuerza a\u00e9rea Paraguaya. b)&nbsp;&nbsp;&nbsp;&nbsp; Espec\u00edficos Formar Aspirantes [&hellip;]<\/p>\n","protected":false},"author":1,"featured_media":0,"parent":0,"menu_order":0,"comment_status":"closed","ping_status":"closed","template":"page-nosidebar.php","meta":{"footnotes":""},"class_list":["post-65","page","type-page","status-publish","hentry"],"_links":{"self":[{"href":"https:\/\/ffmm.mil.py\/fuerzaaerea\/wp-json\/wp\/v2\/pages\/65","targetHints":{"allow":["GET"]}}],"collection":[{"href":"https:\/\/ffmm.mil.py\/fuerzaaerea\/wp-json\/wp\/v2\/pages"}],"about":[{"href":"https:\/\/ffmm.mil.py\/fuerzaaerea\/wp-json\/wp\/v2\/types\/page"}],"author":[{"embeddable":true,"href":"https:\/\/ffmm.mil.py\/fuerzaaerea\/wp-json\/wp\/v2\/users\/1"}],"replies":[{"embeddable":true,"href":"https:\/\/ffmm.mil.py\/fuerzaaerea\/wp-json\/wp\/v2\/comments?post=65"}],"version-history":[{"count":4,"href":"https:\/\/ffmm.mil.py\/fuerzaaerea\/wp-json\/wp\/v2\/pages\/65\/revisions"}],"predecessor-version":[{"id":237,"href":"https:\/\/ffmm.mil.py\/fuerzaaerea\/wp-json\/wp\/v2\/pages\/65\/revisions\/237"}],"wp:attachment":[{"href":"https:\/\/ffmm.mil.py\/fuerzaaerea\/wp-json\/wp\/v2\/media?parent=65"}],"curies":[{"name":"wp","href":"https:\/\/api.w.org\/{rel}","templated":true}]}}