{"id":66,"date":"2025-07-09T21:26:34","date_gmt":"2025-07-09T19:26:34","guid":{"rendered":"https:\/\/migracion.ffmm.mil.py\/cimefor\/?page_id=66"},"modified":"2025-07-10T13:54:39","modified_gmt":"2025-07-10T11:54:39","slug":"cimefor","status":"publish","type":"page","link":"https:\/\/ffmm.mil.py\/fuerzaaerea\/cimefor\/","title":{"rendered":"CIMEFOR"},"content":{"rendered":"\n<div class=\"wp-block-columns is-layout-flex wp-container-core-columns-is-layout-28f84493 wp-block-columns-is-layout-flex\">\n<div class=\"wp-block-column is-layout-flow wp-block-column-is-layout-flow\" style=\"flex-basis:33.33%\">\n<figure class=\"wp-block-image size-full\"><img decoding=\"async\" width=\"200\" height=\"227\" src=\"https:\/\/cimefor.mil.py\/cimefor\/wp-content\/uploads\/sites\/5\/2025\/07\/EFSOFAER-1.jpeg\" alt=\"\" class=\"wp-image-238\"\/><\/figure>\n<\/div>\n\n\n\n<div class=\"wp-block-column is-layout-flow wp-block-column-is-layout-flow\" style=\"flex-basis:66.66%\"><\/div>\n<\/div>\n\n\n\n<h4 class=\"wp-block-heading\">Misi\u00f3n<\/h4>\n\n\n\n<p>El Centro de Instrucci\u00f3n Militar y Formaci\u00f3n de Oficiales de Reserva de la Fuerza A\u00e9rea Paraguaya tiene por misi\u00f3n \u201cFormar a ciudadanos para desempe\u00f1arse eficientemente, en caso de movilizaci\u00f3n Nacional, como Oficiales y Suboficiales de Reserva en las distintas organizaciones de la Fuerza A\u00e9rea Paraguaya\u201d.<\/p>\n\n\n\n<h4 class=\"wp-block-heading\">Visi\u00f3n<\/h4>\n\n\n\n<p>Constituirse en una organizaci\u00f3n l\u00edder de primer nivel, con recursos humanos reconocidos por su capacidad y eficiencia que garanticen al Pa\u00eds y a la Fuerza A\u00e9rea la formaci\u00f3n de ciudadanos con valores \u00e9ticos y morales elevados para desempe\u00f1arse como reservas dentro de la organizaci\u00f3n\u201d.<\/p>\n\n\n\n<p><\/p>\n","protected":false},"excerpt":{"rendered":"<p>Misi\u00f3n El Centro de Instrucci\u00f3n Militar y Formaci\u00f3n de Oficiales de Reserva de la Fuerza A\u00e9rea Paraguaya tiene por misi\u00f3n \u201cFormar a ciudadanos para desempe\u00f1arse eficientemente, en caso de movilizaci\u00f3n Nacional, como Oficiales y Suboficiales de Reserva en las distintas organizaciones de la Fuerza A\u00e9rea Paraguaya\u201d. Visi\u00f3n Constituirse en una organizaci\u00f3n l\u00edder de primer nivel, [&hellip;]<\/p>\n","protected":false},"author":1,"featured_media":0,"parent":0,"menu_order":0,"comment_status":"closed","ping_status":"closed","template":"page-nosidebar.php","meta":{"footnotes":""},"class_list":["post-66","page","type-page","status-publish","hentry"],"_links":{"self":[{"href":"https:\/\/ffmm.mil.py\/fuerzaaerea\/wp-json\/wp\/v2\/pages\/66","targetHints":{"allow":["GET"]}}],"collection":[{"href":"https:\/\/ffmm.mil.py\/fuerzaaerea\/wp-json\/wp\/v2\/pages"}],"about":[{"href":"https:\/\/ffmm.mil.py\/fuerzaaerea\/wp-json\/wp\/v2\/types\/page"}],"author":[{"embeddable":true,"href":"https:\/\/ffmm.mil.py\/fuerzaaerea\/wp-json\/wp\/v2\/users\/1"}],"replies":[{"embeddable":true,"href":"https:\/\/ffmm.mil.py\/fuerzaaerea\/wp-json\/wp\/v2\/comments?post=66"}],"version-history":[{"count":2,"href":"https:\/\/ffmm.mil.py\/fuerzaaerea\/wp-json\/wp\/v2\/pages\/66\/revisions"}],"predecessor-version":[{"id":240,"href":"https:\/\/ffmm.mil.py\/fuerzaaerea\/wp-json\/wp\/v2\/pages\/66\/revisions\/240"}],"wp:attachment":[{"href":"https:\/\/ffmm.mil.py\/fuerzaaerea\/wp-json\/wp\/v2\/media?parent=66"}],"curies":[{"name":"wp","href":"https:\/\/api.w.org\/{rel}","templated":true}]}}

<div class="wp-block-columns is-layout-flex wp-container-core-columns-is-layout-28f84493 wp-block-columns-is-layout-flex">
<div class="wp-block-column is-layout-flow wp-block-column-is-layout-flow" style="flex-basis:33.33%">
<figure class="wp-block-image size-full"><img decoding="async" width="200" height="227" src="https://cimefor.mil.py/cimefor/wp-content/uploads/sites/5/2025/07/EFSOFAER-1.jpeg" alt="" class="wp-image-238"/></figure>
</div>



<div class="wp-block-column is-layout-flow wp-block-column-is-layout-flow" style="flex-basis:66.66%"></div>
</div>



<h4 class="wp-block-heading">Misión</h4>



<p>El Centro de Instrucción Militar y Formación de Oficiales de Reserva de la Fuerza Aérea Paraguaya tiene por misión “Formar a ciudadanos para desempeñarse eficientemente, en caso de movilización Nacional, como Oficiales y Suboficiales de Reserva en las distintas organizaciones de la Fuerza Aérea Paraguaya”.</p>



<h4 class="wp-block-heading">Visión</h4>



<p>Constituirse en una organización líder de primer nivel, con recursos humanos reconocidos por su capacidad y eficiencia que garanticen al País y a la Fuerza Aérea la formación de ciudadanos con valores éticos y morales elevados para desempeñarse como reservas dentro de la organización”.</p>



<p></p>

<p>Misión El Centro de Instrucción Militar y Formación de Oficiales de Reserva de la Fuerza Aérea Paraguaya tiene por misión “Formar a ciudadanos para desempeñarse eficientemente, en caso de movilización Nacional, como Oficiales y Suboficiales de Reserva en las distintas organizaciones de la Fuerza Aérea Paraguaya”. Visión Constituirse en una organización líder de primer nivel, [&hellip;]</p>
