{"id":79,"date":"2025-07-09T21:26:34","date_gmt":"2025-07-09T19:26:34","guid":{"rendered":"https:\/\/migracion.ffmm.mil.py\/cimefor\/?page_id=79"},"modified":"2025-07-10T14:50:45","modified_gmt":"2025-07-10T12:50:45","slug":"informaciones","status":"publish","type":"page","link":"https:\/\/ffmm.mil.py\/fuerzaaerea\/informaciones\/","title":{"rendered":"INFORMACIONES"},"content":{"rendered":"\n<h3 class=\"wp-block-heading\">Informaciones<\/h3>\n\n\n\n<p><strong>Direcci\u00f3n<\/strong>:&nbsp;Ruta General Aquino Nro 1792<\/p>\n\n\n\n<p>Ciudad de Luque, \u00d1u Guaz\u00fa \u2013 Paraguay<\/p>\n\n\n\n<p><strong>Tel\u00e9fono<\/strong>:&nbsp;<a href=\"tel:+595212179000\">(+595 21)&nbsp;<\/a>&nbsp; 68 92 100 \/&nbsp;<a href=\"tel:+595212179000\">(+595 21)<\/a>&nbsp;&nbsp;672 850<\/p>\n\n\n\n<p><strong>Fax:<\/strong>&nbsp; (595) (21)&nbsp;670 914<\/p>\n\n\n\n<p><strong>Correo electr\u00f3nico<\/strong>:&nbsp;&nbsp;<a href=\"mailto:contactos@fuerzaaerea.mil.py\">contactos@fuerzaaerea.mil.py<\/a><\/p>\n\n\n\n<p><strong>Horario de Atenci\u00f3n:&nbsp;<\/strong>Lunes a Viernes de 7:00 a 12:00hs<\/p>\n\n\n\n<p>14:30 a 17:30hs<\/p>\n\n\n<form action=\"#\" method=\"post\" class=\"formulario-contacto\">\n  <label for=\"nombre\">Tu nombre:<\/label><br>\n  <input type=\"text\" id=\"nombre\" name=\"nombre\" required><br><br>\n\n  <label for=\"correo\">Tu correo electr\u00f3nico:<\/label><br>\n  <input type=\"email\" id=\"correo\" name=\"correo\" required><br><br>\n\n  <label for=\"asunto\">Asunto:<\/label><br>\n  <input type=\"text\" id=\"asunto\" name=\"asunto\" required><br><br>\n\n  <label for=\"mensaje\">Tu mensaje (opcional):<\/label><br>\n  <textarea id=\"mensaje\" name=\"mensaje\" rows=\"4\" cols=\"50\"><\/textarea><br><br>\n\n  <button type=\"submit\">Enviar<\/button>\n<\/form>","protected":false},"excerpt":{"rendered":"<p>Informaciones Direcci\u00f3n:&nbsp;Ruta General Aquino Nro 1792 Ciudad de Luque, \u00d1u Guaz\u00fa \u2013 Paraguay Tel\u00e9fono:&nbsp;(+595 21)&nbsp;&nbsp; 68 92 100 \/&nbsp;(+595 21)&nbsp;&nbsp;672 850 Fax:&nbsp; (595) (21)&nbsp;670 914 Correo electr\u00f3nico:&nbsp;&nbsp;contactos@fuerzaaerea.mil.py Horario de Atenci\u00f3n:&nbsp;Lunes a Viernes de 7:00 a 12:00hs 14:30 a 17:30hs Tu nombre: Tu correo electr\u00f3nico: Asunto: Tu mensaje (opcional): Enviar<\/p>\n","protected":false},"author":1,"featured_media":0,"parent":0,"menu_order":0,"comment_status":"open","ping_status":"closed","template":"page-nosidebar.php","meta":{"footnotes":""},"class_list":["post-79","page","type-page","status-publish","hentry"],"_links":{"self":[{"href":"https:\/\/ffmm.mil.py\/fuerzaaerea\/wp-json\/wp\/v2\/pages\/79","targetHints":{"allow":["GET"]}}],"collection":[{"href":"https:\/\/ffmm.mil.py\/fuerzaaerea\/wp-json\/wp\/v2\/pages"}],"about":[{"href":"https:\/\/ffmm.mil.py\/fuerzaaerea\/wp-json\/wp\/v2\/types\/page"}],"author":[{"embeddable":true,"href":"https:\/\/ffmm.mil.py\/fuerzaaerea\/wp-json\/wp\/v2\/users\/1"}],"replies":[{"embeddable":true,"href":"https:\/\/ffmm.mil.py\/fuerzaaerea\/wp-json\/wp\/v2\/comments?post=79"}],"version-history":[{"count":5,"href":"https:\/\/ffmm.mil.py\/fuerzaaerea\/wp-json\/wp\/v2\/pages\/79\/revisions"}],"predecessor-version":[{"id":286,"href":"https:\/\/ffmm.mil.py\/fuerzaaerea\/wp-json\/wp\/v2\/pages\/79\/revisions\/286"}],"wp:attachment":[{"href":"https:\/\/ffmm.mil.py\/fuerzaaerea\/wp-json\/wp\/v2\/media?parent=79"}],"curies":[{"name":"wp","href":"https:\/\/api.w.org\/{rel}","templated":true}]}}